{"id":10675,"date":"2018-07-18T13:56:59","date_gmt":"2018-07-18T16:56:59","guid":{"rendered":"https:\/\/direito.ufpr.br\/?page_id=10675"},"modified":"2026-04-01T16:01:33","modified_gmt":"2026-04-01T19:01:33","slug":"departamentos-2","status":"publish","type":"page","link":"https:\/\/direito.ufpr.br\/?page_id=10675","title":{"rendered":""},"content":{"rendered":"<p><img loading=\"lazy\" decoding=\"async\" class=\"alignnone wp-image-33414 size-full\" src=\"https:\/\/direito.ufpr.br\/wp-content\/uploads\/2021\/12\/Barra-superior-Departamento-1.jpg\" alt=\"\" width=\"1024\" height=\"200\" srcset=\"https:\/\/direito.ufpr.br\/wp-content\/uploads\/2021\/12\/Barra-superior-Departamento-1.jpg 1024w, https:\/\/direito.ufpr.br\/wp-content\/uploads\/2021\/12\/Barra-superior-Departamento-1-300x59.jpg 300w, https:\/\/direito.ufpr.br\/wp-content\/uploads\/2021\/12\/Barra-superior-Departamento-1-768x150.jpg 768w\" sizes=\"auto, (max-width: 1024px) 100vw, 1024px\" \/><\/p>\n<hr \/>\n<ul>\n<li><strong>Departamento Direito Civil e Processual Civil<\/strong><\/li>\n<\/ul>\n<p><strong>Chefe:<\/strong> Prof\u00aa Dr\u00aa Adriana Esp\u00edndola Correa<\/p>\n<p><strong>Suplente do Chefe<\/strong>: Prof. Dr. Eduardo Talamini<\/p>\n<ul>\n<li><strong>Departamento Direito Penal e Processual Penal<\/strong><\/li>\n<\/ul>\n<p><strong>Chefe:<\/strong> Prof\u00aa Dr\u00aa Tit. Clara Maria Roman Borges<\/p>\n<p><strong>Suplente da Chefe<\/strong>: Prof. Dr. Francisco de Assis do Rego Monteiro Rocha Junior<\/p>\n<ul>\n<li><strong>Departamento Direito Privado<\/strong><\/li>\n<\/ul>\n<p><strong>Chefe:<\/strong> Prof. Dr. Marco Aur\u00e9lio Serau J\u00fanior<\/p>\n<p><strong>Suplente do Chefe<\/strong>: Prof\u00aa Dr\u00aa Tit. Tatyana Scheila Friedrich<\/p>\n<ul>\n<li><strong>Departamento Direito P\u00fablico<\/strong><\/li>\n<\/ul>\n<p><strong>Chefe<\/strong>: Prof. Dr. Tit. Fabricio Ricardo de Limas Tomio<\/p>\n<p><strong>Suplente da Chefe<\/strong>: Prof\u00aa Dr\u00aa Estef\u00e2nia Maria de Queiroz Barboza<\/p>\n<ul>\n<li><strong>Departamento de Pr\u00e1tica Jur\u00eddica<\/strong><\/li>\n<\/ul>\n<p><strong>Chefe<\/strong>: Prof\u00aa Dr\u00aa Mar\u00edlia Pedroso Xavier<\/p>\n<p><strong>Suplente do Chefe<\/strong>: Prof. Dr. Leandro Franklin Gorsdorf<\/p>\n<ul>\n<li><strong>Servidores da Secretaria dos Departamentos:<\/strong><\/li>\n<\/ul>\n<p>Claudia Bittencourt Valle &#8211; Chefe da Se\u00e7\u00e3o de Apoio aos Departamentos e Cursos de Gradua\u00e7\u00e3o (Assistente em Administra\u00e7\u00e3o) &#8211; das 8h \u00e0s 13h e das 15h \u00e0s 18h<\/p>\n<p>Marcio do Nascimento Martins (Administrador) &#8211; das 14h \u00e0s 20h e das 21h \u00e0s 23h<\/p>\n<p>Mariane Zubek (Assistente em Administra\u00e7\u00e3o) &#8211; das 7h \u00e0s 13h<\/p>\n<p>Natanael Gomes da Silva (Cont\u00ednuo) &#8211; das 17h \u00e0s 23h<\/p>\n<p>Samuel dos Santos Prado (Assistente em Administra\u00e7\u00e3o) &#8211; das 13h \u00e0s 19h<\/p>\n<p>Endere\u00e7o: Pra\u00e7a Santos Andrade, n\u00ba 50,\u00a01\u00ba Andar, sala 106, Centro.<br \/>\nFones: 3310-2690 \u2013 3310-2720<br \/>\nE-mail:\u00a0<a href=\"mailto:juridica@ufpr.br\">departamentosjd@ufpr.br<\/a><\/p>\n<p><strong>Hor\u00e1rio de atendimento: <\/strong><span style=\"font-size: revert; color: initial;\">das 7h \u00e0s 23h.<\/span><\/p>\n<p class=\"western\">\n","protected":false},"excerpt":{"rendered":"<p>Departamento Direito Civil e Processual Civil Chefe: Prof\u00aa Dr\u00aa Adriana Esp\u00edndola Correa Suplente do Chefe: Prof. Dr. Eduardo Talamini Departamento Direito Penal e Processual Penal Chefe: Prof\u00aa Dr\u00aa Tit. Clara Maria Roman Borges Suplente da Chefe: Prof. Dr. Francisco de Assis do Rego Monteiro Rocha Junior Departamento Direito Privado Chefe: Prof. Dr. Marco Aur\u00e9lio Serau [&hellip;]<\/p>\n","protected":false},"author":54,"featured_media":0,"parent":0,"menu_order":0,"comment_status":"closed","ping_status":"closed","template":"departamento.php","meta":{"_acf_changed":false,"_eb_attr":"","footnotes":""},"class_list":["post-10675","page","type-page","status-publish","hentry"],"acf":[],"_links":{"self":[{"href":"https:\/\/direito.ufpr.br\/index.php?rest_route=\/wp\/v2\/pages\/10675","targetHints":{"allow":["GET"]}}],"collection":[{"href":"https:\/\/direito.ufpr.br\/index.php?rest_route=\/wp\/v2\/pages"}],"about":[{"href":"https:\/\/direito.ufpr.br\/index.php?rest_route=\/wp\/v2\/types\/page"}],"author":[{"embeddable":true,"href":"https:\/\/direito.ufpr.br\/index.php?rest_route=\/wp\/v2\/users\/54"}],"replies":[{"embeddable":true,"href":"https:\/\/direito.ufpr.br\/index.php?rest_route=%2Fwp%2Fv2%2Fcomments&post=10675"}],"version-history":[{"count":57,"href":"https:\/\/direito.ufpr.br\/index.php?rest_route=\/wp\/v2\/pages\/10675\/revisions"}],"predecessor-version":[{"id":55288,"href":"https:\/\/direito.ufpr.br\/index.php?rest_route=\/wp\/v2\/pages\/10675\/revisions\/55288"}],"wp:attachment":[{"href":"https:\/\/direito.ufpr.br\/index.php?rest_route=%2Fwp%2Fv2%2Fmedia&parent=10675"}],"curies":[{"name":"wp","href":"https:\/\/api.w.org\/{rel}","templated":true}]}}

<p><img loading="lazy" decoding="async" class="alignnone wp-image-33414 size-full" src="https://direito.ufpr.br/wp-content/uploads/2021/12/Barra-superior-Departamento-1.jpg" alt="" width="1024" height="200" srcset="https://direito.ufpr.br/wp-content/uploads/2021/12/Barra-superior-Departamento-1.jpg 1024w, https://direito.ufpr.br/wp-content/uploads/2021/12/Barra-superior-Departamento-1-300x59.jpg 300w, https://direito.ufpr.br/wp-content/uploads/2021/12/Barra-superior-Departamento-1-768x150.jpg 768w" sizes="auto, (max-width: 1024px) 100vw, 1024px" /></p>
<hr />
<ul>
<li><strong>Departamento Direito Civil e Processual Civil</strong></li>
</ul>
<p><strong>Chefe:</strong> Profª Drª Adriana Espíndola Correa</p>
<p><strong>Suplente do Chefe</strong>: Prof. Dr. Eduardo Talamini</p>
<ul>
<li><strong>Departamento Direito Penal e Processual Penal</strong></li>
</ul>
<p><strong>Chefe:</strong> Profª Drª Tit. Clara Maria Roman Borges</p>
<p><strong>Suplente da Chefe</strong>: Prof. Dr. Francisco de Assis do Rego Monteiro Rocha Junior</p>
<ul>
<li><strong>Departamento Direito Privado</strong></li>
</ul>
<p><strong>Chefe:</strong> Prof. Dr. Marco Aurélio Serau Júnior</p>
<p><strong>Suplente do Chefe</strong>: Profª Drª Tit. Tatyana Scheila Friedrich</p>
<ul>
<li><strong>Departamento Direito Público</strong></li>
</ul>
<p><strong>Chefe</strong>: Prof. Dr. Tit. Fabricio Ricardo de Limas Tomio</p>
<p><strong>Suplente da Chefe</strong>: Profª Drª Estefânia Maria de Queiroz Barboza</p>
<ul>
<li><strong>Departamento de Prática Jurídica</strong></li>
</ul>
<p><strong>Chefe</strong>: Profª Drª Marília Pedroso Xavier</p>
<p><strong>Suplente do Chefe</strong>: Prof. Dr. Leandro Franklin Gorsdorf</p>
<ul>
<li><strong>Servidores da Secretaria dos Departamentos:</strong></li>
</ul>
<p>Claudia Bittencourt Valle &#8211; Chefe da Seção de Apoio aos Departamentos e Cursos de Graduação (Assistente em Administração) &#8211; das 8h às 13h e das 15h às 18h</p>
<p>Marcio do Nascimento Martins (Administrador) &#8211; das 14h às 20h e das 21h às 23h</p>
<p>Mariane Zubek (Assistente em Administração) &#8211; das 7h às 13h</p>
<p>Natanael Gomes da Silva (Contínuo) &#8211; das 17h às 23h</p>
<p>Samuel dos Santos Prado (Assistente em Administração) &#8211; das 13h às 19h</p>
<p>Endereço: Praça Santos Andrade, nº 50, 1º Andar, sala 106, Centro.<br />
Fones: 3310-2690 – 3310-2720<br />
E-mail: <a href="mailto:juridica@ufpr.br">departamentosjd@ufpr.br</a></p>
<p><strong>Horário de atendimento: </strong><span style="font-size: revert; color: initial;">das 7h às 23h.</span></p>
<p class="western">

<p>Departamento Direito Civil e Processual Civil Chefe: Profª Drª Adriana Espíndola Correa Suplente do Chefe: Prof. Dr. Eduardo Talamini Departamento Direito Penal e Processual Penal Chefe: Profª Drª Tit. Clara Maria Roman Borges Suplente da Chefe: Prof. Dr. Francisco de Assis do Rego Monteiro Rocha Junior Departamento Direito Privado Chefe: Prof. Dr. Marco Aurélio Serau [&hellip;]</p>
