{"id":10913,"date":"2018-07-18T14:41:00","date_gmt":"2018-07-18T17:41:00","guid":{"rendered":"https:\/\/direito.ufpr.br\/?page_id=10913"},"modified":"2026-01-15T16:42:06","modified_gmt":"2026-01-15T19:42:06","slug":"calendario-academico","status":"publish","type":"page","link":"https:\/\/direito.ufpr.br\/?page_id=10913","title":{"rendered":""},"content":{"rendered":"<p><img loading=\"lazy\" decoding=\"async\" class=\"alignnone wp-image-33141 size-full\" src=\"https:\/\/direito.ufpr.br\/wp-content\/uploads\/2021\/12\/Barra_sup_Agenda-1.jpg\" alt=\"\" width=\"1024\" height=\"200\" data-wp-editing=\"1\" srcset=\"https:\/\/direito.ufpr.br\/wp-content\/uploads\/2021\/12\/Barra_sup_Agenda-1.jpg 1024w, https:\/\/direito.ufpr.br\/wp-content\/uploads\/2021\/12\/Barra_sup_Agenda-1-300x59.jpg 300w, https:\/\/direito.ufpr.br\/wp-content\/uploads\/2021\/12\/Barra_sup_Agenda-1-768x150.jpg 768w\" sizes=\"auto, (max-width: 1024px) 100vw, 1024px\" \/><\/p>\n<hr \/>\n<ul>\n<li><a href=\"http:\/\/www.soc.ufpr.br\/portal\/wp-content\/uploads\/2019\/11\/cepe-24.19.pdf\">Calend\u00e1rio Acad\u00eamico 2020<\/a><\/li>\n<\/ul>\n<ul>\n<li><a href=\"http:\/\/www.prograd.ufpr.br\/portal\/wp-content\/uploads\/2022\/02\/SEI_UFPR-4248806-PROGRAD_-Instrucao-Normativa-02.pdf\">Calend\u00e1rio acad\u00eamico 2021<\/a><\/li>\n<\/ul>\n<ul>\n<li><a href=\"https:\/\/direito.ufpr.br\/wp-content\/uploads\/2022\/05\/calendario-academico-2022.pdf\">Calend\u00e1rio acad\u00eamico 2022<\/a> <em>(atualizado em 20\/05\/2022)<\/em><\/li>\n<\/ul>\n<p><a href=\"http:\/\/www.prograd.ufpr.br\/portal\/wp-content\/uploads\/2022\/07\/RESOLUC%CC%A7A%CC%83O-No-40-22-CEPE.pdf\">RESOLU\u00c7\u00c3O N\u00ba 40\/22-CEPE<\/a> Altera a Resolu\u00e7\u00e3o n\u00ba 31\/22-CEPE que estabelece o calend\u00e1rio acad\u00eamico dos cursos de gradua\u00e7\u00e3o e educa\u00e7\u00e3o profissional e tecnol\u00f3gica da Universidade Federal do Paran\u00e1 para o ano letivo de 2022 (cursos de 15 semanas no semestre). <em>(atualizado em 26\/07\/2022)<\/em><\/p>\n<ul>\n<li>\n<p><a href=\"https:\/\/direito.ufpr.br\/wp-content\/uploads\/2023\/01\/6222-15-Semanas.pdf\">Calend\u00e1rio acad\u00eamico 2023<\/a> <em>(atualizado em 16\/01\/2023)<\/em><\/p>\n<\/li>\n<li>\n<p><a href=\"https:\/\/direito.ufpr.br\/wp-content\/uploads\/2024\/08\/RESOLUCAO-No-11-24-CEPE.pdf\">Calend\u00e1rio acad\u00eamico 2024<\/a> <em>(atualizado em 06\/08\/2024)<\/em><\/p>\n<\/li>\n<li>\n<p><a href=\"https:\/\/direito.ufpr.br\/wp-content\/uploads\/2025\/01\/RESOLUCAO-No-19-24-CEPE-1.pdf\">Calend\u00e1rio acad\u00eamico 2025<\/a> <em>(atualizado em 28\/01\/2025)<\/em><\/p>\n<\/li>\n<li>\n<p><a href=\"https:\/\/direito.ufpr.br\/wp-content\/uploads\/2026\/01\/Res.-no-22-25-CEPE-.pdf\">Calend\u00e1rio acad\u00eamico 2026<\/a>\u00a0<em>(atualizado em 15\/01\/2026)<\/em><\/p>\n<\/li>\n<\/ul>\n\n\n<div class=\"wp-block-group\"><div class=\"wp-block-group__inner-container is-layout-constrained wp-block-group-is-layout-constrained\"><\/div><\/div>\n\n\n\n<p><\/p>\n","protected":false},"excerpt":{"rendered":"<p>Calend\u00e1rio Acad\u00eamico 2020 Calend\u00e1rio acad\u00eamico 2021 Calend\u00e1rio acad\u00eamico 2022 (atualizado em 20\/05\/2022) RESOLU\u00c7\u00c3O N\u00ba 40\/22-CEPE Altera a Resolu\u00e7\u00e3o n\u00ba 31\/22-CEPE que estabelece o calend\u00e1rio acad\u00eamico dos cursos de gradua\u00e7\u00e3o e educa\u00e7\u00e3o profissional e tecnol\u00f3gica da Universidade Federal do Paran\u00e1 para o ano letivo de 2022 (cursos de 15 semanas no semestre). (atualizado em 26\/07\/2022) Calend\u00e1rio [&hellip;]<\/p>\n","protected":false},"author":54,"featured_media":0,"parent":0,"menu_order":0,"comment_status":"closed","ping_status":"closed","template":"","meta":{"_acf_changed":false,"_eb_attr":"","footnotes":""},"class_list":["post-10913","page","type-page","status-publish","hentry"],"acf":[],"_links":{"self":[{"href":"https:\/\/direito.ufpr.br\/index.php?rest_route=\/wp\/v2\/pages\/10913","targetHints":{"allow":["GET"]}}],"collection":[{"href":"https:\/\/direito.ufpr.br\/index.php?rest_route=\/wp\/v2\/pages"}],"about":[{"href":"https:\/\/direito.ufpr.br\/index.php?rest_route=\/wp\/v2\/types\/page"}],"author":[{"embeddable":true,"href":"https:\/\/direito.ufpr.br\/index.php?rest_route=\/wp\/v2\/users\/54"}],"replies":[{"embeddable":true,"href":"https:\/\/direito.ufpr.br\/index.php?rest_route=%2Fwp%2Fv2%2Fcomments&post=10913"}],"version-history":[{"count":25,"href":"https:\/\/direito.ufpr.br\/index.php?rest_route=\/wp\/v2\/pages\/10913\/revisions"}],"predecessor-version":[{"id":54339,"href":"https:\/\/direito.ufpr.br\/index.php?rest_route=\/wp\/v2\/pages\/10913\/revisions\/54339"}],"wp:attachment":[{"href":"https:\/\/direito.ufpr.br\/index.php?rest_route=%2Fwp%2Fv2%2Fmedia&parent=10913"}],"curies":[{"name":"wp","href":"https:\/\/api.w.org\/{rel}","templated":true}]}}