{"id":1407,"date":"2013-11-21T13:33:39","date_gmt":"2013-11-21T13:33:39","guid":{"rendered":"https:\/\/direito.ufpr.br\/graduacao\/?page_id=1407"},"modified":"2024-08-05T19:45:24","modified_gmt":"2024-08-05T22:45:24","slug":"orientacao-juridica-a-comunidade","status":"publish","type":"page","link":"https:\/\/direito.ufpr.br\/?page_id=1407","title":{"rendered":""},"content":{"rendered":"<p><img loading=\"lazy\" decoding=\"async\" class=\"alignnone wp-image-33813 size-full\" src=\"https:\/\/direito.ufpr.br\/wp-content\/uploads\/2021\/12\/Barra-superior_orient_NPJ-1.jpg\" alt=\"\" width=\"1024\" height=\"200\" srcset=\"https:\/\/direito.ufpr.br\/wp-content\/uploads\/2021\/12\/Barra-superior_orient_NPJ-1.jpg 1024w, https:\/\/direito.ufpr.br\/wp-content\/uploads\/2021\/12\/Barra-superior_orient_NPJ-1-300x59.jpg 300w, https:\/\/direito.ufpr.br\/wp-content\/uploads\/2021\/12\/Barra-superior_orient_NPJ-1-768x150.jpg 768w\" sizes=\"auto, (max-width: 1024px) 100vw, 1024px\" \/><\/p>\n<hr \/>\n<p>O NPJ presta assessoria jur\u00eddica e assist\u00eancia judici\u00e1ria \u00e0 popula\u00e7\u00e3o, sem qualquer tipo de \u00f4nus. No entanto, garante o acompanhamento e o ajuizamento somente de a\u00e7\u00f5es que versem sobre direitos coletivos e difusos de relev\u00e2ncia social ou a\u00e7\u00f5es individuais de car\u00e1ter paradigm\u00e1tico.<\/p>\n<p>Agendamento:<\/p>\n<p>Segunda a sexta das 08h \u00e0s 12h e das 14h \u00e0s 18h atrav\u00e9s do telefone 41-3310-2623<\/p>\n<p>Endere\u00e7o:<\/p>\n<p>Pra\u00e7a Santos Andrade, n\u00ba 50, t\u00e9rreo, Centro &#8211; Pr\u00e9dio Hist\u00f3rico da UFPR<\/p>\n","protected":false},"excerpt":{"rendered":"<p>O NPJ presta assessoria jur\u00eddica e assist\u00eancia judici\u00e1ria \u00e0 popula\u00e7\u00e3o, sem qualquer tipo de \u00f4nus. No entanto, garante o acompanhamento e o ajuizamento somente de a\u00e7\u00f5es que versem sobre direitos coletivos e difusos de relev\u00e2ncia social ou a\u00e7\u00f5es individuais de car\u00e1ter paradigm\u00e1tico. Agendamento: Segunda a sexta das 08h \u00e0s 12h e das 14h \u00e0s 18h [&hellip;]<\/p>\n","protected":false},"author":54,"featured_media":0,"parent":429,"menu_order":0,"comment_status":"open","ping_status":"closed","template":"npj.php","meta":{"_acf_changed":false,"_eb_attr":"","footnotes":""},"class_list":["post-1407","page","type-page","status-publish","hentry"],"acf":[],"_links":{"self":[{"href":"https:\/\/direito.ufpr.br\/index.php?rest_route=\/wp\/v2\/pages\/1407","targetHints":{"allow":["GET"]}}],"collection":[{"href":"https:\/\/direito.ufpr.br\/index.php?rest_route=\/wp\/v2\/pages"}],"about":[{"href":"https:\/\/direito.ufpr.br\/index.php?rest_route=\/wp\/v2\/types\/page"}],"author":[{"embeddable":true,"href":"https:\/\/direito.ufpr.br\/index.php?rest_route=\/wp\/v2\/users\/54"}],"replies":[{"embeddable":true,"href":"https:\/\/direito.ufpr.br\/index.php?rest_route=%2Fwp%2Fv2%2Fcomments&post=1407"}],"version-history":[{"count":4,"href":"https:\/\/direito.ufpr.br\/index.php?rest_route=\/wp\/v2\/pages\/1407\/revisions"}],"predecessor-version":[{"id":33816,"href":"https:\/\/direito.ufpr.br\/index.php?rest_route=\/wp\/v2\/pages\/1407\/revisions\/33816"}],"up":[{"embeddable":true,"href":"https:\/\/direito.ufpr.br\/index.php?rest_route=\/wp\/v2\/pages\/429"}],"wp:attachment":[{"href":"https:\/\/direito.ufpr.br\/index.php?rest_route=%2Fwp%2Fv2%2Fmedia&parent=1407"}],"curies":[{"name":"wp","href":"https:\/\/api.w.org\/{rel}","templated":true}]}}

<p><img loading="lazy" decoding="async" class="alignnone wp-image-33813 size-full" src="https://direito.ufpr.br/wp-content/uploads/2021/12/Barra-superior_orient_NPJ-1.jpg" alt="" width="1024" height="200" srcset="https://direito.ufpr.br/wp-content/uploads/2021/12/Barra-superior_orient_NPJ-1.jpg 1024w, https://direito.ufpr.br/wp-content/uploads/2021/12/Barra-superior_orient_NPJ-1-300x59.jpg 300w, https://direito.ufpr.br/wp-content/uploads/2021/12/Barra-superior_orient_NPJ-1-768x150.jpg 768w" sizes="auto, (max-width: 1024px) 100vw, 1024px" /></p>
<hr />
<p>O NPJ presta assessoria jurídica e assistência judiciária à população, sem qualquer tipo de ônus. No entanto, garante o acompanhamento e o ajuizamento somente de ações que versem sobre direitos coletivos e difusos de relevância social ou ações individuais de caráter paradigmático.</p>
<p>Agendamento:</p>
<p>Segunda a sexta das 08h às 12h e das 14h às 18h através do telefone 41-3310-2623</p>
<p>Endereço:</p>
<p>Praça Santos Andrade, nº 50, térreo, Centro &#8211; Prédio Histórico da UFPR</p>

<p>O NPJ presta assessoria jurídica e assistência judiciária à população, sem qualquer tipo de ônus. No entanto, garante o acompanhamento e o ajuizamento somente de ações que versem sobre direitos coletivos e difusos de relevância social ou ações individuais de caráter paradigmático. Agendamento: Segunda a sexta das 08h às 12h e das 14h às 18h [&hellip;]</p>
