{"id":17048,"date":"2019-08-15T17:00:07","date_gmt":"2019-08-15T20:00:07","guid":{"rendered":"https:\/\/direito.ufpr.br\/?page_id=17048"},"modified":"2025-03-12T11:31:50","modified_gmt":"2025-03-12T14:31:50","slug":"comite","status":"publish","type":"page","link":"https:\/\/direito.ufpr.br\/?page_id=17048","title":{"rendered":""},"content":{"rendered":"<p><img loading=\"lazy\" decoding=\"async\" class=\"alignnone wp-image-34596 size-full\" src=\"https:\/\/direito.ufpr.br\/wp-content\/uploads\/2022\/01\/Barra-superior_comites.jpg\" alt=\"\" width=\"1024\" height=\"200\" srcset=\"https:\/\/direito.ufpr.br\/wp-content\/uploads\/2022\/01\/Barra-superior_comites.jpg 1024w, https:\/\/direito.ufpr.br\/wp-content\/uploads\/2022\/01\/Barra-superior_comites-300x59.jpg 300w, https:\/\/direito.ufpr.br\/wp-content\/uploads\/2022\/01\/Barra-superior_comites-768x150.jpg 768w\" sizes=\"auto, (max-width: 1024px) 100vw, 1024px\" \/><\/p>\n<h3 style=\"text-align: center\">&nbsp;<\/h3>\n\n\n<p class=\"has-text-align-center has-black-color has-text-color has-medium-font-size\"><strong>COMIT\u00ca SETORIAL DE PESQUISA &#8211; CSPq\/JD\/UFPR<\/strong><\/p>\n\n\n\n<figure class=\"wp-block-table\"><table><tbody><tr><td class=\"has-text-align-center\" data-align=\"center\"><strong>MEMBRO<\/strong><\/td><td class=\"has-text-align-center\" data-align=\"center\"><strong>V\u00cdNCULO<\/strong><\/td><td class=\"has-text-align-center\" data-align=\"center\"><strong>DEPARTAMENTO<\/strong><\/td><td class=\"has-text-align-center\" data-align=\"center\"><strong>CARGO<\/strong><\/td><td class=\"has-text-align-center\" data-align=\"center\"><strong>CATEGORIA<\/strong><\/td><td class=\"has-text-align-center\" data-align=\"center\"><strong>PORTARIA<\/strong><\/td><\/tr><tr><td class=\"has-text-align-center\" data-align=\"center\">Jair Bezerra dos Anjos Silva<\/td><td class=\"has-text-align-center\" data-align=\"center\">TAE<\/td><td class=\"has-text-align-center\" data-align=\"center\">Dire\u00e7\u00e3o do Setor<\/td><td class=\"has-text-align-center\" data-align=\"center\">Membro\/Secret\u00e1rio<\/td><td class=\"has-text-align-center\" data-align=\"center\">Titular<\/td><td class=\"has-text-align-center\" data-align=\"center\">14\/2023<\/td><\/tr><tr><td class=\"has-text-align-center\" data-align=\"center\">Prof. Dr. Paulo Roberto Ribeiro Nalin<\/td><td class=\"has-text-align-center\" data-align=\"center\">DOCENTE<\/td><td class=\"has-text-align-center\" data-align=\"center\">Direito Civil e Processo Civil<\/td><td class=\"has-text-align-center\" data-align=\"center\">Membro<\/td><td class=\"has-text-align-center\" data-align=\"center\">Titular<\/td><td class=\"has-text-align-center\" data-align=\"center\">36\/2023<\/td><\/tr><tr><td class=\"has-text-align-center\" data-align=\"center\">Prof.\u00aa Dr.\u00aa Rosalice Fidalgo Pinheiro<\/td><td class=\"has-text-align-center\" data-align=\"center\">DOCENTE<\/td><td class=\"has-text-align-center\" data-align=\"center\">Direito Civil e Processo Civil<\/td><td class=\"has-text-align-center\" data-align=\"center\">Membro<\/td><td class=\"has-text-align-center\" data-align=\"center\">Suplente<\/td><td class=\"has-text-align-center\" data-align=\"center\">36\/2023<\/td><\/tr><tr><td class=\"has-text-align-center\" data-align=\"center\">Prof. Francisco de Assis do Rego Monteiro Rocha Junior<\/td><td class=\"has-text-align-center\" data-align=\"center\">DOCENTE<\/td><td class=\"has-text-align-center\" data-align=\"center\">Direito penal e Processo penal<\/td><td class=\"has-text-align-center\" data-align=\"center\">Membro<\/td><td class=\"has-text-align-center\" data-align=\"center\">Titular<\/td><td class=\"has-text-align-center\" data-align=\"center\">15\/2023<\/td><\/tr><tr><td class=\"has-text-align-center\" data-align=\"center\">Prof. Dr. Paulo C\u00e9sar Busato<\/td><td class=\"has-text-align-center\" data-align=\"center\">DOCENTE<\/td><td class=\"has-text-align-center\" data-align=\"center\">Direito penal e Processo penal<\/td><td class=\"has-text-align-center\" data-align=\"center\">Membro<\/td><td class=\"has-text-align-center\" data-align=\"center\">Suplente<\/td><td class=\"has-text-align-center\" data-align=\"center\">23\/2022<\/td><\/tr><tr><td class=\"has-text-align-center\" data-align=\"center\">Prof. Dr. Noa Piat\u00e3 Bassfeld Gnata<\/td><td class=\"has-text-align-center\" data-align=\"center\">DOCENTE<\/td><td class=\"has-text-align-center\" data-align=\"center\">Direito Privado<\/td><td class=\"has-text-align-center\" data-align=\"center\">Membro<\/td><td class=\"has-text-align-center\" data-align=\"center\">Titular<\/td><td class=\"has-text-align-center\" data-align=\"center\">23\/2022<\/td><\/tr><tr><td class=\"has-text-align-center\" data-align=\"center\">Prof. Dr. Marcos Wachowicz<\/td><td class=\"has-text-align-center\" data-align=\"center\">DOCENTE<\/td><td class=\"has-text-align-center\" data-align=\"center\">Direito Privado<\/td><td class=\"has-text-align-center\" data-align=\"center\">Membro<\/td><td class=\"has-text-align-center\" data-align=\"center\">Suplente<\/td><td class=\"has-text-align-center\" data-align=\"center\">23\/2022<\/td><\/tr><tr><td class=\"has-text-align-center\" data-align=\"center\">Prof.\u00aa Dr.\u00aa Larissa Liz Odreski Ramina<\/td><td class=\"has-text-align-center\" data-align=\"center\">DOCENTE<\/td><td class=\"has-text-align-center\" data-align=\"center\">Direito P\u00fablico<\/td><td class=\"has-text-align-center\" data-align=\"center\">Presidente<\/td><td class=\"has-text-align-center\" data-align=\"center\">Titular<\/td><td class=\"has-text-align-center\" data-align=\"center\">36\/2023<\/td><\/tr><tr><td class=\"has-text-align-center\" data-align=\"center\">Prof. Dr. Miguel Gualano de Godoy<\/td><td class=\"has-text-align-center\" data-align=\"center\">DOCENTE<\/td><td class=\"has-text-align-center\" data-align=\"center\">Direito P\u00fablico<\/td><td class=\"has-text-align-center\" data-align=\"center\">Membro<\/td><td class=\"has-text-align-center\" data-align=\"center\">Suplente<\/td><td class=\"has-text-align-center\" data-align=\"center\">23\/2022<\/td><\/tr><tr><td class=\"has-text-align-center\" data-align=\"center\">Prof. Dr. Marcelo Miguel Conrado<\/td><td class=\"has-text-align-center\" data-align=\"center\">DOCENTE<\/td><td class=\"has-text-align-center\" data-align=\"center\">N\u00facleo de Pr\u00e1tica Jur\u00eddica<\/td><td class=\"has-text-align-center\" data-align=\"center\">Vice-Presidente<\/td><td class=\"has-text-align-center\" data-align=\"center\">Titular<\/td><td class=\"has-text-align-center\" data-align=\"center\">36\/2023<\/td><\/tr><tr><td class=\"has-text-align-center\" data-align=\"center\">Prof.\u00aa Dr.\u00aa Mar\u00edlia Pedroso Xavier<\/td><td class=\"has-text-align-center\" data-align=\"center\">DOCENTE<\/td><td class=\"has-text-align-center\" data-align=\"center\">N\u00facleo de Pr\u00e1tica Jur\u00eddica<\/td><td class=\"has-text-align-center\" data-align=\"center\">Membro<\/td><td class=\"has-text-align-center\" data-align=\"center\">Suplente<\/td><td class=\"has-text-align-center\" data-align=\"center\">36\/2023<\/td><\/tr><\/tbody><\/table><\/figure>\n\n\n\n<p class=\"has-text-align-center has-black-color has-text-color has-normal-font-size\"><strong>REPRESENTANTES DO COMIT\u00ca ASSESSOR DE PESQUISA &#8211; CAPs\/PRPPG\/UFPR<\/strong><\/p>\n\n\n\n<figure class=\"wp-block-table is-style-regular\"><table><tbody><tr><td class=\"has-text-align-center\" data-align=\"center\"><strong>INTEGRANTE<\/strong><\/td><td class=\"has-text-align-center\" data-align=\"center\"><strong>DEPARTAMENTO<\/strong><\/td><td class=\"has-text-align-center\" data-align=\"center\"><strong>CARGO<\/strong><\/td><td class=\"has-text-align-center\" data-align=\"center\"><strong>CATEGORIA<\/strong><\/td><td class=\"has-text-align-center\" data-align=\"center\"><strong>PORTARIA<\/strong><\/td><\/tr><tr><td class=\"has-text-align-center\" data-align=\"center\">Prof. Dr. Marcelo Miguel Conrado<\/td><td class=\"has-text-align-center\" data-align=\"center\">Pr\u00e1tica Jur\u00eddica<\/td><td class=\"has-text-align-center\" data-align=\"center\">Membro<\/td><td class=\"has-text-align-center\" data-align=\"center\">Titular<\/td><td class=\"has-text-align-center\" data-align=\"center\">22\/2023<\/td><\/tr><tr><td class=\"has-text-align-center\" data-align=\"center\">Prof.\u00aa Dr.\u00aa Larissa Liz Odreski Ramina<\/td><td class=\"has-text-align-center\" data-align=\"center\">Direito Penal e Processo Penal<\/td><td class=\"has-text-align-center\" data-align=\"center\">Membro<\/td><td class=\"has-text-align-center\" data-align=\"center\">Suplente<\/td><td class=\"has-text-align-center\" data-align=\"center\">22\/2023<\/td><\/tr><\/tbody><\/table><\/figure>\n\n\n\n<p class=\"has-text-align-center has-black-color has-text-color has-normal-font-size\"><strong>REPRESENTANTES DO<\/strong> <strong>COMIT\u00ca ASSESSOR DE INICIA\u00c7\u00c3O CIENT\u00cdFICA E TECNOL\u00d3GICA &#8211; CAIC\/PRPPG\/UFPR<\/strong><\/p>\n\n\n\n<figure class=\"wp-block-table is-style-regular\"><table><tbody><tr><td class=\"has-text-align-center\" data-align=\"center\"><strong>INTEGRANTE<\/strong><\/td><td class=\"has-text-align-center\" data-align=\"center\"><strong>DEPARTAMENTO<\/strong><\/td><td class=\"has-text-align-center\" data-align=\"center\"><strong>CARGO<\/strong><\/td><td class=\"has-text-align-center\" data-align=\"center\"><strong>CATEGORIA<\/strong><\/td><td class=\"has-text-align-center\" data-align=\"center\"><strong>PORTARIA<\/strong><\/td><\/tr><tr><td class=\"has-text-align-center\" data-align=\"center\">Prof. Dr. Thiago Freitas Hansen<\/td><td class=\"has-text-align-center\" data-align=\"center\">Direito Privado<\/td><td class=\"has-text-align-center\" data-align=\"center\">Membro<\/td><td class=\"has-text-align-center\" data-align=\"center\">Titular<\/td><td class=\"has-text-align-center\" data-align=\"center\">21\/2023<\/td><\/tr><tr><td class=\"has-text-align-center\" data-align=\"center\">Prof. Dr. Marco Aur\u00e9lio Serau Junior<\/td><td class=\"has-text-align-center\" data-align=\"center\">Direito Privado<\/td><td class=\"has-text-align-center\" data-align=\"center\">Membro<\/td><td class=\"has-text-align-center\" data-align=\"center\">Suplente<\/td><td class=\"has-text-align-center\" data-align=\"center\">21\/2023<\/td><\/tr><\/tbody><\/table><\/figure>\n","protected":false},"excerpt":{"rendered":"<p>&nbsp; COMIT\u00ca SETORIAL DE PESQUISA &#8211; CSPq\/JD\/UFPR MEMBRO V\u00cdNCULO DEPARTAMENTO CARGO CATEGORIA PORTARIA Jair Bezerra dos Anjos Silva TAE Dire\u00e7\u00e3o do Setor Membro\/Secret\u00e1rio Titular 14\/2023 Prof. Dr. Paulo Roberto Ribeiro Nalin DOCENTE Direito Civil e Processo Civil Membro Titular 36\/2023 Prof.\u00aa Dr.\u00aa Rosalice Fidalgo Pinheiro DOCENTE Direito Civil e Processo Civil Membro Suplente 36\/2023 Prof. [&hellip;]<\/p>\n","protected":false},"author":54,"featured_media":0,"parent":0,"menu_order":0,"comment_status":"closed","ping_status":"closed","template":"pesquisa.php","meta":{"_acf_changed":false,"_eb_attr":"","footnotes":""},"class_list":["post-17048","page","type-page","status-publish","hentry"],"acf":[],"_links":{"self":[{"href":"https:\/\/direito.ufpr.br\/index.php?rest_route=\/wp\/v2\/pages\/17048","targetHints":{"allow":["GET"]}}],"collection":[{"href":"https:\/\/direito.ufpr.br\/index.php?rest_route=\/wp\/v2\/pages"}],"about":[{"href":"https:\/\/direito.ufpr.br\/index.php?rest_route=\/wp\/v2\/types\/page"}],"author":[{"embeddable":true,"href":"https:\/\/direito.ufpr.br\/index.php?rest_route=\/wp\/v2\/users\/54"}],"replies":[{"embeddable":true,"href":"https:\/\/direito.ufpr.br\/index.php?rest_route=%2Fwp%2Fv2%2Fcomments&post=17048"}],"version-history":[{"count":39,"href":"https:\/\/direito.ufpr.br\/index.php?rest_route=\/wp\/v2\/pages\/17048\/revisions"}],"predecessor-version":[{"id":51456,"href":"https:\/\/direito.ufpr.br\/index.php?rest_route=\/wp\/v2\/pages\/17048\/revisions\/51456"}],"wp:attachment":[{"href":"https:\/\/direito.ufpr.br\/index.php?rest_route=%2Fwp%2Fv2%2Fmedia&parent=17048"}],"curies":[{"name":"wp","href":"https:\/\/api.w.org\/{rel}","templated":true}]}}