{"id":33903,"date":"2022-01-04T11:20:35","date_gmt":"2022-01-04T14:20:35","guid":{"rendered":"https:\/\/direito.ufpr.br\/?page_id=33903"},"modified":"2024-08-05T19:45:23","modified_gmt":"2024-08-05T22:45:23","slug":"editais-de-selecao-para-monitoria-digital-ano-letivo-de-2021-backup","status":"publish","type":"page","link":"https:\/\/direito.ufpr.br\/?page_id=33903","title":{"rendered":"Programa Institucional de Monitoria Digital \u2013 Primeiro semestre do ano letivo de 2021"},"content":{"rendered":"\n<h2 class=\"wp-block-heading\"><\/h2>\n\n\n\n<ul class=\"wp-block-list\"><li><a href=\"https:\/\/direito.ufpr.br\/wp-content\/uploads\/2020\/07\/Res-91-99-CEPE-Fixa-normas-para-o-Programa-de-Monitoria-da-UFPR.pdf\">Res 91-99-CEPE Fixa normas para o Programa de Monitoria da UFPR<\/a>&nbsp;<\/li><li><a href=\"https:\/\/direito.ufpr.br\/wp-content\/uploads\/2020\/07\/Res-43-03-CEPE-Aprova-os-crit%C3%A9rios-para-sele%C3%A7%C3%A3o-de-monitores-para-o-Programa-de-Monitoria-da-UFPR.pdf\">Res 43-03-CEPE Aprova os crit\u00e9rios para sele\u00e7\u00e3o de monitores para o Programa de Monitoria da UFPR<\/a>&nbsp;<\/li><li><a href=\"https:\/\/direito.ufpr.br\/wp-content\/uploads\/2021\/09\/Edital-06-2021-resultado-Monitoria-Digital-2021.pdf\">Edital 06-2021 resultado Monitoria Digital 2021 \u2013 planos aprovados<\/a>&nbsp; &nbsp;<\/li><\/ul>\n\n\n\n<h4 class=\"wp-block-heading\"><strong>SELE\u00c7\u00c3O<\/strong><\/h4>\n\n\n\n<h4 class=\"wp-block-heading\">No momento da sele\u00e7\u00e3o os alunos devem disponibilizar o hist\u00f3rico escolar com a nota da disciplina, com o IRA para casos de desempate.<\/h4>\n\n\n\n<p>NOVA SELE\u00c7\u00c3O<\/p>\n\n\n\n<ul class=\"wp-block-list\"><li><a href=\"https:\/\/direito.ufpr.br\/wp-content\/uploads\/2021\/09\/Rosalice-Fidalgo-Pinheiro-DC049-Consumidor-e-Relacoes-Interprivadas-NOVA-SELECAO.pdf\">Rosalice Fidalgo Pinheiro \u2013 DC049-Consumidor e Rela\u00e7\u00f5es Interprivadas \u2013 NOVA SELE\u00c7\u00c3O<\/a>&nbsp;<\/li><li><a href=\"https:\/\/direito.ufpr.br\/wp-content\/uploads\/2021\/09\/Resultado-Rosalice-Fidalgo-Pinheiro-DC049-Consumidor-e-Relacoes-Interprivadas-NOVA-SELECAO.pdf\">Resultado \u2013 Rosalice Fidalgo Pinheiro \u2013 DC049-Consumidor e Rela\u00e7\u00f5es Interprivadas \u2013 NOVA SELE\u00c7\u00c3O<\/a><\/li><\/ul>\n\n\n\n<ul class=\"wp-block-list\"><li><a href=\"https:\/\/direito.ufpr.br\/wp-content\/uploads\/2021\/09\/Adriana-Espindola-Correa-DC425-Direito-Civil-A-Parte-Especial.pdf\">Adriana Esp\u00edndola Corr\u00eaa \u2013 DC425-Direito Civil A \u2013 Parte Especial<\/a><\/li><li><a href=\"https:\/\/direito.ufpr.br\/wp-content\/uploads\/2021\/09\/Ana-Carla-Harmatiuk-Matos-DC035-Direito-Humanos-e-Relacoes-Familiares.pdf\">Ana Carla Harmatiuk Matos \u2013 DC035-Direito Humanos e Rela\u00e7\u00f5es Familiares<\/a><\/li><li><a href=\"https:\/\/direito.ufpr.br\/wp-content\/uploads\/2021\/09\/Ana-Carla-Harmatiuk-Matos-DC435-Direito-Civil-E.pdf\">Ana Carla Harmatiuk Matos \u2013 DC435-Direito Civil E<\/a>&nbsp;<\/li><li><a href=\"https:\/\/direito.ufpr.br\/wp-content\/uploads\/2021\/09\/Angela-Cassia-Costaldello-DB443-Direito-Administrativo-A.pdf\">Angela Cassia Costaldello \u2013 DB443-Direito Administrativo A<\/a><\/li><li><a href=\"https:\/\/direito.ufpr.br\/wp-content\/uploads\/2021\/09\/Angela-Cassia-Costaldello-DB444-Direito-Administrativo-B.pdf\">Angela Cassia Costaldello \u2013 DB444-Direito Administrativo B<\/a><\/li><li><a href=\"https:\/\/direito.ufpr.br\/wp-content\/uploads\/2021\/09\/Clayton-de-Albuquerque-Maranhao-Direito-Processual-Civil-B.pdf\">Clayton de Albuquerque Maranh\u00e3o \u2013 Direito Processual Civil B<\/a>&nbsp;<\/li><li><a href=\"https:\/\/direito.ufpr.br\/wp-content\/uploads\/2021\/09\/Danielle-Annoni-DIR009-Casos-Juridicos-em-Direitos-Humanos-I.pdf\">Danielle Annoni \u2013 DIR009-Casos Jur\u00eddicos em Direitos Humanos I<\/a>&nbsp;<\/li><li><a href=\"https:\/\/direito.ufpr.br\/wp-content\/uploads\/2021\/09\/Danielle-Annoni-DIR404-Estagio-Supervisionado.pdf\">Danielle Annoni \u2013 DIR404-Est\u00e1gio Supervisionado<\/a>&nbsp;<\/li><li><a href=\"https:\/\/direito.ufpr.br\/wp-content\/uploads\/2021\/09\/Danielle-Annoni-DIR409-Pratica-Juridica-em-Direitos-Humanos.pdf\">Danielle Annoni \u2013 DIR409-Pr\u00e1tica Jur\u00eddica em Direitos Humanos<\/a>&nbsp;<\/li><li><a href=\"https:\/\/direito.ufpr.br\/wp-content\/uploads\/2021\/09\/Eduardo-Talamini-DC068-Meios-Alternativos-de-Solucao-de-Litigios.pdf\">Eduardo Talamini \u2013 DC068-Meios Alternativos de Solu\u00e7\u00e3o de Lit\u00edgios<\/a><\/li><li><a href=\"https:\/\/direito.ufpr.br\/wp-content\/uploads\/2021\/09\/Eduardo-Talamini-DC429-Direito-Processual-Civil-A.pdf\">Eduardo Talamini \u2013 DC429-Direito Processual Civil A<\/a><\/li><li><a href=\"https:\/\/direito.ufpr.br\/wp-content\/uploads\/2021\/09\/Eneida-Desiree-Salgado-DB435-Direito-Constitucional-A.pdf\">Eneida Desiree Salgado \u2013 DB435-Direito Constitucional A<\/a><\/li><li><a href=\"https:\/\/direito.ufpr.br\/wp-content\/uploads\/2021\/09\/Eneida-Desiree-Salgado-DB113-Direito-Desportivo.pdf\">Eneida Desiree Salgado \u2013 DB113-Direito Desportivo<\/a><\/li><li><a href=\"https:\/\/direito.ufpr.br\/wp-content\/uploads\/2021\/09\/Eneida-Desiree-Salgado-DB073-Topicos-de-Direito-Eleitoral-B-Comunicacao-e-Desinformacao.pdf\">Eneida Desiree Salgado \u2013 DB073-T\u00f3picos de Direito Eleitoral B Comunica\u00e7\u00e3o e Desinforma\u00e7\u00e3o<\/a><\/li><li><a href=\"https:\/\/direito.ufpr.br\/wp-content\/uploads\/2021\/09\/Francisco-de-Assis-do-Rego-Monteiro-Rocha-Junior-DB058-Direito-Penal-Tributario.pdf\">Francisco de Assis do Rego Monteiro Rocha J\u00fanior \u2013 DB058-Direito Penal Tribut\u00e1rio<\/a><\/li><li><a href=\"https:\/\/direito.ufpr.br\/wp-content\/uploads\/2021\/09\/Francisco-de-Assis-do-Rego-Monteiro-Rocha-Junior-DP471-Direito-Penal-A.pdf\">Francisco de Assis do Rego Monteiro Rocha J\u00fanior \u2013 DP417-Direito Penal A<\/a><\/li><li><a href=\"https:\/\/direito.ufpr.br\/wp-content\/uploads\/2021\/09\/Francisco-de-Assis-do-Rego-Monteiro-Rocha-Junior-DP418-Direito-Penal-B.pdf\">Francisco de Assis do Rego Monteiro Rocha J\u00fanior \u2013 DP418-Direito Penal B<\/a><\/li><li><a href=\"https:\/\/direito.ufpr.br\/wp-content\/uploads\/2021\/09\/Guilherme-Brenner-Lucchesi-DP049-Novas-Tendencias-do-Processo-Penal.pdf\">Guilherme Brenner Lucchesi \u2013 DP049-Novas Tend\u00eancias do Processo Penal<\/a><\/li><li><a href=\"https:\/\/direito.ufpr.br\/wp-content\/uploads\/2021\/09\/Heloisa-Fernandes-Camara-DB042-Topicos-de-Teoria-do-Estado-e-Ciencia-Politica-B.pdf\">Heloisa Fernandes C\u00e2mara \u2013 DB042-T\u00f3picos de Teoria do Estado e Ci\u00eancia Pol\u00edtica B<\/a><\/li><li><a href=\"https:\/\/direito.ufpr.br\/wp-content\/uploads\/2021\/09\/Heloisa-Fernandes-Camara-DB431-Teoria-do-Estado-e-Ciencia-Politica.pdf\">Heloisa Fernandes C\u00e2mara \u2013 DB431-Teoria do Estado e Ci\u00eancia Pol\u00edtica<\/a><\/li><li><a href=\"https:\/\/direito.ufpr.br\/wp-content\/uploads\/2021\/09\/Jose-Antonio-Peres-Gediel-DC425-Direito-Civil-A.pdf\">Jos\u00e9 Ant\u00f4nio Peres Gediel \u2013 DC425-Direito Civil A<\/a>&nbsp;<\/li><li><a href=\"https:\/\/direito.ufpr.br\/wp-content\/uploads\/2021\/09\/Katie-Silene-Caceres-Arguello-DP425-Criminologia-1.pdf\">Katie Silene C\u00e1ceres Arguello \u2013 DP425-Criminologia<\/a>&nbsp;<\/li><li><a href=\"https:\/\/direito.ufpr.br\/wp-content\/uploads\/2021\/09\/Larissa-Liz-Odreski-Ramina-DB426-Direito-Internacional-Publico.pdf\">Larissa Liz Odreski Ramina \u2013 DB426-Direito Internacional P\u00fablico<\/a>&nbsp;<\/li><li><a href=\"https:\/\/direito.ufpr.br\/wp-content\/uploads\/2021\/09\/Leandro-Franklin-Gorsdorf-DIR409-Pratica-Juridica-em-Direitos-Humanos.pdf\">Leandro Franklin Gorsdorf \u2013 DIR409-Pr\u00e1tica Jur\u00eddica em Direitos Humanos<\/a><\/li><li><a href=\"https:\/\/direito.ufpr.br\/wp-content\/uploads\/2021\/09\/Luciana-Pedroso-Xavier-DC053-Analise-Critica-da-Jurisprudencia-Civil-retificado.pdf\">Luciana Pedroso Xavier \u2013 DC053-An\u00e1lise Cr\u00edtica da Jurisprud\u00eancia Civil \u2013 retificado<\/a>&nbsp;<\/li><li><a href=\"https:\/\/direito.ufpr.br\/wp-content\/uploads\/2021\/09\/Luciana-Pedroso-Xavier-DC426-Direito-Civil-B.pdf\">Luciana Pedroso Xavier \u2013 DC426-Direito Civil B<\/a>&nbsp;<\/li><li><a href=\"https:\/\/direito.ufpr.br\/wp-content\/uploads\/2021\/09\/Marcos-Wachowicz-DV109-Propriedade-Intelectual-e-Internet.pdf\">Marcos Wachowicz \u2013 DV109-Propriedade Intelectual e Internet<\/a>&nbsp;<\/li><li><a href=\"https:\/\/direito.ufpr.br\/wp-content\/uploads\/2021\/09\/Marcos-Wachowicz-DV118-Direito-Digital.pdf\">Marcos Wachowicz \u2013 DV118-Direito Digital<\/a>&nbsp;<\/li><li><a href=\"https:\/\/direito.ufpr.br\/wp-content\/uploads\/2021\/09\/Marcos-Wachowicz-DV441-Direito-Internacional-Privado.pdf\">Marcos Wachowicz \u2013 DV441-Direito Internacional Privado<\/a>&nbsp;<\/li><li><a href=\"https:\/\/direito.ufpr.br\/wp-content\/uploads\/2021\/09\/Maria-Candida-Pires-Vieira-do-Amaral-Kroetz-DC428-Direito-Civil-D.pdf\">Maria C\u00e2ndida Pires Vieira do Amaral Kroetz \u2013 DC428-Direito Civil D<\/a>&nbsp;<\/li><li><a href=\"https:\/\/direito.ufpr.br\/wp-content\/uploads\/2021\/09\/Mari%CC%81lia-Pedroso-Xavier-DIR405-Pratica-Juridica-Civil-Publico.pdf\">Mar\u00edlia Pedroso Xavier \u2013 DIR405-Pr\u00e1tica Jur\u00eddica C\u00edvil \u2013 P\u00fablico<\/a>&nbsp;<\/li><li><a href=\"https:\/\/direito.ufpr.br\/wp-content\/uploads\/2021\/09\/Melina-Girardi-Fachin-DB436-Direito-Constitucional-B.pdf\">Melina Girardi Fachin \u2013 DB436-Direito Constitucional B<\/a><\/li><li><a href=\"https:\/\/direito.ufpr.br\/wp-content\/uploads\/2021\/09\/Ricardo-Prestes-Pazello-DB441-Antropologia-Juridica.pdf\">Ricardo Prestes Pazello \u2013 DB441-Antropologia Jur\u00eddica<\/a><\/li><li><a href=\"https:\/\/direito.ufpr.br\/wp-content\/uploads\/2021\/09\/Rosalice-Fidalgo-Pinheiro-DC048-Topicos-de-Responsabilidade-B.pdf\">Rosalice Fidalgo Pinheiro \u2013 DC048-T\u00f3picos de Responsabilidade B<\/a>&nbsp;<\/li><li><a href=\"https:\/\/direito.ufpr.br\/wp-content\/uploads\/2021\/09\/Rosalice-Fidalgo-Pinheiro-DC049-Consumidor-e-Relacoes-Interprivadas.pdf\">Rosalice Fidalgo Pinheiro \u2013 DC049-Consumidor e Rela\u00e7\u00f5es Interprivadas<\/a>&nbsp;<\/li><li><a href=\"https:\/\/direito.ufpr.br\/wp-content\/uploads\/2021\/09\/Rosalice-Fidalgo-Pinheiro-DC426-Direito-Civil-B.pdf\">Rosalice Fidalgo Pinheiro \u2013 DC426-Direito Civil B<\/a>&nbsp;<\/li><li><a href=\"https:\/\/direito.ufpr.br\/wp-content\/uploads\/2021\/09\/Taysa-Schiocchet-DIR409-Pratica-Juridica-em-Direitos-Humanos.pdf\">Taysa Schiocchet \u2013 DIR409-Pr\u00e1tica Jur\u00eddica em Direitos Humanos<\/a>&nbsp;<\/li><li><a href=\"https:\/\/direito.ufpr.br\/wp-content\/uploads\/2021\/09\/Thiago-Freitas-Hansen-DV086-Topicos-de-Teoria-do-Direito-A.pdf\">Thiago Freitas Hansen \u2013 DV086-T\u00f3picos de Teoria do Direito A<\/a>&nbsp;<\/li><li><a href=\"https:\/\/direito.ufpr.br\/wp-content\/uploads\/2021\/09\/Thiago-Freitas-Hansen-DV447-Teoria-do-Direito.pdf\">Thiago Freitas Hansen \u2013 DV447-Teoria do Direito<\/a>&nbsp;<\/li><li><a href=\"https:\/\/direito.ufpr.br\/wp-content\/uploads\/2021\/09\/Vicente-de-Paula-Ataide-Junior-DC431-Direito-Processual-Civil-C.pdf\">Vicente de Paula Ata\u00edde J\u00fanior \u2013 DC431-Direito Processual Civil C<\/a>&nbsp;<\/li><li><a href=\"https:\/\/direito.ufpr.br\/wp-content\/uploads\/2021\/09\/Walter-Guandalini-Junior-DV448-Historia-do-Direito.pdf\">Walter Guandalini J\u00fanior \u2013 DV448-Hist\u00f3ria do Direito<\/a>&nbsp;<\/li><\/ul>\n\n\n\n<h4 class=\"wp-block-heading\"><strong>RESULTADO<\/strong><\/h4>\n\n\n\n<ul class=\"wp-block-list\"><li><a href=\"https:\/\/direito.ufpr.br\/wp-content\/uploads\/2021\/09\/Resultado-Adriana-Espindola-Correa-DC425-Direito-Civil-A.pdf\">Resultado \u2013 Adriana Esp\u00edndola Correa \u2013 DC425-Direito Civil A<\/a>&nbsp;<\/li><li><a href=\"https:\/\/direito.ufpr.br\/wp-content\/uploads\/2021\/09\/Resultado-Adriana-Espindola-Correa-DC425-Direito-Civil-A-retificacao.pdf\">Resultado \u2013 Adriana Esp\u00edndola Correa \u2013 DC425-Direito Civil A \u2013 retifica\u00e7\u00e3o<\/a>&nbsp;<\/li><li><a href=\"https:\/\/direito.ufpr.br\/wp-content\/uploads\/2021\/09\/Resultado-Ana-Carla-Harmatiuk-Matos-DC035-Direito-Humanos-e-Relacoes-Familiares.pdf\">Resultado \u2013 Ana Carla Harmatiuk Matos \u2013 DC035-Direito Humanos e Rela\u00e7\u00f5es Familiares<\/a>&nbsp;<\/li><li><a href=\"https:\/\/direito.ufpr.br\/wp-content\/uploads\/2021\/09\/Resultado-Ana-Carla-Harmatiuk-Matos-DC435-Direito-Civil-E.pdf\">Resultado \u2013 Ana Carla Harmatiuk Matos \u2013 DC435-Direito Civil E<\/a>&nbsp;<\/li><li><a href=\"https:\/\/direito.ufpr.br\/wp-content\/uploads\/2021\/09\/Resultado-Clayton-de-Albuquerque-Maranhao-Direito-Processual-Civil-B.pdf\">Resultado \u2013 Clayton de Albuquerque Maranh\u00e3o \u2013 Direito Processual Civil B<\/a>&nbsp;<\/li><li><a href=\"https:\/\/direito.ufpr.br\/wp-content\/uploads\/2021\/09\/Resultado-Danielle-Annoni-DIR009-Casos-Juridicos-em-Direitos-Humanos-I-1.pdf\">Resultado \u2013 Danielle Annoni \u2013 DIR009-Casos Jur\u00eddicos em Direitos Humanos I<\/a>&nbsp;<\/li><li><a href=\"https:\/\/direito.ufpr.br\/wp-content\/uploads\/2021\/09\/Resultado-Danielle-Annoni-DIR404-Estagio-Supervisionado.pdf\">Resultado \u2013 Danielle Annoni \u2013 DIR404-Est\u00e1gio Supervisionado<\/a>&nbsp;<\/li><li><a href=\"https:\/\/direito.ufpr.br\/wp-content\/uploads\/2021\/09\/Resultado-Danielle-Annoni-DIR409-Pratica-Juridica-em-Direitos-Humanos.pdf\">Resultado \u2013 Danielle Annoni \u2013 DIR409-Pr\u00e1tica Jur\u00eddica em Direitos Humanos<\/a>&nbsp;<\/li><li><a href=\"https:\/\/direito.ufpr.br\/wp-content\/uploads\/2021\/09\/Resultado-Eduardo-Talamini-DC068-Meios-Alternativos-de-Solucao-de-Litigios.pdf\">Resultado \u2013 Eduardo Talamini \u2013 DC068-Meios Alternativos de Solu\u00e7\u00e3o de Lit\u00edgios<\/a>&nbsp;<\/li><li><a href=\"https:\/\/direito.ufpr.br\/wp-content\/uploads\/2021\/09\/Resultado-Eduardo-Talamini-DC429-Direito-Processual-Civil-A.pdf\">Resultado \u2013 Eduardo Talamini \u2013 DC429-Direito Processual Civil A<\/a>&nbsp;<\/li><li><a href=\"https:\/\/direito.ufpr.br\/wp-content\/uploads\/2021\/09\/Resultado-Eneida-Desiree-Salgado-Disciplina-DB073-Topicos-de-Direito-Eleitoral-B.pdf\">Resultado \u2013 Eneida Desiree Salgado \u2013 Disciplina DB073-T\u00f3picos de Direito Eleitoral B<\/a><\/li><li><a href=\"https:\/\/direito.ufpr.br\/wp-content\/uploads\/2021\/09\/Resultado-Eneida-Desiree-Salgado-Disciplina-DB113-Direito-Desportivo.pdf\">Resultado \u2013 Eneida Desiree Salgado \u2013 Disciplina DB113-Direito Desportivo<\/a><\/li><li><a href=\"https:\/\/direito.ufpr.br\/wp-content\/uploads\/2021\/09\/Resultado-Eneida-Desiree-Salgado-Disciplina-DB435-Direito-Constitucional-A.pdf\">Resultado \u2013 Eneida Desiree Salgado \u2013 Disciplina DB435-Direito Constitucional A<\/a><\/li><li><a href=\"https:\/\/direito.ufpr.br\/wp-content\/uploads\/2021\/09\/Resultado-Francisco-de-Assis-do-Rego-Monteiro-Rocha-Junior-DB058-Direito-Penal-Tributario.pdf\">Resultado \u2013 Francisco de Assis do R\u00eago Monteiro Rocha Junior \u2013 DB058-Direito Penal Tribut\u00e1rio<\/a><\/li><li><a href=\"https:\/\/direito.ufpr.br\/wp-content\/uploads\/2021\/09\/Resultado-Francisco-de-Assis-do-Rego-Monteiro-Rocha-Junior-DP417-Direito-Penal-A.pdf\">Resultado \u2013 Francisco de Assis do R\u00eago Monteiro Rocha Junior \u2013 DP417-Direito Penal A<\/a><\/li><li><a href=\"https:\/\/direito.ufpr.br\/wp-content\/uploads\/2021\/09\/Resultado-Francisco-de-Assis-do-Rego-Monteiro-Rocha-Junior-DP418-Direito-Penal-B.pdf\">Resultado \u2013 Francisco de Assis do R\u00eago Monteiro Rocha Junior \u2013 DP418-Direito Penal B<\/a><\/li><li><a href=\"https:\/\/direito.ufpr.br\/wp-content\/uploads\/2021\/09\/Resultado-D049-Novas-Tendencias-do-Processo-Penal-Professor-Guilherme-Brenner-Lucchesi.pdf\">Resultado \u2013 Guilherme Brenner Lucchesi \u2013 D049-Novas Tend\u00eancias do Processo Penal<\/a><\/li><li><a href=\"https:\/\/direito.ufpr.br\/wp-content\/uploads\/2021\/09\/Resultado-Heloisa-Fernandes-Camara-DB042-Topicos-de-Teoria-do-Estado-e-Ciencia-Politica-B.pdf\">Resultado \u2013 Heloisa Fernandes C\u00e2mara \u2013 DB042-T\u00f3picos de Teoria do Estado e Ci\u00eancia Pol\u00edtica B<\/a><\/li><li><a href=\"https:\/\/direito.ufpr.br\/wp-content\/uploads\/2021\/09\/Resultado-Heloisa-Fernandes-Camara-DB431-Teoria-do-Estado-e-Ciencia-Politica.pdf\">Resultado \u2013 Heloisa Fernandes C\u00e2mara \u2013 DB431-Teoria do Estado e Ci\u00eancia Pol\u00edtica<\/a><\/li><li><a href=\"https:\/\/direito.ufpr.br\/wp-content\/uploads\/2021\/09\/Resultado-Jose-Antonio-Peres-Gediel-DC425-Direito-Civil-A.pdf\">Resultado \u2013 Jos\u00e9 Ant\u00f4nio Peres Gediel \u2013 DC425-Direito Civil A<\/a>&nbsp;<\/li><li><a href=\"https:\/\/direito.ufpr.br\/wp-content\/uploads\/2021\/09\/Resultado-DP425-Criminologia-Professora-Katie-Silene-Caceres-Arguello.pdf\">Resultado \u2013 Katie Silene C\u00e1ceres Arguello \u2013 DP425-Criminologia<\/a><\/li><li><a href=\"https:\/\/direito.ufpr.br\/wp-content\/uploads\/2021\/09\/Resultado-Larissa-Liz-Odreski-Ramina-DB426-Direito-Internacional-Publico.pdf\">Resultado \u2013 Larissa Liz Odreski Ramina \u2013 DB426-Direito Internacional P\u00fablico<\/a><\/li><li><a href=\"https:\/\/direito.ufpr.br\/wp-content\/uploads\/2021\/09\/Resultado-Leandro-Franklin-Gorsdorf-DIR409-Pratica-Juridica-em-Direitos-Humanos.pdf\">Resultado \u2013 Leandro Franklin Gorsdorf \u2013 DIR409-Pr\u00e1tica Jur\u00eddica em Direitos Humanos<\/a>&nbsp;<\/li><li><a href=\"https:\/\/direito.ufpr.br\/wp-content\/uploads\/2021\/09\/Resultado-Luciana-Pedroso-Xavier-DC053-Analise-Critica-da-Jurisprudencia-Civil.pdf\">Resultado \u2013 Luciana Pedroso Xavier \u2013 DC053-An\u00e1lise Cr\u00edtica da Jurisprud\u00eancia Civil<\/a>&nbsp;<\/li><li><a href=\"https:\/\/direito.ufpr.br\/wp-content\/uploads\/2021\/09\/Resultado-Luciana-Pedroso-Xavier-DC426-Direito-Civil-B.pdf\">Resultado \u2013 Luciana Pedroso Xavier \u2013 DC426-Direito Civil B<\/a>&nbsp;<\/li><li><a href=\"https:\/\/direito.ufpr.br\/wp-content\/uploads\/2021\/09\/Resultado-Marcos-Wachowicz-DV109-Propriedade-Intelectual-e-Internet.pdf\">Resultado \u2013 Marcos Wachowicz \u2013 DV109-Propriedade Intelectual e Internet<\/a>&nbsp;<\/li><li><a href=\"https:\/\/direito.ufpr.br\/wp-content\/uploads\/2021\/09\/Resultado-Marcos-Wachowicz-DV118-Direito-Digital.pdf\">Resultado \u2013 Marcos Wachowicz \u2013 DV118-Direito Digital<\/a>&nbsp;<\/li><li><a href=\"https:\/\/direito.ufpr.br\/wp-content\/uploads\/2021\/09\/Resultado-Marcos-Wachowicz-DV441-Direito-Internacional-Privado.pdf\">Resultado \u2013 Marcos Wachowicz \u2013 DV441-Direito Internacional Privado<\/a>&nbsp;<\/li><li><a href=\"https:\/\/direito.ufpr.br\/wp-content\/uploads\/2021\/09\/Resultado-Maria-Candida-Pires-Vieira-do-Amaral-Kroetz-DC428-Direito-Civil-D.pdf\">Resultado \u2013 Maria C\u00e2ndida Pires Vieira do Amaral Kroetz \u2013 DC428-Direito Civil D<\/a>&nbsp;<\/li><li><a href=\"https:\/\/direito.ufpr.br\/wp-content\/uploads\/2021\/09\/Resultado-Marilia-Pedroso-Xavier-DIR405-Pratica-Juridica-Civil-Publico.pdf\">Resultado \u2013 Mar\u00edlia Pedroso Xavier \u2013 DIR405-Pr\u00e1tica Jur\u00eddica C\u00edvil \u2013 P\u00fablico<\/a>&nbsp;<\/li><li><a href=\"https:\/\/direito.ufpr.br\/wp-content\/uploads\/2021\/09\/Resultado-DB436-Direito-Constitucional-B.pdf\">Resultado \u2013 Melina Girardi Fachin \u2013 DB436-Direito Constitucional B<\/a><\/li><li><a href=\"https:\/\/direito.ufpr.br\/wp-content\/uploads\/2021\/09\/Resultado-Ricardo-Prestes-Pazello-DB441-Antropologia-Juridica.pdf\">Resultado \u2013 Ricardo Prestes Pazello \u2013 DB441-Antropologia Jur\u00eddica<\/a><\/li><li><a href=\"https:\/\/direito.ufpr.br\/wp-content\/uploads\/2021\/09\/Resultado-Rosalice-Fidalgo-Pinheiro-DC048-Topicos-de-Responsabilidade-B.pdf\">Resultado \u2013 Rosalice Fidalgo Pinheiro \u2013 DC048-T\u00f3picos de Responsabilidade B<\/a>&nbsp;<\/li><li><a href=\"https:\/\/direito.ufpr.br\/wp-content\/uploads\/2021\/09\/Resultado-Rosalice-Fidalgo-Pinheiro-DC049-Consumidor-e-Relacoes-Interprivadas.pdf\">Resultado \u2013 Rosalice Fidalgo Pinheiro \u2013 DC049-Consumidor e Rela\u00e7\u00f5es Interprivadas<\/a>&nbsp;<\/li><li><a href=\"https:\/\/direito.ufpr.br\/wp-content\/uploads\/2021\/09\/Resultado-Rosalice-Fidalgo-Pinheiro-DC426-Direito-Civil-B.pdf\">Resultado \u2013 Rosalice Fidalgo Pinheiro \u2013 DC426-Direito Civil B<\/a><\/li><li><a href=\"https:\/\/direito.ufpr.br\/wp-content\/uploads\/2021\/09\/Resultado-Taysa-Schiocchet-DIR409-Pratica-Juridica-em-Direitos-Humanos.pdf\">Resultado \u2013 Taysa Schiocchet \u2013 DIR409-Pr\u00e1tica Jur\u00eddica em Direitos Humanos<\/a>&nbsp;<\/li><li><a href=\"https:\/\/direito.ufpr.br\/wp-content\/uploads\/2021\/09\/Resultado-Thiago-Freitas-Hansen-DV086-Topicos-de-Teoria-do-Direito-A.pdf\">Resultado \u2013 Thiago Freitas Hansen \u2013 DV086-T\u00f3picos de Teoria do Direito A<\/a>&nbsp;<\/li><li><a href=\"https:\/\/direito.ufpr.br\/wp-content\/uploads\/2021\/09\/Resultado-Thiago-Freitas-Hansen-DV086-Topicos-de-Teoria-do-Direito-A-retificacao.pdf\">Resultado \u2013 Thiago Freitas Hansen \u2013 DV086-T\u00f3picos de Teoria do Direito A \u2013 retifica\u00e7\u00e3o<\/a>&nbsp;<\/li><li><a href=\"https:\/\/direito.ufpr.br\/wp-content\/uploads\/2021\/09\/Resultado-Thiago-Freitas-Hansen-DV447-Teoria-do-Direito.pdf\">Resultado \u2013 Thiago Freitas Hansen \u2013 DV447-Teoria do Direito<\/a>&nbsp;<\/li><li><a href=\"https:\/\/direito.ufpr.br\/wp-content\/uploads\/2021\/09\/Resultado-Thiago-Freitas-Hansen-DV447-Teoria-do-Direito-retificacao.pdf\">Resultado \u2013 Thiago Freitas Hansen \u2013 DV447-Teoria do Direito \u2013 retifica\u00e7\u00e3o<\/a>&nbsp;<\/li><li><a href=\"https:\/\/direito.ufpr.br\/wp-content\/uploads\/2021\/09\/Resultado-Vicente-de-Paula-Ataide-Junior-DC431-Direito-Processual-Civil-C.pdf\">Resultado \u2013 Vicente de Paula Ata\u00edde J\u00fanior \u2013 DC431-Direito Processual Civil C<\/a>&nbsp;<\/li><li><a href=\"https:\/\/direito.ufpr.br\/wp-content\/uploads\/2021\/09\/RESULTADO-Walter-Guandalini-Junior-DV448-Historia-do-Direito.pdf\">Resultado \u2013 Walter Guandalini J\u00fanior \u2013 DV448-Hist\u00f3ria do Direito<\/a><\/li><\/ul>\n","protected":false},"excerpt":{"rendered":"<p>Res 91-99-CEPE Fixa normas para o Programa de Monitoria da UFPR&nbsp; Res 43-03-CEPE Aprova os crit\u00e9rios para sele\u00e7\u00e3o de monitores para o Programa de Monitoria da UFPR&nbsp; Edital 06-2021 resultado Monitoria Digital 2021 \u2013 planos aprovados&nbsp; &nbsp; SELE\u00c7\u00c3O No momento da sele\u00e7\u00e3o os alunos devem disponibilizar o hist\u00f3rico escolar com a nota da disciplina, com [&hellip;]<\/p>\n","protected":false},"author":54,"featured_media":0,"parent":0,"menu_order":0,"comment_status":"closed","ping_status":"closed","template":"departamento.php","meta":{"_acf_changed":false,"_eb_attr":"","footnotes":""},"class_list":["post-33903","page","type-page","status-publish","hentry"],"acf":[],"_links":{"self":[{"href":"https:\/\/direito.ufpr.br\/index.php?rest_route=\/wp\/v2\/pages\/33903","targetHints":{"allow":["GET"]}}],"collection":[{"href":"https:\/\/direito.ufpr.br\/index.php?rest_route=\/wp\/v2\/pages"}],"about":[{"href":"https:\/\/direito.ufpr.br\/index.php?rest_route=\/wp\/v2\/types\/page"}],"author":[{"embeddable":true,"href":"https:\/\/direito.ufpr.br\/index.php?rest_route=\/wp\/v2\/users\/54"}],"replies":[{"embeddable":true,"href":"https:\/\/direito.ufpr.br\/index.php?rest_route=%2Fwp%2Fv2%2Fcomments&post=33903"}],"version-history":[{"count":5,"href":"https:\/\/direito.ufpr.br\/index.php?rest_route=\/wp\/v2\/pages\/33903\/revisions"}],"predecessor-version":[{"id":40695,"href":"https:\/\/direito.ufpr.br\/index.php?rest_route=\/wp\/v2\/pages\/33903\/revisions\/40695"}],"wp:attachment":[{"href":"https:\/\/direito.ufpr.br\/index.php?rest_route=%2Fwp%2Fv2%2Fmedia&parent=33903"}],"curies":[{"name":"wp","href":"https:\/\/api.w.org\/{rel}","templated":true}]}}