{"id":37264,"date":"2022-04-18T16:44:51","date_gmt":"2022-04-18T19:44:51","guid":{"rendered":"https:\/\/direito.ufpr.br\/?page_id=37264"},"modified":"2024-08-05T19:44:24","modified_gmt":"2024-08-05T22:44:24","slug":"atas-das-plenarias-departamento-de-pratica-juridica-2020","status":"publish","type":"page","link":"https:\/\/direito.ufpr.br\/?page_id=37264","title":{"rendered":"ATAS DAS PLEN\u00c1RIAS \u2013DEPARTAMENTO DE PR\u00c1TICA JUR\u00cdDICA (2020)"},"content":{"rendered":"<p><a href=\"https:\/\/direito.ufpr.br\/wp-content\/uploads\/2022\/07\/Ata-31-plenaria-NPJ-29-de-junho-de-2020.pdf\">Ata da sess\u00e3o plen\u00e1ria do Departamento de Pr\u00e1tica Jur\u00eddica de 29\/06\/2020<\/a><\/p>\n<p><a href=\"https:\/\/direito.ufpr.br\/wp-content\/uploads\/2022\/07\/Ata-32-plenaria-NPJ-08-de-outubro-de-2020.pdf\">Ata da sess\u00e3o plen\u00e1ria do Departamento de Pr\u00e1tica Jur\u00eddica de 08\/10\/2020<\/a><\/p>\n<p><a href=\"https:\/\/direito.ufpr.br\/wp-content\/uploads\/2022\/07\/Ata-33-plenaria-NPJ-08-de-dezembro-de-2020.pdf\">Ata da sess\u00e3o plen\u00e1ria do Departamento de Pr\u00e1tica Jur\u00eddica de 08\/12\/2020<\/a><\/p>\n\n\n<p><\/p>\n","protected":false},"excerpt":{"rendered":"<p>Ata da sess\u00e3o plen\u00e1ria do Departamento de Pr\u00e1tica Jur\u00eddica de 29\/06\/2020 Ata da sess\u00e3o plen\u00e1ria do Departamento de Pr\u00e1tica Jur\u00eddica de 08\/10\/2020 Ata da sess\u00e3o plen\u00e1ria do Departamento de Pr\u00e1tica Jur\u00eddica de 08\/12\/2020<\/p>\n","protected":false},"author":54,"featured_media":0,"parent":0,"menu_order":0,"comment_status":"closed","ping_status":"closed","template":"departamento.php","meta":{"_acf_changed":false,"_eb_attr":"","footnotes":""},"class_list":["post-37264","page","type-page","status-publish","hentry"],"acf":[],"_links":{"self":[{"href":"https:\/\/direito.ufpr.br\/index.php?rest_route=\/wp\/v2\/pages\/37264","targetHints":{"allow":["GET"]}}],"collection":[{"href":"https:\/\/direito.ufpr.br\/index.php?rest_route=\/wp\/v2\/pages"}],"about":[{"href":"https:\/\/direito.ufpr.br\/index.php?rest_route=\/wp\/v2\/types\/page"}],"author":[{"embeddable":true,"href":"https:\/\/direito.ufpr.br\/index.php?rest_route=\/wp\/v2\/users\/54"}],"replies":[{"embeddable":true,"href":"https:\/\/direito.ufpr.br\/index.php?rest_route=%2Fwp%2Fv2%2Fcomments&post=37264"}],"version-history":[{"count":6,"href":"https:\/\/direito.ufpr.br\/index.php?rest_route=\/wp\/v2\/pages\/37264\/revisions"}],"predecessor-version":[{"id":38868,"href":"https:\/\/direito.ufpr.br\/index.php?rest_route=\/wp\/v2\/pages\/37264\/revisions\/38868"}],"wp:attachment":[{"href":"https:\/\/direito.ufpr.br\/index.php?rest_route=%2Fwp%2Fv2%2Fmedia&parent=37264"}],"curies":[{"name":"wp","href":"https:\/\/api.w.org\/{rel}","templated":true}]}}

ATAS DAS PLENÁRIAS –DEPARTAMENTO DE PRÁTICA JURÍDICA (2020)

<p><a href="https://direito.ufpr.br/wp-content/uploads/2022/07/Ata-31-plenaria-NPJ-29-de-junho-de-2020.pdf">Ata da sessão plenária do Departamento de Prática Jurídica de 29/06/2020</a></p>
<p><a href="https://direito.ufpr.br/wp-content/uploads/2022/07/Ata-32-plenaria-NPJ-08-de-outubro-de-2020.pdf">Ata da sessão plenária do Departamento de Prática Jurídica de 08/10/2020</a></p>
<p><a href="https://direito.ufpr.br/wp-content/uploads/2022/07/Ata-33-plenaria-NPJ-08-de-dezembro-de-2020.pdf">Ata da sessão plenária do Departamento de Prática Jurídica de 08/12/2020</a></p>


<p></p>

<p>Ata da sessão plenária do Departamento de Prática Jurídica de 29/06/2020 Ata da sessão plenária do Departamento de Prática Jurídica de 08/10/2020 Ata da sessão plenária do Departamento de Prática Jurídica de 08/12/2020</p>
