{"id":37266,"date":"2022-04-18T16:45:09","date_gmt":"2022-04-18T19:45:09","guid":{"rendered":"https:\/\/direito.ufpr.br\/?page_id=37266"},"modified":"2024-08-05T19:44:24","modified_gmt":"2024-08-05T22:44:24","slug":"atas-das-plenarias-departamento-de-pratica-juridica-2019","status":"publish","type":"page","link":"https:\/\/direito.ufpr.br\/?page_id=37266","title":{"rendered":"ATAS DAS PLEN\u00c1RIAS \u2013DEPARTAMENTO DE PR\u00c1TICA JUR\u00cdDICA (2019)"},"content":{"rendered":"<p><a href=\"https:\/\/direito.ufpr.br\/wp-content\/uploads\/2022\/07\/Ata-26-plenaria-NPJ-9-de-abril-de-2019-Salvo-Automaticamente.pdf\">Ata da sess\u00e3o plen\u00e1ria do Departamento de Pr\u00e1tica Jur\u00eddica de 09\/04\/2019<\/a><\/p>\n<p><a href=\"https:\/\/direito.ufpr.br\/wp-content\/uploads\/2022\/07\/Ata-27-plenaria-NPJ-24-de-junho-de-2019.pdf\">Ata da sess\u00e3o plen\u00e1ria do Departamento de Pr\u00e1tica Jur\u00eddica de 24\/06\/2019<\/a><\/p>\n<p><a href=\"https:\/\/direito.ufpr.br\/wp-content\/uploads\/2022\/07\/Ata-28-plenaria-NPJ-17-setembro-2019.pdf\">Ata da sess\u00e3o plen\u00e1ria do Departamento de Pr\u00e1tica Jur\u00eddica de 17\/09\/2019<\/a><\/p>\n<p><a href=\"https:\/\/direito.ufpr.br\/wp-content\/uploads\/2022\/07\/Ata-29-plenaria-NPJ-03-outubro-2019.pdf\">Ata da sess\u00e3o plen\u00e1ria do Departamento de Pr\u00e1tica Jur\u00eddica de 03\/10\/2019<\/a><\/p>\n<p><a href=\"https:\/\/direito.ufpr.br\/wp-content\/uploads\/2022\/07\/Ata-30-plenaria-NPJ-19-novembro-2019.pdf\">Ata da sess\u00e3o plen\u00e1ria do Departamento de Pr\u00e1tica Jur\u00eddica de 19\/11\/2019<\/a><\/p>\n\n\n<p><\/p>\n","protected":false},"excerpt":{"rendered":"<p>Ata da sess\u00e3o plen\u00e1ria do Departamento de Pr\u00e1tica Jur\u00eddica de 09\/04\/2019 Ata da sess\u00e3o plen\u00e1ria do Departamento de Pr\u00e1tica Jur\u00eddica de 24\/06\/2019 Ata da sess\u00e3o plen\u00e1ria do Departamento de Pr\u00e1tica Jur\u00eddica de 17\/09\/2019 Ata da sess\u00e3o plen\u00e1ria do Departamento de Pr\u00e1tica Jur\u00eddica de 03\/10\/2019 Ata da sess\u00e3o plen\u00e1ria do Departamento de Pr\u00e1tica Jur\u00eddica de 19\/11\/2019<\/p>\n","protected":false},"author":54,"featured_media":0,"parent":0,"menu_order":0,"comment_status":"closed","ping_status":"closed","template":"departamento.php","meta":{"_acf_changed":false,"_eb_attr":"","footnotes":""},"class_list":["post-37266","page","type-page","status-publish","hentry"],"acf":[],"_links":{"self":[{"href":"https:\/\/direito.ufpr.br\/index.php?rest_route=\/wp\/v2\/pages\/37266","targetHints":{"allow":["GET"]}}],"collection":[{"href":"https:\/\/direito.ufpr.br\/index.php?rest_route=\/wp\/v2\/pages"}],"about":[{"href":"https:\/\/direito.ufpr.br\/index.php?rest_route=\/wp\/v2\/types\/page"}],"author":[{"embeddable":true,"href":"https:\/\/direito.ufpr.br\/index.php?rest_route=\/wp\/v2\/users\/54"}],"replies":[{"embeddable":true,"href":"https:\/\/direito.ufpr.br\/index.php?rest_route=%2Fwp%2Fv2%2Fcomments&post=37266"}],"version-history":[{"count":7,"href":"https:\/\/direito.ufpr.br\/index.php?rest_route=\/wp\/v2\/pages\/37266\/revisions"}],"predecessor-version":[{"id":38872,"href":"https:\/\/direito.ufpr.br\/index.php?rest_route=\/wp\/v2\/pages\/37266\/revisions\/38872"}],"wp:attachment":[{"href":"https:\/\/direito.ufpr.br\/index.php?rest_route=%2Fwp%2Fv2%2Fmedia&parent=37266"}],"curies":[{"name":"wp","href":"https:\/\/api.w.org\/{rel}","templated":true}]}}

ATAS DAS PLENÁRIAS –DEPARTAMENTO DE PRÁTICA JURÍDICA (2019)

<p><a href="https://direito.ufpr.br/wp-content/uploads/2022/07/Ata-26-plenaria-NPJ-9-de-abril-de-2019-Salvo-Automaticamente.pdf">Ata da sessão plenária do Departamento de Prática Jurídica de 09/04/2019</a></p>
<p><a href="https://direito.ufpr.br/wp-content/uploads/2022/07/Ata-27-plenaria-NPJ-24-de-junho-de-2019.pdf">Ata da sessão plenária do Departamento de Prática Jurídica de 24/06/2019</a></p>
<p><a href="https://direito.ufpr.br/wp-content/uploads/2022/07/Ata-28-plenaria-NPJ-17-setembro-2019.pdf">Ata da sessão plenária do Departamento de Prática Jurídica de 17/09/2019</a></p>
<p><a href="https://direito.ufpr.br/wp-content/uploads/2022/07/Ata-29-plenaria-NPJ-03-outubro-2019.pdf">Ata da sessão plenária do Departamento de Prática Jurídica de 03/10/2019</a></p>
<p><a href="https://direito.ufpr.br/wp-content/uploads/2022/07/Ata-30-plenaria-NPJ-19-novembro-2019.pdf">Ata da sessão plenária do Departamento de Prática Jurídica de 19/11/2019</a></p>


<p></p>

<p>Ata da sessão plenária do Departamento de Prática Jurídica de 09/04/2019 Ata da sessão plenária do Departamento de Prática Jurídica de 24/06/2019 Ata da sessão plenária do Departamento de Prática Jurídica de 17/09/2019 Ata da sessão plenária do Departamento de Prática Jurídica de 03/10/2019 Ata da sessão plenária do Departamento de Prática Jurídica de 19/11/2019</p>
