{"id":37271,"date":"2022-04-18T16:45:46","date_gmt":"2022-04-18T19:45:46","guid":{"rendered":"https:\/\/direito.ufpr.br\/?page_id=37271"},"modified":"2024-08-05T19:44:24","modified_gmt":"2024-08-05T22:44:24","slug":"atas-das-plenarias-departamento-de-pratica-juridica-2017","status":"publish","type":"page","link":"https:\/\/direito.ufpr.br\/?page_id=37271","title":{"rendered":"ATAS DAS PLEN\u00c1RIAS \u2013DEPARTAMENTO DE PR\u00c1TICA JUR\u00cdDICA (2017)"},"content":{"rendered":"<p><a href=\"https:\/\/direito.ufpr.br\/wp-content\/uploads\/2022\/07\/Ata-18-plenaria-NPJ-15-fevereiro-2017.pdf\">Ata da sess\u00e3o plen\u00e1ria do Departamento de Pr\u00e1tica Jur\u00eddica de 15\/02\/2017<\/a><\/p>\n<p><a href=\"https:\/\/direito.ufpr.br\/wp-content\/uploads\/2022\/07\/Ata-19-plenaria-NPJ-21-marco-2017-Salvo-Automaticamente-1.pdf\">Ata da sess\u00e3o plen\u00e1ria do Departamento de Pr\u00e1tica Jur\u00eddica de 21\/03\/2017<\/a><\/p>\n<p><a href=\"https:\/\/direito.ufpr.br\/wp-content\/uploads\/2022\/07\/Ata-20-plenaria-NPJ-18-maio-2017-Salvo-Automaticamente.pdf\">Ata da sess\u00e3o plen\u00e1ria do Departamento de Pr\u00e1tica Jur\u00eddica de 18\/05\/2017<\/a><\/p>\n<p><a href=\"https:\/\/direito.ufpr.br\/wp-content\/uploads\/2022\/07\/Ata-21-plenaria-NPJ-16-agosto-2017-Salvo-Automaticamente.pdf\">Ata da sess\u00e3o plen\u00e1ria do Departamento de Pr\u00e1tica Jur\u00eddica de 16\/08\/2017<\/a><\/p>\n<p><a href=\"https:\/\/direito.ufpr.br\/wp-content\/uploads\/2022\/07\/Ata-22-plenaria-NPJ-26-setembro-2017-Salvo-Automaticamente.pdf\">Ata da sess\u00e3o plen\u00e1ria do Departamento de Pr\u00e1tica Jur\u00eddica de 26\/09\/2017<\/a><\/p>\n","protected":false},"excerpt":{"rendered":"<p>Ata da sess\u00e3o plen\u00e1ria do Departamento de Pr\u00e1tica Jur\u00eddica de 15\/02\/2017 Ata da sess\u00e3o plen\u00e1ria do Departamento de Pr\u00e1tica Jur\u00eddica de 21\/03\/2017 Ata da sess\u00e3o plen\u00e1ria do Departamento de Pr\u00e1tica Jur\u00eddica de 18\/05\/2017 Ata da sess\u00e3o plen\u00e1ria do Departamento de Pr\u00e1tica Jur\u00eddica de 16\/08\/2017 Ata da sess\u00e3o plen\u00e1ria do Departamento de Pr\u00e1tica Jur\u00eddica de 26\/09\/2017<\/p>\n","protected":false},"author":54,"featured_media":0,"parent":0,"menu_order":0,"comment_status":"closed","ping_status":"closed","template":"departamento.php","meta":{"_acf_changed":false,"_eb_attr":"","footnotes":""},"class_list":["post-37271","page","type-page","status-publish","hentry"],"acf":[],"_links":{"self":[{"href":"https:\/\/direito.ufpr.br\/index.php?rest_route=\/wp\/v2\/pages\/37271","targetHints":{"allow":["GET"]}}],"collection":[{"href":"https:\/\/direito.ufpr.br\/index.php?rest_route=\/wp\/v2\/pages"}],"about":[{"href":"https:\/\/direito.ufpr.br\/index.php?rest_route=\/wp\/v2\/types\/page"}],"author":[{"embeddable":true,"href":"https:\/\/direito.ufpr.br\/index.php?rest_route=\/wp\/v2\/users\/54"}],"replies":[{"embeddable":true,"href":"https:\/\/direito.ufpr.br\/index.php?rest_route=%2Fwp%2Fv2%2Fcomments&post=37271"}],"version-history":[{"count":5,"href":"https:\/\/direito.ufpr.br\/index.php?rest_route=\/wp\/v2\/pages\/37271\/revisions"}],"predecessor-version":[{"id":38911,"href":"https:\/\/direito.ufpr.br\/index.php?rest_route=\/wp\/v2\/pages\/37271\/revisions\/38911"}],"wp:attachment":[{"href":"https:\/\/direito.ufpr.br\/index.php?rest_route=%2Fwp%2Fv2%2Fmedia&parent=37271"}],"curies":[{"name":"wp","href":"https:\/\/api.w.org\/{rel}","templated":true}]}}

ATAS DAS PLENÁRIAS –DEPARTAMENTO DE PRÁTICA JURÍDICA (2017)

<p><a href="https://direito.ufpr.br/wp-content/uploads/2022/07/Ata-18-plenaria-NPJ-15-fevereiro-2017.pdf">Ata da sessão plenária do Departamento de Prática Jurídica de 15/02/2017</a></p>
<p><a href="https://direito.ufpr.br/wp-content/uploads/2022/07/Ata-19-plenaria-NPJ-21-marco-2017-Salvo-Automaticamente-1.pdf">Ata da sessão plenária do Departamento de Prática Jurídica de 21/03/2017</a></p>
<p><a href="https://direito.ufpr.br/wp-content/uploads/2022/07/Ata-20-plenaria-NPJ-18-maio-2017-Salvo-Automaticamente.pdf">Ata da sessão plenária do Departamento de Prática Jurídica de 18/05/2017</a></p>
<p><a href="https://direito.ufpr.br/wp-content/uploads/2022/07/Ata-21-plenaria-NPJ-16-agosto-2017-Salvo-Automaticamente.pdf">Ata da sessão plenária do Departamento de Prática Jurídica de 16/08/2017</a></p>
<p><a href="https://direito.ufpr.br/wp-content/uploads/2022/07/Ata-22-plenaria-NPJ-26-setembro-2017-Salvo-Automaticamente.pdf">Ata da sessão plenária do Departamento de Prática Jurídica de 26/09/2017</a></p>

<p>Ata da sessão plenária do Departamento de Prática Jurídica de 15/02/2017 Ata da sessão plenária do Departamento de Prática Jurídica de 21/03/2017 Ata da sessão plenária do Departamento de Prática Jurídica de 18/05/2017 Ata da sessão plenária do Departamento de Prática Jurídica de 16/08/2017 Ata da sessão plenária do Departamento de Prática Jurídica de 26/09/2017</p>
