{"id":38784,"date":"2022-07-03T22:56:11","date_gmt":"2022-07-04T01:56:11","guid":{"rendered":"https:\/\/direito.ufpr.br\/?page_id=38784"},"modified":"2025-02-05T18:43:07","modified_gmt":"2025-02-05T21:43:07","slug":"formas-de-ingresso","status":"publish","type":"page","link":"https:\/\/direito.ufpr.br\/?page_id=38784","title":{"rendered":"FORMAS DE INGRESSO"},"content":{"rendered":"\n<p><a href=\"https:\/\/servicos.nc.ufpr.br\/PortalNC\/Home\">Vestibular<\/a><\/p>\n\n\n\n<p><a href=\"http:\/\/www.prograd.ufpr.br\/portal\/informacoesprovar\/\">Transfer\u00eancia PROVAR<\/a><\/p>\n\n\n\n<p><a href=\"http:\/\/www.prograd.ufpr.br\/portal\/copap\/transferencias\/\">Transfer\u00eancia ex-off\u00edcio<\/a><\/p>\n\n\n\n<p><a href=\"http:\/\/www.prograd.ufpr.br\/portal\/informacoesprovar\/\">Mudan\u00e7a de Turno  PROVAR<\/a><\/p>\n","protected":false},"excerpt":{"rendered":"<p>Vestibular Transfer\u00eancia PROVAR Transfer\u00eancia ex-off\u00edcio Mudan\u00e7a de Turno PROVAR<\/p>\n","protected":false},"author":54,"featured_media":0,"parent":0,"menu_order":0,"comment_status":"closed","ping_status":"closed","template":"coordencao.php","meta":{"_acf_changed":false,"_eb_attr":"","footnotes":""},"class_list":["post-38784","page","type-page","status-publish","hentry"],"acf":[],"_links":{"self":[{"href":"https:\/\/direito.ufpr.br\/index.php?rest_route=\/wp\/v2\/pages\/38784","targetHints":{"allow":["GET"]}}],"collection":[{"href":"https:\/\/direito.ufpr.br\/index.php?rest_route=\/wp\/v2\/pages"}],"about":[{"href":"https:\/\/direito.ufpr.br\/index.php?rest_route=\/wp\/v2\/types\/page"}],"author":[{"embeddable":true,"href":"https:\/\/direito.ufpr.br\/index.php?rest_route=\/wp\/v2\/users\/54"}],"replies":[{"embeddable":true,"href":"https:\/\/direito.ufpr.br\/index.php?rest_route=%2Fwp%2Fv2%2Fcomments&post=38784"}],"version-history":[{"count":8,"href":"https:\/\/direito.ufpr.br\/index.php?rest_route=\/wp\/v2\/pages\/38784\/revisions"}],"predecessor-version":[{"id":51086,"href":"https:\/\/direito.ufpr.br\/index.php?rest_route=\/wp\/v2\/pages\/38784\/revisions\/51086"}],"wp:attachment":[{"href":"https:\/\/direito.ufpr.br\/index.php?rest_route=%2Fwp%2Fv2%2Fmedia&parent=38784"}],"curies":[{"name":"wp","href":"https:\/\/api.w.org\/{rel}","templated":true}]}}

<p><a href="https://servicos.nc.ufpr.br/PortalNC/Home">Vestibular</a></p>



<p><a href="http://www.prograd.ufpr.br/portal/informacoesprovar/">Transferência PROVAR</a></p>



<p><a href="http://www.prograd.ufpr.br/portal/copap/transferencias/">Transferência ex-offício</a></p>



<p><a href="http://www.prograd.ufpr.br/portal/informacoesprovar/">Mudança de Turno  PROVAR</a></p>

<p>Vestibular Transferência PROVAR Transferência ex-offício Mudança de Turno PROVAR</p>
