{"id":42712,"date":"2023-05-17T10:55:11","date_gmt":"2023-05-17T13:55:11","guid":{"rendered":"https:\/\/direito.ufpr.br\/?page_id=42712"},"modified":"2025-08-27T11:25:10","modified_gmt":"2025-08-27T14:25:10","slug":"42712-2","status":"publish","type":"page","link":"https:\/\/direito.ufpr.br\/?page_id=42712","title":{"rendered":""},"content":{"rendered":"\n<p class=\"has-text-align-center has-medium-font-size\"><strong>2025<\/strong><\/p>\n\n\n\n<figure class=\"wp-block-table\"><table><tbody><tr><td class=\"has-text-align-center\" data-align=\"center\"><strong>REUNI\u00c3O<\/strong><\/td><td class=\"has-text-align-center\" data-align=\"center\"><strong>FECHAMENTO DE PAUTA<\/strong><\/td><td class=\"has-text-align-center\" data-align=\"center\"><strong>DATA DE REUNI\u00c3O<\/strong><\/td><td class=\"has-text-align-center\" data-align=\"center\"><strong>HOR\u00c1RIO<\/strong><\/td><td class=\"has-text-align-center\" data-align=\"center\"><strong>ATA<\/strong><\/td><\/tr><tr><td class=\"has-text-align-center\" data-align=\"center\">32<\/td><td class=\"has-text-align-center\" data-align=\"center\">23h59 de 05\/12\/25<\/td><td class=\"has-text-align-center\" data-align=\"center\">sexta, 12\/12\/25<\/td><td class=\"has-text-align-center\" data-align=\"center\">14h<\/td><td class=\"has-text-align-center\" data-align=\"center\">&nbsp;<\/td><\/tr><tr><td class=\"has-text-align-center\" data-align=\"center\">31<\/td><td class=\"has-text-align-center\" data-align=\"center\">23h59 de 17\/10\/25<\/td><td class=\"has-text-align-center\" data-align=\"center\">sexta, 24\/10\/25<\/td><td class=\"has-text-align-center\" data-align=\"center\">14h<\/td><td class=\"has-text-align-center\" data-align=\"center\">&nbsp;<\/td><\/tr><tr><td class=\"has-text-align-center\" data-align=\"center\">30<\/td><td class=\"has-text-align-center\" data-align=\"center\">23h59 de 19\/09\/25<\/td><td class=\"has-text-align-center\" data-align=\"center\">sexta, 26\/09\/25<\/td><td class=\"has-text-align-center\" data-align=\"center\">14h<\/td><td class=\"has-text-align-center\" data-align=\"center\">&nbsp;<\/td><\/tr><tr><td class=\"has-text-align-center\" data-align=\"center\">29<\/td><td class=\"has-text-align-center\" data-align=\"center\">23h59 de 15\/08\/25<\/td><td class=\"has-text-align-center\" data-align=\"center\">sexta, 29\/08\/25<\/td><td class=\"has-text-align-center\" data-align=\"center\">14h<\/td><td class=\"has-text-align-center\" data-align=\"center\">&nbsp;<\/td><\/tr><tr><td class=\"has-text-align-center\" data-align=\"center\">28<\/td><td class=\"has-text-align-center\" data-align=\"center\">23h59 de 16\/05\/25<\/td><td class=\"has-text-align-center\" data-align=\"center\">sexta, 23\/05\/25<\/td><td class=\"has-text-align-center\" data-align=\"center\">14h<\/td><td class=\"has-text-align-center\" data-align=\"center\">&nbsp;<\/td><\/tr><tr><td class=\"has-text-align-center\" data-align=\"center\">27<\/td><td class=\"has-text-align-center\" data-align=\"center\">23h59 de 18\/04\/25<\/td><td class=\"has-text-align-center\" data-align=\"center\">sexta, 25\/04\/25<\/td><td class=\"has-text-align-center\" data-align=\"center\">14h<\/td><td class=\"has-text-align-center\" data-align=\"center\"><a href=\"https:\/\/direito.ufpr.br\/wp-content\/uploads\/2025\/08\/27_reuniao_CSE.pdf\">&#x2705;<\/a>\u00a0<\/td><\/tr><tr><td class=\"has-text-align-center\" data-align=\"center\">26<\/td><td class=\"has-text-align-center\" data-align=\"center\">23h59 de 07\/03\/25<\/td><td class=\"has-text-align-center\" data-align=\"center\">sexta, 14\/03\/25<\/td><td class=\"has-text-align-center\" data-align=\"center\">14h<\/td><td class=\"has-text-align-center\" data-align=\"center\">&nbsp;<a href=\"https:\/\/direito.ufpr.br\/wp-content\/uploads\/2025\/08\/26_reuniao_CSE.pdf\">&#x2705;<\/a><\/td><\/tr><\/tbody><\/table><\/figure>\n\n\n\n<p class=\"has-text-align-center has-medium-font-size\"><strong>2024<\/strong><\/p>\n\n\n\n<figure class=\"wp-block-table\"><table><tbody><tr><td class=\"has-text-align-center\" data-align=\"center\"><strong>REUNI\u00c3O<\/strong><\/td><td class=\"has-text-align-center\" data-align=\"center\"><strong>FECHAMENTO<\/strong>&nbsp;<strong>DE PAUTA<\/strong><\/td><td class=\"has-text-align-center\" data-align=\"center\"><strong>DATA<\/strong>&nbsp;<strong>DE REUNI\u00c3O<\/strong><\/td><td class=\"has-text-align-center\" data-align=\"center\"><strong>HOR\u00c1RIO<\/strong><\/td><td class=\"has-text-align-center\" data-align=\"center\"><strong>ATA<\/strong><\/td><\/tr><tr><td class=\"has-text-align-center\" data-align=\"center\">25<\/td><td class=\"has-text-align-center\" data-align=\"center\">23h59 do dia 29\/11\/24<\/td><td class=\"has-text-align-center\" data-align=\"center\">sexta, dia 12\/12\/24<\/td><td class=\"has-text-align-center\" data-align=\"center\">14h<\/td><td class=\"has-text-align-center\" data-align=\"center\"><a href=\"https:\/\/direito.ufpr.br\/wp-content\/uploads\/2025\/08\/25_reuniao_CSE.pdf\">&#x2705;<\/a><\/td><\/tr><tr><td class=\"has-text-align-center\" data-align=\"center\">24<\/td><td class=\"has-text-align-center\" data-align=\"center\">23h59 do dia 18\/10\/24<\/td><td class=\"has-text-align-center\" data-align=\"center\">sexta, dia 25\/10\/24<\/td><td class=\"has-text-align-center\" data-align=\"center\">14h<\/td><td class=\"has-text-align-center\" data-align=\"center\"><a href=\"https:\/\/direito.ufpr.br\/wp-content\/uploads\/2025\/01\/ATA_24_REUNIAO_CSE.pdf\">&#x2705;<\/a><\/td><\/tr><tr><td class=\"has-text-align-center\" data-align=\"center\">2\u00aa EXT.<\/td><td class=\"has-text-align-center\" data-align=\"center\">23h59 do dia 23\/09\/24<\/td><td class=\"has-text-align-center\" data-align=\"center\">sexta, dia 27\/09\/24<\/td><td class=\"has-text-align-center\" data-align=\"center\">14h<\/td><td class=\"has-text-align-center\" data-align=\"center\"><a href=\"https:\/\/direito.ufpr.br\/wp-content\/uploads\/2024\/10\/ATA_2_REUNIAO_EXTRAORDINARIA_CSE_270924.pdf\">&#x2705;<\/a><\/td><\/tr><tr><td class=\"has-text-align-center\" data-align=\"center\">23<\/td><td class=\"has-text-align-center\" data-align=\"center\">23h59 do dia 02\/09\/24<\/td><td class=\"has-text-align-center\" data-align=\"center\">sexta, dia 13\/09\/24<\/td><td class=\"has-text-align-center\" data-align=\"center\">14h<\/td><td class=\"has-text-align-center\" data-align=\"center\">&nbsp;<a href=\"https:\/\/direito.ufpr.br\/wp-content\/uploads\/2024\/10\/ATA_23_REUNIAO_ORDINARIA_CSE_130624.pdf\">&#x2705;<\/a><\/td><\/tr><tr><td class=\"has-text-align-center\" data-align=\"center\">1\u00aa EXT.<\/td><td class=\"has-text-align-center\" data-align=\"center\">23h59 do dia 24\/04\/24<\/td><td class=\"has-text-align-center\" data-align=\"center\">sexta, dia 26\/04\/24<\/td><td class=\"has-text-align-center\" data-align=\"center\">14h<\/td><td class=\"has-text-align-center\" data-align=\"center\"><a href=\"https:\/\/direito.ufpr.br\/wp-content\/uploads\/2024\/09\/ATA-1-EXTRAORDINARIA.pdf\">&#x2705;<\/a><\/td><\/tr><tr><td class=\"has-text-align-center\" data-align=\"center\">22<\/td><td class=\"has-text-align-center\" data-align=\"center\">23h59 do dia 15\/03\/24<\/td><td class=\"has-text-align-center\" data-align=\"center\">sexta, dia 22\/03\/24<\/td><td class=\"has-text-align-center\" data-align=\"center\">14h<\/td><td class=\"has-text-align-center\" data-align=\"center\"><a href=\"https:\/\/direito.ufpr.br\/wp-content\/uploads\/2024\/09\/ATA-22-REUNIAO.pdf\">&#x2705;<\/a><\/td><\/tr><\/tbody><\/table><\/figure>\n\n\n\n<p class=\"has-text-align-center has-medium-font-size\"><strong>2023<\/strong><\/p>\n\n\n\n<div class=\"wp-block-group\"><div class=\"wp-block-group__inner-container is-layout-flow wp-block-group-is-layout-flow\">\n<figure class=\"wp-block-table is-style-regular\"><table><tbody><tr><td class=\"has-text-align-center\" data-align=\"center\"><strong>REUNI\u00c3O<\/strong><\/td><td class=\"has-text-align-center\" data-align=\"center\"><strong>FECHAMENTO<\/strong> <strong>DE PAUTA<\/strong><\/td><td class=\"has-text-align-center\" data-align=\"center\"><strong>DATA<\/strong> <strong>DE REUNI\u00c3O<\/strong><\/td><td class=\"has-text-align-center\" data-align=\"center\"><strong>HOR\u00c1RIO<\/strong><\/td><td class=\"has-text-align-center\" data-align=\"center\"><strong>ATA<\/strong><\/td><\/tr><tr><td class=\"has-text-align-center\" data-align=\"center\">&nbsp;21<\/td><td class=\"has-text-align-center\" data-align=\"center\">23h59 do dia 24\/11\/23<\/td><td class=\"has-text-align-center\" data-align=\"center\">&nbsp; sexta, dia 01\/12\/23<\/td><td class=\"has-text-align-center\" data-align=\"center\">13h30<\/td><td class=\"has-text-align-center\" data-align=\"center\"><a href=\"https:\/\/direito.ufpr.br\/wp-content\/uploads\/2024\/03\/ATA_21_REUNIAO_CSE.pdf\">&#x2705;<\/a><\/td><\/tr><tr><td class=\"has-text-align-center\" data-align=\"center\">&nbsp;20<\/td><td class=\"has-text-align-center\" data-align=\"center\">23h59 do dia 13\/10\/23<\/td><td class=\"has-text-align-center\" data-align=\"center\">sexta, dia 20\/10\/23<\/td><td class=\"has-text-align-center\" data-align=\"center\">14h<\/td><td class=\"has-text-align-center\" data-align=\"center\"><a href=\"https:\/\/direito.ufpr.br\/wp-content\/uploads\/2023\/12\/ATA_20_REUNIAO_CSE.pdf\">&#x2705;<\/a><\/td><\/tr><tr><td class=\"has-text-align-center\" data-align=\"center\">&nbsp;19<\/td><td class=\"has-text-align-center\" data-align=\"center\">&nbsp; 23h59 do dia 15\/09\/23<\/td><td class=\"has-text-align-center\" data-align=\"center\">&nbsp; sexta, dia 22\/09\/23<\/td><td class=\"has-text-align-center\" data-align=\"center\">14h<\/td><td class=\"has-text-align-center\" data-align=\"center\"><a href=\"https:\/\/direito.ufpr.br\/wp-content\/uploads\/2023\/10\/ATA_19_REUNIAO_CSE.pdf\">&#x2705;<\/a><\/td><\/tr><tr><td class=\"has-text-align-center\" data-align=\"center\">&nbsp;18<\/td><td class=\"has-text-align-center\" data-align=\"center\">23h59 do dia 11\/08\/23<\/td><td class=\"has-text-align-center\" data-align=\"center\">sexta, dia 18\/08\/23<\/td><td class=\"has-text-align-center\" data-align=\"center\">14h<\/td><td class=\"has-text-align-center\" data-align=\"center\"><a href=\"https:\/\/direito.ufpr.br\/wp-content\/uploads\/2023\/09\/ATA_18_REUNIAO_ORDINARIA_CSE.pdf\">&#x2705;<\/a><\/td><\/tr><tr><td class=\"has-text-align-center\" data-align=\"center\">&nbsp;17<\/td><td class=\"has-text-align-center\" data-align=\"center\">23h59 do dia 09\/06\/23<\/td><td class=\"has-text-align-center\" data-align=\"center\">&nbsp; sexta, dia 16\/06\/23<\/td><td class=\"has-text-align-center\" data-align=\"center\">14h<\/td><td class=\"has-text-align-center\" data-align=\"center\"><a href=\"https:\/\/direito.ufpr.br\/wp-content\/uploads\/2023\/09\/ATA_17_REUNIAO_CSE-1.pdf\">&#x2705;<\/a><\/td><\/tr><tr><td class=\"has-text-align-center\" data-align=\"center\">&nbsp;16<\/td><td class=\"has-text-align-center\" data-align=\"center\">23h59 do dia 12\/05\/23<\/td><td class=\"has-text-align-center\" data-align=\"center\">&nbsp; sexta, dia 19\/05\/23<\/td><td class=\"has-text-align-center\" data-align=\"center\">14h<\/td><td class=\"has-text-align-center\" data-align=\"center\"><a href=\"https:\/\/direito.ufpr.br\/wp-content\/uploads\/2023\/06\/ATA_16_REUNIAO_CSE_190523-1.pdf\">&#x2705;<\/a><\/td><\/tr><tr><td class=\"has-text-align-center\" data-align=\"center\">15<\/td><td class=\"has-text-align-center\" data-align=\"center\">23h59 do dia 24\/03\/23<\/td><td class=\"has-text-align-center\" data-align=\"center\">sexta, dia 31\/03\/23<\/td><td class=\"has-text-align-center\" data-align=\"center\">14h<\/td><td class=\"has-text-align-center\" data-align=\"center\"><a href=\"https:\/\/direito.ufpr.br\/wp-content\/uploads\/2023\/06\/ATA_15_REUNIAO_CSE_JD_UFPR_310323.pdf\">&#x2705;<\/a>&nbsp;<\/td><\/tr><\/tbody><\/table><\/figure>\n<\/div><\/div>\n\n\n\n<p class=\"has-text-align-center has-medium-font-size\"><strong>2022<\/strong><\/p>\n\n\n\n<figure class=\"wp-block-table is-style-regular\"><table><tbody><tr><td class=\"has-text-align-center\" data-align=\"center\"><strong>REUNI\u00c3O<\/strong><\/td><td class=\"has-text-align-center\" data-align=\"center\"><strong>FECHAMENTO<\/strong> <strong>DE PAUTA<\/strong><\/td><td class=\"has-text-align-center\" data-align=\"center\"><strong>DATA<\/strong> <strong>DE REUNI\u00c3O<\/strong><\/td><td class=\"has-text-align-center\" data-align=\"center\"><strong>HOR\u00c1RIO<\/strong><\/td><td class=\"has-text-align-center\" data-align=\"center\"><strong>ATA<\/strong><\/td><\/tr><tr><td class=\"has-text-align-center\" data-align=\"center\">14<\/td><td class=\"has-text-align-center\" data-align=\"center\">23h59 do dia 09\/12\/22<\/td><td class=\"has-text-align-center\" data-align=\"center\">sexta, dia 16\/12\/22<\/td><td class=\"has-text-align-center\" data-align=\"center\">13h30<\/td><td class=\"has-text-align-center\" data-align=\"center\"><a href=\"https:\/\/direito.ufpr.br\/wp-content\/uploads\/2023\/06\/ATA_14_REUNIAO_CSE_JD_UFPR_161222.pdf\">&#x2705;<\/a><\/td><\/tr><\/tbody><\/table><\/figure>\n","protected":false},"excerpt":{"rendered":"<p>2025 REUNI\u00c3O FECHAMENTO DE PAUTA DATA DE REUNI\u00c3O HOR\u00c1RIO ATA 32 23h59 de 05\/12\/25 sexta, 12\/12\/25 14h &nbsp; 31 23h59 de 17\/10\/25 sexta, 24\/10\/25 14h &nbsp; 30 23h59 de 19\/09\/25 sexta, 26\/09\/25 14h &nbsp; 29 23h59 de 15\/08\/25 sexta, 29\/08\/25 14h &nbsp; 28 23h59 de 16\/05\/25 sexta, 23\/05\/25 14h &nbsp; 27 23h59 de 18\/04\/25 sexta, [&hellip;]<\/p>\n","protected":false},"author":52,"featured_media":0,"parent":0,"menu_order":0,"comment_status":"closed","ping_status":"closed","template":"","meta":{"_acf_changed":false,"_eb_attr":"","footnotes":""},"class_list":["post-42712","page","type-page","status-publish","hentry"],"acf":[],"_links":{"self":[{"href":"https:\/\/direito.ufpr.br\/index.php?rest_route=\/wp\/v2\/pages\/42712","targetHints":{"allow":["GET"]}}],"collection":[{"href":"https:\/\/direito.ufpr.br\/index.php?rest_route=\/wp\/v2\/pages"}],"about":[{"href":"https:\/\/direito.ufpr.br\/index.php?rest_route=\/wp\/v2\/types\/page"}],"author":[{"embeddable":true,"href":"https:\/\/direito.ufpr.br\/index.php?rest_route=\/wp\/v2\/users\/52"}],"replies":[{"embeddable":true,"href":"https:\/\/direito.ufpr.br\/index.php?rest_route=%2Fwp%2Fv2%2Fcomments&post=42712"}],"version-history":[{"count":85,"href":"https:\/\/direito.ufpr.br\/index.php?rest_route=\/wp\/v2\/pages\/42712\/revisions"}],"predecessor-version":[{"id":53263,"href":"https:\/\/direito.ufpr.br\/index.php?rest_route=\/wp\/v2\/pages\/42712\/revisions\/53263"}],"wp:attachment":[{"href":"https:\/\/direito.ufpr.br\/index.php?rest_route=%2Fwp%2Fv2%2Fmedia&parent=42712"}],"curies":[{"name":"wp","href":"https:\/\/api.w.org\/{rel}","templated":true}]}}