{"id":43356,"date":"2023-06-06T14:48:33","date_gmt":"2023-06-06T17:48:33","guid":{"rendered":"https:\/\/direito.ufpr.br\/?page_id=43356"},"modified":"2023-06-15T16:16:49","modified_gmt":"2023-06-15T19:16:49","slug":"43356-2","status":"publish","type":"page","link":"https:\/\/direito.ufpr.br\/?page_id=43356","title":{"rendered":""},"content":{"rendered":"\n<figure class=\"wp-block-image size-large\"><img loading=\"lazy\" decoding=\"async\" width=\"1024\" height=\"200\" src=\"https:\/\/direito.ufpr.br\/wp-content\/uploads\/2022\/01\/Barra-superior-Edital-IC-1.jpg\" alt=\"\" class=\"wp-image-34182\" srcset=\"https:\/\/direito.ufpr.br\/wp-content\/uploads\/2022\/01\/Barra-superior-Edital-IC-1.jpg 1024w, https:\/\/direito.ufpr.br\/wp-content\/uploads\/2022\/01\/Barra-superior-Edital-IC-1-300x59.jpg 300w, https:\/\/direito.ufpr.br\/wp-content\/uploads\/2022\/01\/Barra-superior-Edital-IC-1-768x150.jpg 768w\" sizes=\"auto, (max-width: 1024px) 100vw, 1024px\" \/><\/figure>\n\n\n\n<p>A forma mais acess\u00edvel de fomento \u00e0 pesquisa para professores\/pesquisadores e de ingresso dos alunos de gradua\u00e7\u00e3o \u00e0 pesquisa s\u00e3o os editais anuais, de inicia\u00e7\u00e3o cient\u00edfica (IC, PIBIC-CNPq, UFPR\/TN, Funda\u00e7\u00e3o Arauc\u00e1ria e IC-Volunt\u00e1ria) e de a\u00e7\u00f5es afirmativas (IC-Af), gerenciados pela Coordenadoria de Inicia\u00e7\u00e3o Cient\u00edfica da UFPR (PRPPG\/UFPR \u2013 <a href=\"http:\/\/www.prppg.ufpr.br\/site\/ic\/\">http:\/\/www.prppg.ufpr.br\/site\/ic\/<\/a>). <\/p>\n\n\n\n<p>As normas de participa\u00e7\u00e3o de orientadores nos editais (abertas a todos os professores, DE, 40 horas e 20 horas) estimulam o aumento da produ\u00e7\u00e3o cient\u00edfica e incentivam a participa\u00e7\u00e3o dos estudantes de gradua\u00e7\u00e3o em projetos de pesquisa, para que desenvolvam o pensamento e a pr\u00e1tica cient\u00edficos sob a orienta\u00e7\u00e3o dos pesquisadores. <\/p>\n\n\n\n<p>Os estudantes de gradua\u00e7\u00e3o a partir do segundo ano do curso podem participar das atividades de inicia\u00e7\u00e3o cient\u00edfica e concorrer a bolsas de pesquisa.<\/p>\n\n\n\n<div class=\"wp-block-columns is-layout-flex wp-container-core-columns-is-layout-9d6595d7 wp-block-columns-is-layout-flex\">\n<div class=\"wp-block-column is-layout-flow wp-block-column-is-layout-flow\">\n<div class=\"wp-block-buttons is-layout-flex wp-block-buttons-is-layout-flex\">\n<div class=\"wp-block-button\"><a class=\"wp-block-button__link has-background\" href=\"https:\/\/direito.ufpr.br\/?page_id=43360\" style=\"background-color:#650002\">Sele\u00e7\u00e3o de estudantes<\/a><\/div>\n<\/div>\n<\/div>\n\n\n\n<div class=\"wp-block-column is-layout-flow wp-block-column-is-layout-flow\">\n<div class=\"wp-block-buttons is-layout-flex wp-block-buttons-is-layout-flex\">\n<div class=\"wp-block-button\"><a class=\"wp-block-button__link has-background\" href=\"https:\/\/direito.ufpr.br\/?page_id=43632\" style=\"background-color:#650002\">Normas gerais<\/a><\/div>\n<\/div>\n<\/div>\n\n\n\n<div class=\"wp-block-column is-layout-flow wp-block-column-is-layout-flow\"><\/div>\n<\/div>\n","protected":false},"excerpt":{"rendered":"<p>A forma mais acess\u00edvel de fomento \u00e0 pesquisa para professores\/pesquisadores e de ingresso dos alunos de gradua\u00e7\u00e3o \u00e0 pesquisa s\u00e3o os editais anuais, de inicia\u00e7\u00e3o cient\u00edfica (IC, PIBIC-CNPq, UFPR\/TN, Funda\u00e7\u00e3o Arauc\u00e1ria e IC-Volunt\u00e1ria) e de a\u00e7\u00f5es afirmativas (IC-Af), gerenciados pela Coordenadoria de Inicia\u00e7\u00e3o Cient\u00edfica da UFPR (PRPPG\/UFPR \u2013 http:\/\/www.prppg.ufpr.br\/site\/ic\/). As normas de participa\u00e7\u00e3o de orientadores [&hellip;]<\/p>\n","protected":false},"author":52,"featured_media":0,"parent":0,"menu_order":0,"comment_status":"closed","ping_status":"closed","template":"","meta":{"_acf_changed":false,"_eb_attr":"","footnotes":""},"class_list":["post-43356","page","type-page","status-publish","hentry"],"acf":[],"_links":{"self":[{"href":"https:\/\/direito.ufpr.br\/index.php?rest_route=\/wp\/v2\/pages\/43356","targetHints":{"allow":["GET"]}}],"collection":[{"href":"https:\/\/direito.ufpr.br\/index.php?rest_route=\/wp\/v2\/pages"}],"about":[{"href":"https:\/\/direito.ufpr.br\/index.php?rest_route=\/wp\/v2\/types\/page"}],"author":[{"embeddable":true,"href":"https:\/\/direito.ufpr.br\/index.php?rest_route=\/wp\/v2\/users\/52"}],"replies":[{"embeddable":true,"href":"https:\/\/direito.ufpr.br\/index.php?rest_route=%2Fwp%2Fv2%2Fcomments&post=43356"}],"version-history":[{"count":16,"href":"https:\/\/direito.ufpr.br\/index.php?rest_route=\/wp\/v2\/pages\/43356\/revisions"}],"predecessor-version":[{"id":43709,"href":"https:\/\/direito.ufpr.br\/index.php?rest_route=\/wp\/v2\/pages\/43356\/revisions\/43709"}],"wp:attachment":[{"href":"https:\/\/direito.ufpr.br\/index.php?rest_route=%2Fwp%2Fv2%2Fmedia&parent=43356"}],"curies":[{"name":"wp","href":"https:\/\/api.w.org\/{rel}","templated":true}]}}

<figure class="wp-block-image size-large"><img loading="lazy" decoding="async" width="1024" height="200" src="https://direito.ufpr.br/wp-content/uploads/2022/01/Barra-superior-Edital-IC-1.jpg" alt="" class="wp-image-34182" srcset="https://direito.ufpr.br/wp-content/uploads/2022/01/Barra-superior-Edital-IC-1.jpg 1024w, https://direito.ufpr.br/wp-content/uploads/2022/01/Barra-superior-Edital-IC-1-300x59.jpg 300w, https://direito.ufpr.br/wp-content/uploads/2022/01/Barra-superior-Edital-IC-1-768x150.jpg 768w" sizes="auto, (max-width: 1024px) 100vw, 1024px" /></figure>



<p>A forma mais acessível de fomento à pesquisa para professores/pesquisadores e de ingresso dos alunos de graduação à pesquisa são os editais anuais, de iniciação científica (IC, PIBIC-CNPq, UFPR/TN, Fundação Araucária e IC-Voluntária) e de ações afirmativas (IC-Af), gerenciados pela Coordenadoria de Iniciação Científica da UFPR (PRPPG/UFPR – <a href="http://www.prppg.ufpr.br/site/ic/">http://www.prppg.ufpr.br/site/ic/</a>). </p>



<p>As normas de participação de orientadores nos editais (abertas a todos os professores, DE, 40 horas e 20 horas) estimulam o aumento da produção científica e incentivam a participação dos estudantes de graduação em projetos de pesquisa, para que desenvolvam o pensamento e a prática científicos sob a orientação dos pesquisadores. </p>



<p>Os estudantes de graduação a partir do segundo ano do curso podem participar das atividades de iniciação científica e concorrer a bolsas de pesquisa.</p>



<div class="wp-block-columns is-layout-flex wp-container-core-columns-is-layout-9d6595d7 wp-block-columns-is-layout-flex">
<div class="wp-block-column is-layout-flow wp-block-column-is-layout-flow">
<div class="wp-block-buttons is-layout-flex wp-block-buttons-is-layout-flex">
<div class="wp-block-button"><a class="wp-block-button__link has-background" href="https://direito.ufpr.br/?page_id=43360" style="background-color:#650002">Seleção de estudantes</a></div>
</div>
</div>



<div class="wp-block-column is-layout-flow wp-block-column-is-layout-flow">
<div class="wp-block-buttons is-layout-flex wp-block-buttons-is-layout-flex">
<div class="wp-block-button"><a class="wp-block-button__link has-background" href="https://direito.ufpr.br/?page_id=43632" style="background-color:#650002">Normas gerais</a></div>
</div>
</div>



<div class="wp-block-column is-layout-flow wp-block-column-is-layout-flow"></div>
</div>

<p>A forma mais acessível de fomento à pesquisa para professores/pesquisadores e de ingresso dos alunos de graduação à pesquisa são os editais anuais, de iniciação científica (IC, PIBIC-CNPq, UFPR/TN, Fundação Araucária e IC-Voluntária) e de ações afirmativas (IC-Af), gerenciados pela Coordenadoria de Iniciação Científica da UFPR (PRPPG/UFPR – http://www.prppg.ufpr.br/site/ic/). As normas de participação de orientadores [&hellip;]</p>
