{"id":43926,"date":"2023-06-27T11:22:47","date_gmt":"2023-06-27T14:22:47","guid":{"rendered":"https:\/\/direito.ufpr.br\/?page_id=43926"},"modified":"2024-04-02T09:26:52","modified_gmt":"2024-04-02T12:26:52","slug":"43926-2","status":"publish","type":"page","link":"https:\/\/direito.ufpr.br\/?page_id=43926","title":{"rendered":""},"content":{"rendered":"\n<figure class=\"wp-block-image size-large\"><img loading=\"lazy\" decoding=\"async\" width=\"1024\" height=\"200\" src=\"https:\/\/direito.ufpr.br\/wp-content\/uploads\/2023\/06\/Reunioes-Ordinarias-\u2013-CSEJDUFPR-18.png\" alt=\"\" class=\"wp-image-43927\" srcset=\"https:\/\/direito.ufpr.br\/wp-content\/uploads\/2023\/06\/Reunioes-Ordinarias-\u2013-CSEJDUFPR-18.png 1024w, https:\/\/direito.ufpr.br\/wp-content\/uploads\/2023\/06\/Reunioes-Ordinarias-\u2013-CSEJDUFPR-18-300x59.png 300w, https:\/\/direito.ufpr.br\/wp-content\/uploads\/2023\/06\/Reunioes-Ordinarias-\u2013-CSEJDUFPR-18-768x150.png 768w\" sizes=\"auto, (max-width: 1024px) 100vw, 1024px\" \/><\/figure>\n\n\n\n<p>A institucionaliza\u00e7\u00e3o da pesquisa na Faculdade de Direito da UFPR, tanto na gradua\u00e7\u00e3o quanto na p\u00f3s-gradua\u00e7\u00e3o, ocorre atrav\u00e9s das atividades de professores pesquisadores e alunos nos n\u00facleos e grupos de pesquisa.<\/p>\n\n\n\n<p>Atualmente, cerca de vinte desses n\u00facleos de pesquisas, al\u00e9m de institucionalizados na gradua\u00e7\u00e3o e\/ou na p\u00f3s-gradua\u00e7\u00e3o, tamb\u00e9m est\u00e3o certificados no Diret\u00f3rio de Grupos de Pesquisa (DGP) do CNPq, condi\u00e7\u00e3o essencial para a integra\u00e7\u00e3o da pesquisa e o acesso ao financiamento das ag\u00eancias de fomento \u00e0 pesquisa (CNPq, Capes, Funda\u00e7\u00e3o Arauc\u00e1ria, FINEP, etc.).<\/p>\n\n\n\n<p>As informa\u00e7\u00f5es sobre os n\u00facleos de pesquisa podem ser acessadas atrav\u00e9s das p\u00e1ginas do DGP\/CNPq (<a href=\"http:\/\/lattes.cnpq.br\/web\/dgp\">http:\/\/lattes.cnpq.br\/web\/dgp<\/a>) e da Faculdade de Direito (<a href=\"https:\/\/direito.ufpr.br\/\">https:\/\/direito.ufpr.br\/<\/a>). Os projetos de pesquisa desenvolvidos pelos professores\/pesquisadores da Faculdade de Direito podem ser acessados nas bases de informa\u00e7\u00f5es da Pr\u00f3-Reitoria de Pesquisa e P\u00f3s-Gradua\u00e7\u00e3o (PRPPG\/UFPR \u2013 <a href=\"http:\/\/www.prppg.ufpr.br\/site\/\">http:\/\/www.prppg.ufpr.br\/site\/<\/a>) e, sobretudo, na Plataforma Lattes do CNPq (<a href=\"http:\/\/buscatextual.cnpq.br\/buscatextual\/busca.do?metodo=apresentar\">http:\/\/buscatextual.cnpq.br\/buscatextual\/busca.do?metodo=apresentar<\/a>).<\/p>\n\n\n\n<div class=\"wp-block-columns is-layout-flex wp-container-core-columns-is-layout-9d6595d7 wp-block-columns-is-layout-flex\">\n<div class=\"wp-block-column is-layout-flow wp-block-column-is-layout-flow\">\n<div class=\"wp-block-buttons is-content-justification-center is-layout-flex wp-container-core-buttons-is-layout-16018d1d wp-block-buttons-is-layout-flex\">\n<div class=\"wp-block-button\"><a class=\"wp-block-button__link has-background wp-element-button\" href=\"https:\/\/direito.ufpr.br\/?page_id=44686\" style=\"background-color:#530000\">21 N\u00facleos de pesquisa<\/a><\/div>\n<\/div>\n<\/div>\n\n\n\n<div class=\"wp-block-column is-layout-flow wp-block-column-is-layout-flow\">\n<div class=\"wp-block-buttons is-content-justification-center is-layout-flex wp-container-core-buttons-is-layout-16018d1d wp-block-buttons-is-layout-flex\">\n<div class=\"wp-block-button\"><a class=\"wp-block-button__link has-white-color has-text-color has-background wp-element-button\" href=\"https:\/\/direito.ufpr.br\/?page_id=43934\" style=\"background-color:#520001\">201 Projetos de pesquisa<\/a><\/div>\n<\/div>\n<\/div>\n<\/div>\n\n\n\n<p class=\"has-cyan-bluish-gray-color has-text-color\">Atualizado em 02\/04\/2024<\/p>\n\n\n\n<p><\/p>\n","protected":false},"excerpt":{"rendered":"<p>A institucionaliza\u00e7\u00e3o da pesquisa na Faculdade de Direito da UFPR, tanto na gradua\u00e7\u00e3o quanto na p\u00f3s-gradua\u00e7\u00e3o, ocorre atrav\u00e9s das atividades de professores pesquisadores e alunos nos n\u00facleos e grupos de pesquisa. Atualmente, cerca de vinte desses n\u00facleos de pesquisas, al\u00e9m de institucionalizados na gradua\u00e7\u00e3o e\/ou na p\u00f3s-gradua\u00e7\u00e3o, tamb\u00e9m est\u00e3o certificados no Diret\u00f3rio de Grupos de [&hellip;]<\/p>\n","protected":false},"author":52,"featured_media":0,"parent":0,"menu_order":0,"comment_status":"closed","ping_status":"closed","template":"","meta":{"_acf_changed":false,"_eb_attr":"","footnotes":""},"class_list":["post-43926","page","type-page","status-publish","hentry"],"acf":[],"_links":{"self":[{"href":"https:\/\/direito.ufpr.br\/index.php?rest_route=\/wp\/v2\/pages\/43926","targetHints":{"allow":["GET"]}}],"collection":[{"href":"https:\/\/direito.ufpr.br\/index.php?rest_route=\/wp\/v2\/pages"}],"about":[{"href":"https:\/\/direito.ufpr.br\/index.php?rest_route=\/wp\/v2\/types\/page"}],"author":[{"embeddable":true,"href":"https:\/\/direito.ufpr.br\/index.php?rest_route=\/wp\/v2\/users\/52"}],"replies":[{"embeddable":true,"href":"https:\/\/direito.ufpr.br\/index.php?rest_route=%2Fwp%2Fv2%2Fcomments&post=43926"}],"version-history":[{"count":23,"href":"https:\/\/direito.ufpr.br\/index.php?rest_route=\/wp\/v2\/pages\/43926\/revisions"}],"predecessor-version":[{"id":46961,"href":"https:\/\/direito.ufpr.br\/index.php?rest_route=\/wp\/v2\/pages\/43926\/revisions\/46961"}],"wp:attachment":[{"href":"https:\/\/direito.ufpr.br\/index.php?rest_route=%2Fwp%2Fv2%2Fmedia&parent=43926"}],"curies":[{"name":"wp","href":"https:\/\/api.w.org\/{rel}","templated":true}]}}

<figure class="wp-block-image size-large"><img loading="lazy" decoding="async" width="1024" height="200" src="https://direito.ufpr.br/wp-content/uploads/2023/06/Reunioes-Ordinarias-–-CSEJDUFPR-18.png" alt="" class="wp-image-43927" srcset="https://direito.ufpr.br/wp-content/uploads/2023/06/Reunioes-Ordinarias-–-CSEJDUFPR-18.png 1024w, https://direito.ufpr.br/wp-content/uploads/2023/06/Reunioes-Ordinarias-–-CSEJDUFPR-18-300x59.png 300w, https://direito.ufpr.br/wp-content/uploads/2023/06/Reunioes-Ordinarias-–-CSEJDUFPR-18-768x150.png 768w" sizes="auto, (max-width: 1024px) 100vw, 1024px" /></figure>



<p>A institucionalização da pesquisa na Faculdade de Direito da UFPR, tanto na graduação quanto na pós-graduação, ocorre através das atividades de professores pesquisadores e alunos nos núcleos e grupos de pesquisa.</p>



<p>Atualmente, cerca de vinte desses núcleos de pesquisas, além de institucionalizados na graduação e/ou na pós-graduação, também estão certificados no Diretório de Grupos de Pesquisa (DGP) do CNPq, condição essencial para a integração da pesquisa e o acesso ao financiamento das agências de fomento à pesquisa (CNPq, Capes, Fundação Araucária, FINEP, etc.).</p>



<p>As informações sobre os núcleos de pesquisa podem ser acessadas através das páginas do DGP/CNPq (<a href="http://lattes.cnpq.br/web/dgp">http://lattes.cnpq.br/web/dgp</a>) e da Faculdade de Direito (<a href="https://direito.ufpr.br/">https://direito.ufpr.br/</a>). Os projetos de pesquisa desenvolvidos pelos professores/pesquisadores da Faculdade de Direito podem ser acessados nas bases de informações da Pró-Reitoria de Pesquisa e Pós-Graduação (PRPPG/UFPR – <a href="http://www.prppg.ufpr.br/site/">http://www.prppg.ufpr.br/site/</a>) e, sobretudo, na Plataforma Lattes do CNPq (<a href="http://buscatextual.cnpq.br/buscatextual/busca.do?metodo=apresentar">http://buscatextual.cnpq.br/buscatextual/busca.do?metodo=apresentar</a>).</p>



<div class="wp-block-columns is-layout-flex wp-container-core-columns-is-layout-9d6595d7 wp-block-columns-is-layout-flex">
<div class="wp-block-column is-layout-flow wp-block-column-is-layout-flow">
<div class="wp-block-buttons is-content-justification-center is-layout-flex wp-container-core-buttons-is-layout-16018d1d wp-block-buttons-is-layout-flex">
<div class="wp-block-button"><a class="wp-block-button__link has-background wp-element-button" href="https://direito.ufpr.br/?page_id=44686" style="background-color:#530000">21 Núcleos de pesquisa</a></div>
</div>
</div>



<div class="wp-block-column is-layout-flow wp-block-column-is-layout-flow">
<div class="wp-block-buttons is-content-justification-center is-layout-flex wp-container-core-buttons-is-layout-16018d1d wp-block-buttons-is-layout-flex">
<div class="wp-block-button"><a class="wp-block-button__link has-white-color has-text-color has-background wp-element-button" href="https://direito.ufpr.br/?page_id=43934" style="background-color:#520001">201 Projetos de pesquisa</a></div>
</div>
</div>
</div>



<p class="has-cyan-bluish-gray-color has-text-color">Atualizado em 02/04/2024</p>



<p></p>

<p>A institucionalização da pesquisa na Faculdade de Direito da UFPR, tanto na graduação quanto na pós-graduação, ocorre através das atividades de professores pesquisadores e alunos nos núcleos e grupos de pesquisa. Atualmente, cerca de vinte desses núcleos de pesquisas, além de institucionalizados na graduação e/ou na pós-graduação, também estão certificados no Diretório de Grupos de [&hellip;]</p>
