{"id":46208,"date":"2024-02-26T08:51:13","date_gmt":"2024-02-26T11:51:13","guid":{"rendered":"\/?page_id=46208"},"modified":"2024-11-08T08:52:54","modified_gmt":"2024-11-08T11:52:54","slug":"46208-2","status":"publish","type":"page","link":"https:\/\/direito.ufpr.br\/?page_id=46208","title":{"rendered":""},"content":{"rendered":"\n<div class=\"wp-block-columns is-layout-flex wp-container-core-columns-is-layout-9d6595d7 wp-block-columns-is-layout-flex\">\n<div class=\"wp-block-column is-layout-flow wp-block-column-is-layout-flow\">\n<p class=\"has-text-align-center has-text-color\" style=\"color:#5e0000;font-size:34px\"><strong>EDITAIS DE SELE\u00c7\u00c3O DE EXTENSIONISTAS &#8211; 2024<\/strong><\/p>\n<\/div>\n<\/div>\n\n\n\n<div class=\"wp-block-columns are-vertically-aligned-center is-layout-flex wp-container-core-columns-is-layout-9d6595d7 wp-block-columns-is-layout-flex\">\n<div class=\"wp-block-column is-vertically-aligned-center is-layout-flow wp-block-column-is-layout-flow\">\n<figure class=\"wp-block-image size-large\"><a href=\"https:\/\/direito.ufpr.br\/wp-content\/uploads\/2024\/04\/EDITAL_SELECAO_ESTUDANTES_PROJETO_IRRADIANDO_DIREITOS_UFPR_ABRIL_2024.pdf\"><img loading=\"lazy\" decoding=\"async\" width=\"724\" height=\"1024\" src=\"https:\/\/direito.ufpr.br\/wp-content\/uploads\/2024\/04\/FLUXO-CONTINUO-8-724x1024.png\" alt=\"\" class=\"wp-image-47237\" srcset=\"https:\/\/direito.ufpr.br\/wp-content\/uploads\/2024\/04\/FLUXO-CONTINUO-8-724x1024.png 724w, https:\/\/direito.ufpr.br\/wp-content\/uploads\/2024\/04\/FLUXO-CONTINUO-8-212x300.png 212w, https:\/\/direito.ufpr.br\/wp-content\/uploads\/2024\/04\/FLUXO-CONTINUO-8-768x1086.png 768w, https:\/\/direito.ufpr.br\/wp-content\/uploads\/2024\/04\/FLUXO-CONTINUO-8-1086x1536.png 1086w, https:\/\/direito.ufpr.br\/wp-content\/uploads\/2024\/04\/FLUXO-CONTINUO-8-1448x2048.png 1448w, https:\/\/direito.ufpr.br\/wp-content\/uploads\/2024\/04\/FLUXO-CONTINUO-8.png 1587w\" sizes=\"auto, (max-width: 724px) 100vw, 724px\" \/><\/a><\/figure>\n<\/div>\n\n\n\n<div class=\"wp-block-column is-vertically-aligned-center is-layout-flow wp-block-column-is-layout-flow\">\n<p style=\"font-size:18px\"><strong>PROJETO DE EXTENS\u00c3O UNIVERSIT\u00c1RIA <\/strong><\/p>\n\n\n\n<p style=\"font-size:18px\"><strong><em>IUSCAST<\/em>: IRRADIANDO DIREITOS &#8211; UFPR<\/strong><\/p>\n\n\n\n<p class=\"has-black-color has-text-color\" style=\"font-size:18px\"><strong>EDITAL DE SELE\u00c7\u00c3O DE ESTUDANTES VOLUNT\u00c1RIOS<\/strong><\/p>\n\n\n\n<p style=\"font-size:18px\"><strong>Coordenador:<\/strong> Jair dos Anjos<\/p>\n\n\n\n<p style=\"font-size:18px\"><strong>Inscri\u00e7\u00f5es:<\/strong> 28\/10\/2024 a 01\/11\/2024<\/p>\n\n\n\n<p style=\"font-size:18px\"><strong>Resultado: <\/strong>08\/11\/2024<\/p>\n\n\n\n<p style=\"font-size:18px\"><a href=\"https:\/\/direito.ufpr.br\/wp-content\/uploads\/2024\/10\/EDITAL_03_24_SELECAO_EXTENSIONISTAS_IUSCAST.pdf\"><strong>Edital de sele\u00e7\u00e3o<\/strong><\/a><\/p>\n\n\n\n<p style=\"font-size:18px\"><a href=\"https:\/\/direito.ufpr.br\/wp-content\/uploads\/2024\/11\/EDITAL_4_24_RESULTADO_SELECAO_EXTENSAO.pdf\"><strong>Edital de resultado<\/strong><\/a><\/p>\n\n\n\n<p style=\"font-size:18px\"><a href=\"https:\/\/forms.office.com\/r\/JKVhWWUzbS\"><strong>Formul\u00e1rio Eletr\u00f4nico de Inscri\u00e7\u00e3o<\/strong><\/a><\/p>\n\n\n\n<p class=\"has-vivid-cyan-blue-color has-text-color\" style=\"font-size:18px\"><strong><em><a href=\"https:\/\/www.instagram.com\/irradiando_direitos_ufpr\/\">Instagram<\/a><\/em><\/strong><\/p>\n<\/div>\n<\/div>\n\n\n\n<div class=\"wp-block-columns are-vertically-aligned-center is-layout-flex wp-container-core-columns-is-layout-9d6595d7 wp-block-columns-is-layout-flex\">\n<div class=\"wp-block-column is-vertically-aligned-center is-layout-flow wp-block-column-is-layout-flow\">\n<figure class=\"wp-block-image size-large\"><a href=\"https:\/\/direito.ufpr.br\/wp-content\/uploads\/2024\/04\/Edital-de-selecao-de-bolsista-2024-1.pdf\"><img loading=\"lazy\" decoding=\"async\" width=\"724\" height=\"1024\" src=\"https:\/\/direito.ufpr.br\/wp-content\/uploads\/2024\/04\/FLUXO-CONTINUO-6-724x1024.png\" alt=\"\" class=\"wp-image-47195\" srcset=\"https:\/\/direito.ufpr.br\/wp-content\/uploads\/2024\/04\/FLUXO-CONTINUO-6-724x1024.png 724w, https:\/\/direito.ufpr.br\/wp-content\/uploads\/2024\/04\/FLUXO-CONTINUO-6-212x300.png 212w, https:\/\/direito.ufpr.br\/wp-content\/uploads\/2024\/04\/FLUXO-CONTINUO-6-768x1086.png 768w, https:\/\/direito.ufpr.br\/wp-content\/uploads\/2024\/04\/FLUXO-CONTINUO-6-1086x1536.png 1086w, https:\/\/direito.ufpr.br\/wp-content\/uploads\/2024\/04\/FLUXO-CONTINUO-6-1448x2048.png 1448w, https:\/\/direito.ufpr.br\/wp-content\/uploads\/2024\/04\/FLUXO-CONTINUO-6.png 1587w\" sizes=\"auto, (max-width: 724px) 100vw, 724px\" \/><\/a><\/figure>\n<\/div>\n\n\n\n<div class=\"wp-block-column is-vertically-aligned-center is-layout-flow wp-block-column-is-layout-flow\">\n<p style=\"font-size:18px\"><strong>PROJETO: MOVIMENTO DE ASSESSORIA JUR\u00cdDICA POPULAR &#8211; ISABEL DA SILVA &#8211; MAJUP<\/strong><\/p>\n\n\n\n<p class=\"has-vivid-cyan-blue-color has-text-color\" style=\"font-size:18px\"><strong>EDITAL DE SELE\u00c7\u00c3O DE BOLSISTA 2024<\/strong><\/p>\n\n\n\n<p style=\"font-size:18px\"><strong>Coordenador:<\/strong> Prof. Ricardo Prestes Pazello<\/p>\n\n\n\n<p style=\"font-size:18px\"><strong><a href=\"https:\/\/direito.ufpr.br\/wp-content\/uploads\/2024\/04\/Edital-de-selecao-de-bolsista-2024.pdf\">Edital<\/a><\/strong><\/p>\n\n\n\n<p class=\"has-vivid-cyan-blue-color has-text-color\" style=\"font-size:18px\"><strong><a href=\"https:\/\/direito.ufpr.br\/wp-content\/uploads\/2024\/04\/Edital-do-resultado-de-selecao-de-bolsista-2024.pdf\">Edital de Resultado<\/a><\/strong><\/p>\n\n\n\n<p style=\"font-size:18px\"><strong>Inscri\u00e7\u00f5es:<\/strong> at\u00e9 \u00e0s 19h do dia 23\/04\/2024<\/p>\n\n\n\n<p style=\"font-size:18px\"><strong>Inscri\u00e7\u00f5es por e-mail:<\/strong> ricardo2p@yahoo.com.br<\/p>\n<\/div>\n<\/div>\n\n\n\n<div class=\"wp-block-columns is-layout-flex wp-container-core-columns-is-layout-9d6595d7 wp-block-columns-is-layout-flex\">\n<div class=\"wp-block-column is-layout-flow wp-block-column-is-layout-flow\">\n<figure class=\"wp-block-image size-large\"><a href=\"https:\/\/direito.ufpr.br\/wp-content\/uploads\/2024\/04\/edital-bolsa-PLP-2024.pdf\"><img loading=\"lazy\" decoding=\"async\" width=\"724\" height=\"1024\" src=\"https:\/\/direito.ufpr.br\/wp-content\/uploads\/2024\/04\/FLUXO-CONTINUO-5-724x1024.png\" alt=\"\" class=\"wp-image-47158\" srcset=\"https:\/\/direito.ufpr.br\/wp-content\/uploads\/2024\/04\/FLUXO-CONTINUO-5-724x1024.png 724w, https:\/\/direito.ufpr.br\/wp-content\/uploads\/2024\/04\/FLUXO-CONTINUO-5-212x300.png 212w, https:\/\/direito.ufpr.br\/wp-content\/uploads\/2024\/04\/FLUXO-CONTINUO-5-768x1086.png 768w, https:\/\/direito.ufpr.br\/wp-content\/uploads\/2024\/04\/FLUXO-CONTINUO-5-1086x1536.png 1086w, https:\/\/direito.ufpr.br\/wp-content\/uploads\/2024\/04\/FLUXO-CONTINUO-5-1448x2048.png 1448w, https:\/\/direito.ufpr.br\/wp-content\/uploads\/2024\/04\/FLUXO-CONTINUO-5.png 1587w\" sizes=\"auto, (max-width: 724px) 100vw, 724px\" \/><\/a><\/figure>\n<\/div>\n\n\n\n<div class=\"wp-block-column is-vertically-aligned-center is-layout-flow wp-block-column-is-layout-flow\">\n<p class=\"has-black-color has-text-color\" style=\"font-size:18px\"><strong>PROJETO: PROMOTORAS LEGAIS POPULARES &#8211; PLP\u2019s &#8211; 2024<\/strong><\/p>\n\n\n\n<p class=\"has-vivid-cyan-blue-color has-text-color\" style=\"font-size:18px\"><strong>EDITAL DE SELE\u00c7\u00c3O PARA BOLSA DE EXTENS\u00c3O (1 BOLSA)<\/strong><\/p>\n\n\n\n<p style=\"font-size:18px\"><strong>Coordenadora: <\/strong>Prof.\u00aa Clara Maria Roman Borges<\/p>\n\n\n\n<p style=\"font-size:18px\"><strong><a href=\"https:\/\/direito.ufpr.br\/wp-content\/uploads\/2024\/04\/edital-bolsa-PLP-2024.pdf\">Edital<\/a><\/strong><\/p>\n\n\n\n<p style=\"font-size:18px\"><strong>Inscri\u00e7\u00f5es:<\/strong> At\u00e9 \u00e0s 18h do dia 22\/04\/2024<\/p>\n\n\n\n<p style=\"font-size:18px\"><strong>Inscri\u00e7\u00f5es por e-mail:<\/strong> romanborges@uol.com.br <\/p>\n<\/div>\n<\/div>\n\n\n\n<div class=\"wp-block-columns is-layout-flex wp-container-core-columns-is-layout-9d6595d7 wp-block-columns-is-layout-flex\">\n<div class=\"wp-block-column is-layout-flow wp-block-column-is-layout-flow\">\n<figure class=\"wp-block-gallery has-nested-images columns-default is-cropped wp-block-gallery-1 is-layout-flex wp-block-gallery-is-layout-flex\">\n<figure class=\"wp-block-image size-large\"><a href=\"https:\/\/direito.ufpr.br\/wp-content\/uploads\/2024\/04\/Edital-de-Selecao-Projeto-Centro-de-Memoria.pdf\"><img loading=\"lazy\" decoding=\"async\" width=\"724\" height=\"1024\" data-id=\"47142\" src=\"https:\/\/direito.ufpr.br\/wp-content\/uploads\/2024\/04\/FLUXO-CONTINUO-4-724x1024.png\" alt=\"\" class=\"wp-image-47142\" srcset=\"https:\/\/direito.ufpr.br\/wp-content\/uploads\/2024\/04\/FLUXO-CONTINUO-4-724x1024.png 724w, https:\/\/direito.ufpr.br\/wp-content\/uploads\/2024\/04\/FLUXO-CONTINUO-4-212x300.png 212w, https:\/\/direito.ufpr.br\/wp-content\/uploads\/2024\/04\/FLUXO-CONTINUO-4-768x1086.png 768w, https:\/\/direito.ufpr.br\/wp-content\/uploads\/2024\/04\/FLUXO-CONTINUO-4-1086x1536.png 1086w, https:\/\/direito.ufpr.br\/wp-content\/uploads\/2024\/04\/FLUXO-CONTINUO-4-1448x2048.png 1448w, https:\/\/direito.ufpr.br\/wp-content\/uploads\/2024\/04\/FLUXO-CONTINUO-4.png 1587w\" sizes=\"auto, (max-width: 724px) 100vw, 724px\" \/><\/a><\/figure>\n<\/figure>\n<\/div>\n\n\n\n<div class=\"wp-block-column is-vertically-aligned-center is-layout-flow wp-block-column-is-layout-flow\">\n<p style=\"font-size:18px\"><strong>EDITAL DE SELE\u00c7\u00c3O DE EXTENSIONISTAS \u2013 2024<br>PROJETO DE EXTENS\u00c3O \u201cACERVO DE MEM\u00d3RIA E CULTURA DIREITO &#8211; UFPR\u201d<\/strong><\/p>\n\n\n\n<p style=\"font-size:15px\"><strong>Coordenador<\/strong>: Prof. Thiago Freitas Hansen<\/p>\n\n\n\n<p class=\"has-vivid-cyan-blue-color has-text-color\" style=\"font-size:15px\"><strong><a href=\"https:\/\/direito.ufpr.br\/wp-content\/uploads\/2024\/04\/Edital-de-Selecao-Projeto-Centro-de-Memoria.pdf\">Edital de sele\u00e7\u00e3o<\/a><\/strong><\/p>\n\n\n\n<p><strong>Inscri\u00e7\u00f5es<\/strong>: At\u00e9 21\/04\/2024<\/p>\n\n\n\n<p><a href=\"https:\/\/forms.office.com\/r\/teLUjSVM07\"><strong>Formul\u00e1rio Eletr\u00f4nico de Inscri\u00e7\u00e3o<\/strong><\/a><\/p>\n\n\n\n<p style=\"font-size:15px\"><\/p>\n\n\n\n<p><\/p>\n<\/div>\n<\/div>\n\n\n\n<div class=\"wp-block-columns is-layout-flex wp-container-core-columns-is-layout-9d6595d7 wp-block-columns-is-layout-flex\">\n<div class=\"wp-block-column is-layout-flow wp-block-column-is-layout-flow\">\n<figure class=\"wp-block-image size-large\"><a href=\"https:\/\/direito.ufpr.br\/wp-content\/uploads\/2024\/03\/PLPs-Edital-selecao-extensionistas-2024-1.pdf\"><img loading=\"lazy\" decoding=\"async\" width=\"724\" height=\"1024\" src=\"https:\/\/direito.ufpr.br\/wp-content\/uploads\/2024\/03\/FLUXO-CONTINUO-3-724x1024.png\" alt=\"\" class=\"wp-image-46605\" srcset=\"https:\/\/direito.ufpr.br\/wp-content\/uploads\/2024\/03\/FLUXO-CONTINUO-3-724x1024.png 724w, https:\/\/direito.ufpr.br\/wp-content\/uploads\/2024\/03\/FLUXO-CONTINUO-3-212x300.png 212w, https:\/\/direito.ufpr.br\/wp-content\/uploads\/2024\/03\/FLUXO-CONTINUO-3-768x1086.png 768w, https:\/\/direito.ufpr.br\/wp-content\/uploads\/2024\/03\/FLUXO-CONTINUO-3-1086x1536.png 1086w, https:\/\/direito.ufpr.br\/wp-content\/uploads\/2024\/03\/FLUXO-CONTINUO-3-1448x2048.png 1448w, https:\/\/direito.ufpr.br\/wp-content\/uploads\/2024\/03\/FLUXO-CONTINUO-3.png 1587w\" sizes=\"auto, (max-width: 724px) 100vw, 724px\" \/><\/a><\/figure>\n<\/div>\n\n\n\n<div class=\"wp-block-column is-vertically-aligned-center is-layout-flow wp-block-column-is-layout-flow\">\n<p style=\"font-size:18px\"><strong>EDITAL DE SELE\u00c7\u00c3O DE EXTENSIONISTAS \u2013 2024<br>PROJETO DE EXTENS\u00c3O \u201cPROMOTORAS LEGAIS POPULARES \u2013 PLP\u2019s\u201d<\/strong><\/p>\n\n\n\n<p style=\"font-size:15px\"><strong>Coordenadora:<\/strong> Prof.\u00aa Clara Maria Roman Borges<\/p>\n\n\n\n<p class=\"has-vivid-cyan-blue-color has-text-color\" style=\"font-size:15px\"><strong><a href=\"https:\/\/direito.ufpr.br\/wp-content\/uploads\/2024\/03\/IMG-20240305-WA0015.jpg\">Cartaz<\/a><\/strong><\/p>\n\n\n\n<p class=\"has-vivid-cyan-blue-color has-text-color\" style=\"font-size:15px\"><a href=\"https:\/\/direito.ufpr.br\/wp-content\/uploads\/2024\/03\/PLPs-Edital-selecao-extensionistas-2024-1.pdf\"><strong>Edital de sele\u00e7\u00e3o<\/strong><\/a><\/p>\n\n\n\n<p style=\"font-size:15px\"><a href=\"https:\/\/docs.google.com\/forms\/d\/e\/1FAIpQLSd9-DhNqJRJH9BERllOiPa1X1Et4z5sd2HxMfxNZhI3r_UiXw\/viewform?usp=sf_link\"><strong>Formul\u00e1rio eletr\u00f4nico<\/strong><\/a><\/p>\n\n\n\n<p style=\"font-size:15px\"><strong>Inscri\u00e7\u00f5es<\/strong>: 05\/03\/24 a 30\/03\/24<\/p>\n\n\n\n<p style=\"font-size:15px\"><strong>Resultado:<\/strong> 02\/04\/24<\/p>\n\n\n\n<p class=\"has-pale-pink-color has-text-color\" style=\"font-size:15px\"><em><a href=\"https:\/\/www.instagram.com\/plpscuritiba\/\"><strong>Instagram<\/strong><\/a><\/em><\/p>\n\n\n\n<p class=\"has-vivid-cyan-blue-color has-text-color\" style=\"font-size:15px\"><em><a href=\"https:\/\/www.facebook.com\/plpscuritiba\/\"><strong>Facebook<\/strong><\/a><\/em><\/p>\n<\/div>\n<\/div>\n\n\n\n<div class=\"wp-block-columns is-layout-flex wp-container-core-columns-is-layout-9d6595d7 wp-block-columns-is-layout-flex\">\n<div class=\"wp-block-column is-layout-flow wp-block-column-is-layout-flow\">\n<figure class=\"wp-block-image size-large\"><a href=\"https:\/\/direito.ufpr.br\/wp-content\/uploads\/2024\/02\/CHAMADA-MAQUINA-2024.docx.pdf\"><img loading=\"lazy\" decoding=\"async\" width=\"724\" height=\"1024\" src=\"https:\/\/direito.ufpr.br\/wp-content\/uploads\/2024\/02\/FLUXO-CONTINUO-1-724x1024.png\" alt=\"\" class=\"wp-image-46412\" srcset=\"https:\/\/direito.ufpr.br\/wp-content\/uploads\/2024\/02\/FLUXO-CONTINUO-1-724x1024.png 724w, https:\/\/direito.ufpr.br\/wp-content\/uploads\/2024\/02\/FLUXO-CONTINUO-1-212x300.png 212w, https:\/\/direito.ufpr.br\/wp-content\/uploads\/2024\/02\/FLUXO-CONTINUO-1-768x1086.png 768w, https:\/\/direito.ufpr.br\/wp-content\/uploads\/2024\/02\/FLUXO-CONTINUO-1-1086x1536.png 1086w, https:\/\/direito.ufpr.br\/wp-content\/uploads\/2024\/02\/FLUXO-CONTINUO-1-1448x2048.png 1448w, https:\/\/direito.ufpr.br\/wp-content\/uploads\/2024\/02\/FLUXO-CONTINUO-1.png 1587w\" sizes=\"auto, (max-width: 724px) 100vw, 724px\" \/><\/a><\/figure>\n<\/div>\n\n\n\n<div class=\"wp-block-column is-vertically-aligned-center is-layout-flow wp-block-column-is-layout-flow\">\n<h1 class=\"wp-block-heading\" style=\"font-size:18px\"><strong>CHAMADA DE NOVAS\/OS INTEGRANTES AO<\/strong> <strong>PROJETO DE EXTENS\u00c3O UNIVERSIT\u00c1RIA M\u00c1QUINA DE ATIVISMOS EM DIREITOS HUMANOS &#8211; 2024<\/strong><\/h1>\n\n\n\n<p>Coordenadoras(es): <\/p>\n\n\n\n<p>Prof.\u00aa Angela Couto Machado Fonseca<\/p>\n\n\n\n<p>Prof.\u00aa Heloisa Fernandes C\u00e2mara<\/p>\n\n\n\n<p>Prof. Leandro Franklin Gorsdorf<\/p>\n\n\n\n<p>Prof. Thiago de Azevedo Pinheiro Hoshino <\/p>\n\n\n\n<p class=\"has-vivid-cyan-blue-color has-text-color\"><strong><a href=\"https:\/\/direito.ufpr.br\/wp-content\/uploads\/2024\/02\/CHAMADA-MAQUINA-2024.docx.pdf\">Edital de sele\u00e7\u00e3o<\/a><\/strong><\/p>\n\n\n\n<p class=\"has-vivid-cyan-blue-color has-text-color\"><strong><a href=\"https:\/\/forms.gle\/G5HkQDqU47DP4Bab8\">Formul\u00e1rio de inscri\u00e7\u00e3o<\/a><\/strong><\/p>\n\n\n\n<p><strong>Inscri\u00e7\u00f5es:<\/strong> at\u00e9 17\/03\/2024<\/p>\n\n\n\n<p><strong>Roda de Conversa Aberta:<\/strong> 27\/03\/24, das 17h \u00e0s 19h <\/p>\n\n\n\n<p><strong>Resultado:<\/strong> at\u00e9 dia 29\/03\/24 (via e-mail)<\/p>\n\n\n\n<p><strong>In\u00edcio das atividades:<\/strong> 03\/04\/24<\/p>\n\n\n\n<p class=\"has-pale-pink-color has-text-color\"><em><strong><a href=\"https:\/\/www.instagram.com\/maquiatidh\/\">Instagram<\/a><\/strong><\/em><\/p>\n\n\n\n<p class=\"has-vivid-cyan-blue-color has-text-color\"><em><strong><a href=\"https:\/\/www.facebook.com\/maquiatidh\/\">Facebook<\/a><\/strong><\/em><\/p>\n<\/div>\n<\/div>\n\n\n\n<div class=\"wp-block-columns is-layout-flex wp-container-core-columns-is-layout-9d6595d7 wp-block-columns-is-layout-flex\">\n<div class=\"wp-block-column is-layout-flow wp-block-column-is-layout-flow\">\n<figure class=\"wp-block-image size-large\"><a href=\"https:\/\/direito.ufpr.br\/wp-content\/uploads\/2024\/02\/Processo-Seletivo-Hospitalidade-01.2024.pdf\"><img loading=\"lazy\" decoding=\"async\" width=\"724\" height=\"1024\" src=\"https:\/\/direito.ufpr.br\/wp-content\/uploads\/2024\/02\/Refugio-Migracoes-e-Hospitalidade-2-724x1024.png\" alt=\"\" class=\"wp-image-46209\" srcset=\"https:\/\/direito.ufpr.br\/wp-content\/uploads\/2024\/02\/Refugio-Migracoes-e-Hospitalidade-2-724x1024.png 724w, https:\/\/direito.ufpr.br\/wp-content\/uploads\/2024\/02\/Refugio-Migracoes-e-Hospitalidade-2-212x300.png 212w, https:\/\/direito.ufpr.br\/wp-content\/uploads\/2024\/02\/Refugio-Migracoes-e-Hospitalidade-2-768x1086.png 768w, https:\/\/direito.ufpr.br\/wp-content\/uploads\/2024\/02\/Refugio-Migracoes-e-Hospitalidade-2-1086x1536.png 1086w, https:\/\/direito.ufpr.br\/wp-content\/uploads\/2024\/02\/Refugio-Migracoes-e-Hospitalidade-2-1448x2048.png 1448w, https:\/\/direito.ufpr.br\/wp-content\/uploads\/2024\/02\/Refugio-Migracoes-e-Hospitalidade-2.png 1587w\" sizes=\"auto, (max-width: 724px) 100vw, 724px\" \/><\/a><\/figure>\n<\/div>\n\n\n\n<div class=\"wp-block-column is-vertically-aligned-center is-layout-flow wp-block-column-is-layout-flow\">\n<p style=\"font-size:18px\"><strong>PROCESSO SELETIVO DE ESTUDANTES DE GRADUA\u00c7\u00c3O EM DIREITO DO PROJETO EXTENSIONISTA: REF\u00daGIO, MIGRA\u00c7\u00d5ES E HOSPITALIDADE<\/strong><\/p>\n\n\n\n<p><strong>Coordenador:<\/strong> Prof. Rui Carlo Dissenha<\/p>\n\n\n\n<p class=\"has-vivid-cyan-blue-color has-text-color\"><strong><a href=\"https:\/\/direito.ufpr.br\/wp-content\/uploads\/2024\/02\/Processo-Seletivo-Hospitalidade-01.2024.pdf\">Edital de sele\u00e7\u00e3o<\/a><\/strong><\/p>\n\n\n\n<p class=\"has-vivid-cyan-blue-color has-text-color\"><a href=\"https:\/\/forms.gle\/UWmjLHKcJmxkPF3K9\"><strong>Formul\u00e1rio de inscri\u00e7\u00e3o<\/strong><\/a><\/p>\n\n\n\n<p><strong>Inscri\u00e7\u00f5es: <\/strong>At\u00e9 \u00e0s 23h59 do dia 03\/03\/2024<\/p>\n\n\n\n<p><strong>Resultado:<\/strong> 08\/03\/24 (via e-mail)<\/p>\n<\/div>\n<\/div>\n","protected":false},"excerpt":{"rendered":"<p>EDITAIS DE SELE\u00c7\u00c3O DE EXTENSIONISTAS &#8211; 2024 PROJETO DE EXTENS\u00c3O UNIVERSIT\u00c1RIA IUSCAST: IRRADIANDO DIREITOS &#8211; UFPR EDITAL DE SELE\u00c7\u00c3O DE ESTUDANTES VOLUNT\u00c1RIOS Coordenador: Jair dos Anjos Inscri\u00e7\u00f5es: 28\/10\/2024 a 01\/11\/2024 Resultado: 08\/11\/2024 Edital de sele\u00e7\u00e3o Edital de resultado Formul\u00e1rio Eletr\u00f4nico de Inscri\u00e7\u00e3o Instagram PROJETO: MOVIMENTO DE ASSESSORIA JUR\u00cdDICA POPULAR &#8211; ISABEL DA SILVA &#8211; MAJUP [&hellip;]<\/p>\n","protected":false},"author":52,"featured_media":0,"parent":0,"menu_order":0,"comment_status":"closed","ping_status":"closed","template":"","meta":{"_acf_changed":false,"_eb_attr":"","footnotes":""},"class_list":["post-46208","page","type-page","status-publish","hentry"],"acf":[],"_links":{"self":[{"href":"https:\/\/direito.ufpr.br\/index.php?rest_route=\/wp\/v2\/pages\/46208","targetHints":{"allow":["GET"]}}],"collection":[{"href":"https:\/\/direito.ufpr.br\/index.php?rest_route=\/wp\/v2\/pages"}],"about":[{"href":"https:\/\/direito.ufpr.br\/index.php?rest_route=\/wp\/v2\/types\/page"}],"author":[{"embeddable":true,"href":"https:\/\/direito.ufpr.br\/index.php?rest_route=\/wp\/v2\/users\/52"}],"replies":[{"embeddable":true,"href":"https:\/\/direito.ufpr.br\/index.php?rest_route=%2Fwp%2Fv2%2Fcomments&post=46208"}],"version-history":[{"count":77,"href":"https:\/\/direito.ufpr.br\/index.php?rest_route=\/wp\/v2\/pages\/46208\/revisions"}],"predecessor-version":[{"id":49958,"href":"https:\/\/direito.ufpr.br\/index.php?rest_route=\/wp\/v2\/pages\/46208\/revisions\/49958"}],"wp:attachment":[{"href":"https:\/\/direito.ufpr.br\/index.php?rest_route=%2Fwp%2Fv2%2Fmedia&parent=46208"}],"curies":[{"name":"wp","href":"https:\/\/api.w.org\/{rel}","templated":true}]}}