{"id":54405,"date":"2026-01-23T12:11:53","date_gmt":"2026-01-23T15:11:53","guid":{"rendered":"https:\/\/direito.ufpr.br\/?page_id=54405"},"modified":"2026-03-06T14:46:37","modified_gmt":"2026-03-06T17:46:37","slug":"programa-institucional-de-monitoria-primeiro-semestre-do-ano-letivo-de-2026","status":"publish","type":"page","link":"https:\/\/direito.ufpr.br\/?page_id=54405","title":{"rendered":"Programa Institucional de Monitoria \u2013 Primeiro Semestre do ano letivo de 2026"},"content":{"rendered":"<p><a href=\"https:\/\/direito.ufpr.br\/wp-content\/uploads\/2026\/01\/EDITAL_10.2025.PROGRAP.COAPPE.pdf\">Edital 10\/2025\/PROGRAP\/COAPPE<\/a> &#8211; Abertura do Programa de Monitoria para o 1\u00ba semestre de 2026<\/p>\n<p><a href=\"https:\/\/direito.ufpr.br\/wp-content\/uploads\/2026\/01\/SEI_8471885_Edital_10_2025-RETIFICACAO-CRONOGRAMA.pdf\">RETIFICA\u00c7\u00c3O DO CRONOGRAMA<\/a><\/p>\n<p><a href=\"https:\/\/direito.ufpr.br\/wp-content\/uploads\/2026\/02\/SEI_8594021_Edital_01_2026.pdf\">Edital 01\/2026\/PROGRAP\/COAPPE &#8211; Resultado da submiss\u00e3o de Planos de Monitoria<\/a><\/p>\n<p><a href=\"https:\/\/direito.ufpr.br\/wp-content\/uploads\/2026\/01\/Res-91-99-CEPE-normas-para-o-Programa-de-Monitoria.pdf\">Res 91\/99-CEPE &#8211; Normas para o Programa de Monitoria<\/a><\/p>\n<p><a href=\"https:\/\/direito.ufpr.br\/wp-content\/uploads\/2026\/01\/Res-43-03-CEPE-criterios-para-selecao-de-monitores.pdf\">Res 43\/03-CEPE Crit\u00e9rios para sele\u00e7\u00e3o de monitores<\/a><\/p>\n<p><a href=\"https:\/\/direito.ufpr.br\/wp-content\/uploads\/2026\/01\/REQUERIMENTO-INSCRICAO-1.doc\">REQUERIMENTO &#8211; INSCRI\u00c7\u00c3O<\/a><\/p>\n<p><strong>EDITAIS DE SELE\u00c7\u00c3O<\/strong><\/p>\n<ul>\n<li>as inscri\u00e7\u00f5es s\u00e3o realizadas na secretaria dos departamentos do curso de Direito (sala 106) ou conforme indicado no edital de sele\u00e7\u00e3o, no caso de avalia\u00e7\u00e3o na modalidade remota. As inscri\u00e7\u00f5es tamb\u00e9m podem ser encaminhadas para o e-mail departamentosjd@ufpr.br.<\/li>\n<li>os candidatos devem apresentar o hist\u00f3rico escolar com o IRA no momento da avalia\u00e7\u00e3o.<\/li>\n<\/ul>\n<p><a href=\"https:\/\/direito.ufpr.br\/wp-content\/uploads\/2026\/02\/Edital-de-Selecao-Direito-Civil-B-Profa.-Adriana-Correa.pdf\">Adriana Esp\u00edndola Corr\u00eaa &#8211; DC439-Direito Civil B<\/a><\/p>\n<p><a href=\"https:\/\/direito.ufpr.br\/wp-content\/uploads\/2026\/02\/Alexandre-Ditzel-Faraco-DB449-Economia-Politica.pdf\">Alexandre Ditzel Faraco &#8211; DB449-Economia Pol\u00edtica<\/a><\/p>\n<p><a href=\"https:\/\/direito.ufpr.br\/wp-content\/uploads\/2026\/02\/Ana-Carla-Harmatiuk-Matos-DC435-Direito-Civil-E.pdf\">Ana Carla Harmatiuk Matos &#8211; DC435-Direito Civil E<\/a><\/p>\n<p><a href=\"https:\/\/direito.ufpr.br\/wp-content\/uploads\/2026\/02\/Ana-Carolina-Lopes-Olsen-DB453-Direiro-Constitucional-A-1.pdf\">Ana Carolina Lopes Olsen &#8211; DB453-Direiro Constitucional A<\/a><\/p>\n<p><a href=\"https:\/\/direito.ufpr.br\/wp-content\/uploads\/2026\/02\/Andre-Peixoto-de-Souza-DB449-Economia-Politica.pdf\">Andr\u00e9 Peixoto de Souza &#8211; DB449-Economia Pol\u00edtica<\/a><\/p>\n<p><a href=\"https:\/\/direito.ufpr.br\/wp-content\/uploads\/2026\/02\/Angela-Cassia-Costaldello-DB457-Direito-Administrativo-A.pdf\">Angela Cassia Costaldello &#8211; DB457-Direito Administrativo A<\/a><\/p>\n<p><a href=\"https:\/\/direito.ufpr.br\/wp-content\/uploads\/2026\/02\/Angela-Cassia-Costaldello-DB458-Direito-Administrativo-B.pdf\">Angela Cassia Costaldello &#8211; DB458-Direito Administrativo B<\/a><\/p>\n<p><a href=\"https:\/\/direito.ufpr.br\/wp-content\/uploads\/2026\/02\/Betina-Treiger-Grupenmacher-DB428-Direito-Tributario.pdf\">Betina Treiger Grupenmacher &#8211; DB428-Direito Tributario<\/a><\/p>\n<p><a href=\"https:\/\/direito.ufpr.br\/wp-content\/uploads\/2026\/02\/Carlos-Joaquim-DV462-Direito-Empresarial-A.pdf\">Carlos Joaquim Franco &#8211; DV462-Direito Empresarial A<\/a><\/p>\n<p><a href=\"https:\/\/direito.ufpr.br\/wp-content\/uploads\/2026\/02\/Cesar-Antonio-Serbena-DV453-Filosofia-do-Direito.pdf\">Cesar Antonio Serbena &#8211; DV453-Filosofia do Direito<\/a><\/p>\n<p><a href=\"https:\/\/direito.ufpr.br\/wp-content\/uploads\/2026\/02\/Clayton-de-Albuquerque-Maranhao-\u2013-DC114-Teoria-da-Decisao-Judicial.pdf\">Clayton de Albuquerque Maranh\u00e3o \u2013 DC114-Teoria da Decis\u00e3o Judicial<\/a><\/p>\n<p><a href=\"https:\/\/direito.ufpr.br\/wp-content\/uploads\/2026\/02\/Clayton-de-Albuquerque-Maranhao-\u2013-DC443-Direito-Processual-Civil-A.pdf\">Clayton de Albuquerque Maranh\u00e3o \u2013 DC443-Direito Processual Civil A<\/a><\/p>\n<p><a href=\"https:\/\/direito.ufpr.br\/wp-content\/uploads\/2026\/02\/Eduardo-Talamini-DC443-Direito-Processual-Civil-A.pdf\">Eduardo Talamini &#8211; DC443-Direito Processual Civil A<\/a><\/p>\n<p><a href=\"https:\/\/direito.ufpr.br\/wp-content\/uploads\/2026\/03\/Egon-Bockmann-Moreira-DB445-Direito-Economico.pdf\">Egon Bockmann Moreira &#8211; DB445-Direito-Economico<\/a><\/p>\n<p><a href=\"https:\/\/direito.ufpr.br\/wp-content\/uploads\/2026\/02\/Elton-Venturi-DC104-Acoes-Constitucionais.pdf\">Elton Venturi &#8211; DC104-A\u00e7\u00f5es Constitucionais<\/a><\/p>\n<p><a href=\"https:\/\/direito.ufpr.br\/wp-content\/uploads\/2026\/02\/Elton-Venturi-DC431-Direito-Processual-Civil-C.pdf\">Elton Venturi &#8211; DC431-Direito Processual Civil C<\/a><\/p>\n<p><a href=\"https:\/\/direito.ufpr.br\/wp-content\/uploads\/2026\/02\/Eroulths-Cortiano-Junior-DC440-Direito-Civil-C.pdf\">Eroulths Cortiano Junior &#8211; DC440-Direito Civil C<\/a><\/p>\n<p><a href=\"https:\/\/direito.ufpr.br\/wp-content\/uploads\/2026\/03\/Estefania-Maria-de-Queiroz-Barboza-DB455-Direito-Constitucional-B.pdf\">Estef\u00e2nia Maria de Queiroz Barboza &#8211; DB455-Direito Constitucional B<\/a><\/p>\n<p><a href=\"https:\/\/direito.ufpr.br\/wp-content\/uploads\/2026\/02\/Francisco-de-Assis-do-Rego-Monteiro-Rocha-Junior-DP428-Direito-Penal-A.pdf\">Francisco de Assis do R\u00eago Monteiro Rocha J\u00fanior &#8211; DP428-Direito Penal A<\/a><\/p>\n<p><a href=\"https:\/\/direito.ufpr.br\/wp-content\/uploads\/2026\/02\/Frederico-Eduardo-Zenedin-Glitz-DC438-Direito-Civil-A.pdf\">Frederico Eduardo Zenedin Glitz &#8211; DC438-Direito Civil A<\/a><\/p>\n<p><a href=\"https:\/\/direito.ufpr.br\/wp-content\/uploads\/2026\/02\/Gustavo-Osna-DC443-Direito-Processual-Civil-A.pdf\">Gustavo Osna &#8211; DC443 &#8211; Direito Processual Civil A<\/a><\/p>\n<p><a href=\"https:\/\/direito.ufpr.br\/wp-content\/uploads\/2026\/02\/Heloisa-Fernandes-Camara-DB448-Teoria-do-Estado-e-Ciencia-Politica.pdf\">Heloisa Fernandes C\u00e2mara &#8211; DB448-Teoria do Estado e Ci\u00eancia Pol\u00edtica<\/a><\/p>\n<p><a href=\"https:\/\/direito.ufpr.br\/wp-content\/uploads\/2026\/02\/Ilton-Norberto-Robl-Filho-DV456-Metodologia-do-Trabalho-Cientifico.pdf\">Ilton Norberto Robl Filho &#8211; DV456-Metodologia do Trabalho Cient\u00edfico<\/a><\/p>\n<p><a href=\"https:\/\/direito.ufpr.br\/wp-content\/uploads\/2026\/02\/Julio-Cezar-Bittencourt-Silva-DB448-Teoria-do-Estado-e-Ciencias-Politica.pdf\">Julio Cezar Bittencourt Silva &#8211; DB448-Teoria do Estado e Ci\u00eancias Pol\u00edtica<\/a><\/p>\n<p><a href=\"https:\/\/direito.ufpr.br\/wp-content\/uploads\/2026\/02\/Julio-Cezar-Bittencourt-Silva-DB449-Economia-Politica.pdf\">Julio Cezar Bittencourt Silva &#8211; DB449-Economia Pol\u00edtica<\/a><\/p>\n<p><a href=\"https:\/\/direito.ufpr.br\/wp-content\/uploads\/2026\/02\/Luciana-Pedroso-Xavier-DC096-Direito-Civil-Arte-e-Literatura.pdf\">Luciana Pedroso Xavier &#8211; DC096-Direito Civil, Arte e Literatura<\/a><\/p>\n<p><a href=\"https:\/\/direito.ufpr.br\/wp-content\/uploads\/2026\/02\/Luciana-Pedroso-Xavier-DC441-Direito-Civil-D.pdf\">Luciana Pedroso Xavier &#8211; DC441-Direito Civil D<\/a><\/p>\n<p><a href=\"https:\/\/direito.ufpr.br\/wp-content\/uploads\/2026\/02\/Marcia-Carla-Pereira-Ribeiro-DV462-Direito-Empresarial-A.pdf\">Marcia Carla Pereira Ribeiro &#8211; DV462-Direito Empresarial A<\/a><\/p>\n<p><a href=\"https:\/\/direito.ufpr.br\/wp-content\/uploads\/2026\/02\/EDITAL-DE-SELECAO_MONITORIA_DPPA_MARCO-AURELIO-NUNES_2026_segunda-retificacao.pdf\">Marco Aur\u00e9lio Nunes da Silveira &#8211; DP421-Direito Processual Penal A<\/a><\/p>\n<p><a href=\"https:\/\/direito.ufpr.br\/wp-content\/uploads\/2026\/03\/Noa-Piata-Gnata-DV464-Direito-do-Trabalho.pdf\">Noa Piat\u00e3 Gnata &#8211; DV464-Direito do Trabalho<\/a><\/p>\n<p><a href=\"https:\/\/direito.ufpr.br\/wp-content\/uploads\/2026\/02\/Edital-de-Selecao-Direito-Penal-B-Prof.-Paulo-Cesar-Busato-1.pdf\">Paulo C\u00e9sar Busato &#8211; DP429 &#8211; Direito Penal B<\/a><\/p>\n<p><a href=\"https:\/\/direito.ufpr.br\/wp-content\/uploads\/2026\/02\/Paulo-Roberto-Ribeiro-Nalin-DC439-Direito-Civil-B.pdf\">Paulo Roberto Ribeiro Nalin &#8211; DC439-Direito Civil B<\/a><\/p>\n<p><a href=\"https:\/\/direito.ufpr.br\/wp-content\/uploads\/2026\/03\/Resultado-da-Selecao-de-Monitoria-Direito-Penal-B-Prof.-Busato.pdf\">Paulo C\u00e9sar Busato &#8211; DP429-Direito Penal B<\/a><\/p>\n<p><a href=\"https:\/\/direito.ufpr.br\/wp-content\/uploads\/2026\/02\/Ricardo-Prestes-Pazello-DB173-Direito-e-Marxismo.pdf\">Ricardo Prestes Pazello &#8211; DB173-Direito e Marxismo<\/a><\/p>\n<p><a href=\"https:\/\/direito.ufpr.br\/wp-content\/uploads\/2026\/02\/Ricardo-Prestes-Pazello-DB454-Antropologia-Juridica.pdf\">Ricardo Prestes Pazello &#8211; DB454-Antropologia Jur\u00eddica<\/a><\/p>\n<p><a href=\"https:\/\/direito.ufpr.br\/wp-content\/uploads\/2026\/02\/Rodrigo-Luis-Kanayama-DB456-Direito-Financeiro.pdf\">Rodrigo Luis Kanayama &#8211; DB456-Direito Financeiro<\/a><\/p>\n<p><a href=\"https:\/\/direito.ufpr.br\/wp-content\/uploads\/2026\/02\/Rodrigo-Rossi-Horochovski-DB450-Direito-e-Sociedade.pdf\">Rodrigo Rossi Horochovski &#8211; DB450-Direito e Sociedade<\/a><\/p>\n<p><a href=\"https:\/\/direito.ufpr.br\/wp-content\/uploads\/2026\/02\/Rodrigo-Rossi-Horochovski-DB454-Antropologia-Juridica.pdf\">Rodrigo Rossi Horochovski &#8211; DB454-Antropologia Jur\u00eddica<\/a><\/p>\n<p><a href=\"https:\/\/direito.ufpr.br\/wp-content\/uploads\/2026\/02\/Rosalice-Fidalgo-Pinheiro-DC089-Consumidor-e-Relacoes-Interprivadas-1.pdf\">Rosalice Fidalgo Pinheiro &#8211; DC089-Consumidor e Rela\u00e7\u00f5es Interprivadas<\/a><\/p>\n<p><a href=\"https:\/\/direito.ufpr.br\/wp-content\/uploads\/2026\/02\/Rosalice-Fidalgo-Pinheiro-DC438-Direito-Civil-A-1.pdf\">Rosalice Fidalgo Pinheiro &#8211; DC438-Direito Civil A<\/a><\/p>\n<p><a href=\"https:\/\/direito.ufpr.br\/wp-content\/uploads\/2026\/02\/Rosalice-Fidalgo-Pinheiro-DC441-Direito-Civil-D-1.pdf\">Rosalice Fidalgo Pinheiro &#8211; DC441-Direito Civil D<\/a><\/p>\n<p><a href=\"https:\/\/direito.ufpr.br\/wp-content\/uploads\/2026\/02\/Rui-Carlo-Dissenha-\u2013-DIR406-Pratica-Juridica-Penal.pdf\">Rui Carlo Dissenha \u2013 DIR406-Pr\u00e1tica Jur\u00eddica Penal<\/a><\/p>\n<p><a href=\"https:\/\/direito.ufpr.br\/wp-content\/uploads\/2026\/02\/Rui-Carlo-Dissenha-\u2013-DP430-Direito-Penal-C.pdf\">Rui Carlo Dissenha \u2013 DP430-Direito Penal C<\/a><\/p>\n<p><a href=\"https:\/\/direito.ufpr.br\/wp-content\/uploads\/2026\/02\/Thiago-Hansen-de-Freitas-DV457-Teoria-do-Direito.pdf\">Thiago Freitas Hansen &#8211; DV457-Teoria do Direito<\/a><\/p>\n<p><a href=\"https:\/\/direito.ufpr.br\/wp-content\/uploads\/2026\/02\/Vera-Karam-de-Chueiri-DB453-Direito-Constitucional-A.pdf\">Vera Karam de Chueiri &#8211; DB453-Direito Constitucional A<\/a><\/p>\n<p><a href=\"https:\/\/direito.ufpr.br\/wp-content\/uploads\/2026\/02\/Vicente-de-Paula-Ataide-Junior-DC444-Direito-Processual-Civil-B.pdf\">Vicente de Paula Ata\u00edde J\u00fanior &#8211; DC444-Direito Processual Civil B<\/a><\/p>\n<p><a href=\"https:\/\/direito.ufpr.br\/wp-content\/uploads\/2026\/02\/Vinicius-Klein-DV168-Analise-Economica-do-Direito.pdf\">Vinicius Klein &#8211; DV168-An\u00e1lise Econ\u00f4mica do Direito<\/a><\/p>\n<p><a href=\"https:\/\/direito.ufpr.br\/wp-content\/uploads\/2026\/02\/Vinicius-Klein-DV204-Empresas-Estatais.pdf\">Vinicius Klein &#8211; DV204-Empresas Estatais<\/a><\/p>\n<p><a href=\"https:\/\/direito.ufpr.br\/wp-content\/uploads\/2026\/02\/Vinicius-Klein-DV463-Direito-Empresarial-B.pdf\">Vinicius Klein &#8211; DV463-Direito Empresarial B<\/a><\/p>\n<p><a href=\"https:\/\/direito.ufpr.br\/wp-content\/uploads\/2026\/02\/Walter-Guandalini-Junior-DV458-Historia-do-Direito-A.pdf\">Walter Guandalini Junior &#8211; DV458-Hist\u00f3ria do Direito A<\/a><\/p>\n<p><a href=\"https:\/\/direito.ufpr.br\/wp-content\/uploads\/2026\/02\/Walter-Guandalini-Junior-DV459-Historia-do-Direito-B.pdf\">Walter Guandalini Junior &#8211; DV459-Hist\u00f3ria do Direito B<\/a><\/p>\n<p><a href=\"https:\/\/direito.ufpr.br\/wp-content\/uploads\/2026\/02\/William-Soares-Publiese-DC445-Direito-Processual-Civil-C.pdf\">William Soares Pugliese &#8211; DC445-Direito Processual Civil C<\/a><\/p>\n\n\n<p><strong>RESULTADOS<\/strong><\/p>\n\n\n<p><a href=\"https:\/\/direito.ufpr.br\/wp-content\/uploads\/2026\/03\/Resultado-\u2013-Adriana-Espindola-Correa-\u2013-DC438-Direito-Civil-B.pdf\">Resultado \u2013 Adriana Esp\u00edndola Corr\u00eaa \u2013 DC438-Direito Civil B<\/a><\/p>\n<p><a href=\"https:\/\/direito.ufpr.br\/wp-content\/uploads\/2026\/03\/Resultado-Alexandre-Ditzel-Faraco-DB449-Economia-Politica.pdf\">Resultado &#8211; Alexandre Ditzel Faraco &#8211; DB449-Economia Pol\u00edtica<\/a><\/p>\n<p><a href=\"https:\/\/direito.ufpr.br\/wp-content\/uploads\/2026\/03\/Resultado-Ana-Carla-Harmatiuk-Matos-DC435-Direito-Civil-E.pdf\">Resultado &#8211; Ana Carla Harmatiuk Matos &#8211; DC435-Direito Civil E<\/a><\/p>\n<p><a href=\"https:\/\/direito.ufpr.br\/wp-content\/uploads\/2026\/03\/Resultado-Ana-Carolina-Lopes-Olsen-DB453-Direito-Constitucional-A.pdf\">Resultado &#8211; Ana Carolina Lopes Olsen &#8211; DB453-Direito Constitucional A<\/a><\/p>\n<p><a href=\"https:\/\/direito.ufpr.br\/wp-content\/uploads\/2026\/03\/Resultado-da-Selecao-de-Monitoria-Economia-Politica-Prof.-Andre-Peixoto.pdf\">Resultado &#8211; Andr\u00e9 Peixoto &#8211; DB449-Economia Pol\u00edtica<\/a><\/p>\n<p><a href=\"https:\/\/direito.ufpr.br\/wp-content\/uploads\/2026\/03\/Resultado-da-Selecao-de-Monitoria-Direito-Aministrativo-A-Profa.-Angela-Cassia-Costaldello.pdf\">Resultado &#8211; Angela Cassia Costaldello &#8211; DB457-Direito Administrativo A<\/a><\/p>\n<p><a href=\"https:\/\/direito.ufpr.br\/wp-content\/uploads\/2026\/03\/Resultado-da-Selecao-de-Monitoria-Direito-Administrativo-B-Profa.-Angela-Cassia-Costaldello.pdf\">Resultado &#8211; Angela Cassia Costaldello &#8211; DB458-Direito Administrativo B<\/a><\/p>\n<p><a href=\"https:\/\/direito.ufpr.br\/wp-content\/uploads\/2026\/03\/Resultado-Betina-Treiger-Grupenmacher-\u2013-DB428-Direito-Tributario.pdf\">Resultado &#8211; Betina Treiger Grupenmacher \u2013 DB428-Direito Tribut\u00e1rio<\/a><\/p>\n<p><a href=\"https:\/\/direito.ufpr.br\/wp-content\/uploads\/2026\/03\/Resultado-Carlos-Joaquim-Franco-DV462-Direito-Empresarial-A.pdf\">Resultado &#8211; Carlos Joaquim Franco &#8211; DV462-Direito Empresarial A<\/a><\/p>\n<p><a href=\"https:\/\/direito.ufpr.br\/wp-content\/uploads\/2026\/03\/Resultado-Cesar-Antonio-Serbena-DV453-Filosofia-do-Direito.pdf\">Resultado &#8211; Cesar Antonio Serbena &#8211; DV453-Filosofia do Direito<\/a><\/p>\n<p><a href=\"https:\/\/direito.ufpr.br\/wp-content\/uploads\/2026\/03\/Resultado-Clayton-de-Albuquerque-Maranhao-\u2013-DC114-Teoria-da-Decisao-Judicial.pdf\">Resultado &#8211; Clayton de Albuquerque Maranh\u00e3o &#8211; DC114-Teoria da Decis\u00e3o Judicial<\/a><\/p>\n<p><a href=\"https:\/\/direito.ufpr.br\/wp-content\/uploads\/2026\/03\/Resultado-Clayton-de-Albuquerque-Maranhao-DC443-Direito-Processual-Civil-A.pdf\">Resultado &#8211; Clayton de Albuquerque Maranh\u00e3o &#8211; DC443-Direito Processual Civil A<\/a><\/p>\n<p><a href=\"https:\/\/direito.ufpr.br\/wp-content\/uploads\/2026\/03\/Resultado-Eduardo-Talamini-DC443-Direito-Processual-Civil-A.pdf\">Resultado &#8211; Eduardo Talamini &#8211; DC443-Direito Processual Civil A<\/a><\/p>\n<p><a href=\"https:\/\/direito.ufpr.br\/wp-content\/uploads\/2026\/03\/Resultado-Egon-Bockmann-Moreira-\u2013-DB445-Direito-Economico.pdf\">Resultado &#8211; Egon Bockmann Moreira \u2013 DB445-Direito Economico<\/a><\/p>\n<p><a href=\"https:\/\/direito.ufpr.br\/wp-content\/uploads\/2026\/02\/Resultado-Elton-Venturi-DC104-Acoes-Constitucionais.pdf\">Resultado &#8211; Elton Venturi &#8211; DC104-A\u00e7\u00f5es Constitucionais<\/a><\/p>\n<p><a href=\"https:\/\/direito.ufpr.br\/wp-content\/uploads\/2026\/02\/Resultado-Elton-Venturi-DC431-Direito-Processual-Civil-C.pdf\">Resultado &#8211; Elton Venturi &#8211; DC431-Direito Processual Civil C<\/a><\/p>\n<p><a href=\"https:\/\/direito.ufpr.br\/wp-content\/uploads\/2026\/03\/Resultado-Eroulths-Cortiano-Junior-\u2013-DC440-Direito-Civil-C.pdf\">Resultado &#8211; Eroulths Cortiano Junior \u2013 DC440-Direito Civil C<\/a><\/p>\n<p><a href=\"https:\/\/direito.ufpr.br\/wp-content\/uploads\/2026\/03\/Resultado-Estefania-Maria-de-Queiroz-Barboza-DB455-Direito-Constitucional-B.pdf\">Resultado &#8211; Estef\u00e2nia Maria de Queiroz Barboza &#8211; DB455-Direito Constitucional B<\/a><\/p>\n<p><a href=\"https:\/\/direito.ufpr.br\/wp-content\/uploads\/2026\/03\/Resultado-Francisco-de-Assis-do-Rego-Monteiro-Rocha-Junior-DP428-Direito-Penal-A.pdf\">Resultado &#8211; Francisco de Assis do Rego Monteiro Rocha Junior &#8211; DP428-Direito Penal A<\/a><\/p>\n<p><a href=\"https:\/\/direito.ufpr.br\/wp-content\/uploads\/2026\/03\/Resultado-Frederio-Eduardo-Zenedin-Glitz-DC438-Direito-Civil-A.pdf\">Resultado &#8211; Frederio Eduardo Zenedin Glitz &#8211; DC438-Direito Civil A<\/a><\/p>\n<p><a href=\"https:\/\/direito.ufpr.br\/wp-content\/uploads\/2026\/03\/Resultado-Gustavo-Osna-DC443-Direito-Processual-Civil-A-2.pdf\">Resultado &#8211; Gustavo Osna &#8211; DC443-Direito Processual Civil A<\/a><\/p>\n<p><a href=\"https:\/\/direito.ufpr.br\/wp-content\/uploads\/2026\/03\/Resultado-Heloisa-Fernandes-Camara-DB448-Teoria-do-Estado-e-Ciencia-Politica.pdf\">Resultado &#8211; Heloisa Fernandes C\u00e2mara &#8211; DB448-Teoria do Estado e Ci\u00eancia Pol\u00edtica<\/a><\/p>\n<p><a href=\"https:\/\/direito.ufpr.br\/wp-content\/uploads\/2026\/03\/Resultado-Ilton-Norberto-Robl-Filho-\u2013-DV456-Metodologia-do-Trabalho-Cientifico.pdf\">Resultado &#8211; Ilton Norberto Robl Filho \u2013 DV456-Metodologia do Trabalho Cient\u00edfico<\/a><\/p>\n<p><a href=\"https:\/\/direito.ufpr.br\/wp-content\/uploads\/2026\/03\/Resultado-Julio-Cezar-Bittencourt-Silva-DB448-Teoria-do-Estado-e-Cienciai-Politica.pdf\">Resultado &#8211; J\u00falio Cezar Bittencourt Silva &#8211; DB448-Teoria do Estado e Ci\u00eanciai Pol\u00edtica<\/a><\/p>\n<p><a href=\"https:\/\/direito.ufpr.br\/wp-content\/uploads\/2026\/03\/Resultado-Julio-Cezar-Bittencourt-Silva-DB449-Economia-Politica.pdf\">Resultado &#8211; J\u00falio Cezar Bittencourt Silva &#8211; DB449-Economia Pol\u00edtica<\/a><\/p>\n<p><a href=\"https:\/\/direito.ufpr.br\/wp-content\/uploads\/2026\/03\/Resultado-Luciana-Pedroso-Xavier-\u2013-DC096-Direito-Civil-Arte-e-Literatura.pdf\">Resultado &#8211; Luciana Pedroso Xavier &#8211; DC096-Direito Civil, Arte e Literatura<\/a><\/p>\n<p><a href=\"https:\/\/direito.ufpr.br\/wp-content\/uploads\/2026\/03\/Resultado-Luciana-Pedroso-Xavier-\u2013-DC441-Direito-Civil-D.pdf\">Resultado &#8211; Luciana Pedroso Xavier &#8211; DC441-Direito Civil D<\/a><\/p>\n<p><a href=\"https:\/\/direito.ufpr.br\/wp-content\/uploads\/2026\/03\/Resultado-Marcia-Carla-Pereira-Ribeiro-\u2013-DV462-Direito-Empresarial-A.pdf\">Resultado &#8211; Marcia Carla Pereira Ribeiro &#8211; DV462-Direito Empresarial A<\/a><\/p>\n<p><a href=\"https:\/\/direito.ufpr.br\/wp-content\/uploads\/2026\/03\/Resultado-Marco-Aurelio-Nunes-da-Silveira-DP421-Direito-Processual-Penal-A.pdf\">Resultado &#8211; Marco Aur\u00e9lio Nunes da Silveira &#8211; DP421-Direito Processual Penal A<\/a><\/p>\n<p><a href=\"https:\/\/direito.ufpr.br\/wp-content\/uploads\/2026\/03\/Resultado-Noa-Piata-Gnata-DV464-Direito-do-Trabalho.pdf\">Resultado &#8211; Noa Piat\u00e3 Gnata &#8211; DV464-Direito do Trabalho<\/a><\/p>\n<p><a href=\"https:\/\/direito.ufpr.br\/wp-content\/uploads\/2026\/03\/Resultado-Paulo-Roberto-Ribeiro-Nalin-\u2013-DC439-Direito-Civil-B.pdf\">Resultado &#8211; Paulo Roberto Ribeiro Nalin \u2013 DC439-Direito Civil B<\/a><\/p>\n<p><a href=\"https:\/\/direito.ufpr.br\/wp-content\/uploads\/2026\/03\/Resultado-da-Selecao-de-Monitoria-Direito-Penal-B-Prof.-Busato-1.pdf\">Resultado &#8211; Paulo C\u00e9sar Busato &#8211; DP429-Direito Penal B<\/a><\/p>\n<p><a href=\"https:\/\/direito.ufpr.br\/wp-content\/uploads\/2026\/02\/Resultado-Ricardo-Prestes-Pazello-DB173-Direito-e-Marxismo.pdf\">Resultado &#8211; Ricardo Prestes Pazello &#8211; DB173-Direito e Marxismo<\/a><\/p>\n<p><a href=\"https:\/\/direito.ufpr.br\/wp-content\/uploads\/2026\/02\/Resultado-Ricardo-Prestes-Pazello-DB454-Antropologia-Juridica.pdf\">Resultado &#8211; Ricardo Prestes Pazello &#8211; DB454-Antropologia Jur\u00eddica<\/a><\/p>\n<p><a href=\"https:\/\/direito.ufpr.br\/wp-content\/uploads\/2026\/03\/Resultado-Rodrigo-Luis-Kanayama-DB456-Direito-Adminsitrativo.pdf\">Resultado &#8211; Rodrigo Luis Kanayama &#8211; DB456-Direito Adminsitrativo<\/a><\/p>\n<p><a href=\"https:\/\/direito.ufpr.br\/wp-content\/uploads\/2026\/03\/Resultado-Rodrigo-Rossi-Horochovski-DB450-Direito-e-Sociedade.pdf\">Resultado &#8211; Rodrigo Rossi Horochovski &#8211; DB450-Direito e Sociedade<\/a><\/p>\n<p><a href=\"https:\/\/direito.ufpr.br\/wp-content\/uploads\/2026\/03\/Resultado-Rodrigo-Rossi-Horochovski-DB454-Antropologia-Juridica.pdf\">Resultado &#8211; Rodrigo Rossi Horochovski &#8211; DB454-Antropologia Jur\u00eddica<\/a><\/p>\n<p><a href=\"https:\/\/direito.ufpr.br\/wp-content\/uploads\/2026\/03\/Resultado-Rosalice-Fidalgo-Pinheiro-DC089-Consumidor-e-Relacoes-Interprivadas.pdf\">Resultado &#8211; Rosalice Fidalgo Pinheiro &#8211; DC089-Consumidor e Rela\u00e7\u00f5es Interprivadas<\/a><\/p>\n<p><a href=\"https:\/\/direito.ufpr.br\/wp-content\/uploads\/2026\/03\/Resultado-Rosalice-Fidalgo-Pinheiro-DC438-Direito-Civil-A.pdf\">Resultado &#8211; Rosalice Fidalgo Pinheiro &#8211; DC438-Direito Civil A<\/a><\/p>\n<p><a href=\"https:\/\/direito.ufpr.br\/wp-content\/uploads\/2026\/03\/Resultado-Rosalice-Fidalgo-Pinheiro-DC441-Direito-Civil-D.pdf\">Resultado &#8211; Rosalice Fidalgo Pinheiro &#8211; DC441-Direito Civil D<\/a><\/p>\n<p><a href=\"https:\/\/direito.ufpr.br\/wp-content\/uploads\/2026\/03\/Resultado-Rui-Carlo-Dissenha-\u2013-DIR406-Pratica-Juridica-Penal.pdf\">Resultado &#8211; Rui Carlo Dissenha \u2013 DIR406-Pr\u00e1tica Jur\u00eddica Penal<\/a><\/p>\n<p><a href=\"https:\/\/direito.ufpr.br\/wp-content\/uploads\/2026\/03\/Resultado-Rui-Carlo-Dissenha-\u2013-DP430-Direito-Penal-C.pdf\">Resultado &#8211; Rui Carlo Dissenha \u2013 DP430-Direito Penal C<\/a><\/p>\n<p><a href=\"https:\/\/direito.ufpr.br\/wp-content\/uploads\/2026\/02\/Resultado-Thiago-Hansen-DV457-Teoria-do-Direito.pdf\">Resultado &#8211; Thiago Hansen &#8211; DV457-Teoria do Direito<\/a><\/p>\n<p><a href=\"https:\/\/direito.ufpr.br\/wp-content\/uploads\/2026\/03\/Resultado-Vera-Karam-de-Chueiri-\u2013-DB453-Direito-Constitucional-A.pdf\">Resultado &#8211; Vera Karam de Chueiri \u2013 DB453-Direito Constitucional A<\/a><\/p>\n<p><a href=\"https:\/\/direito.ufpr.br\/wp-content\/uploads\/2026\/03\/Resultado-Vicente-de-Paula-Ataide-Junior-DC444-Direito-Processual-Civil-B.pdf\">Resultado &#8211; Vicente de Paula Ata\u00edde Junior &#8211; DC444-Direito Processual Civil B<\/a><\/p>\n<p><a href=\"https:\/\/direito.ufpr.br\/wp-content\/uploads\/2026\/03\/Resultado-Vinicius-Klein-DV168-Analise-Economica-do-Direito.pdf\">Resultado &#8211; Vinicius Klein &#8211; DV168-An\u00e1lise Econ\u00f4mica do Direito<\/a><\/p>\n<p><a href=\"https:\/\/direito.ufpr.br\/wp-content\/uploads\/2026\/03\/Resultado-da-Selecao-de-Monitoria-Direito-Empresarial-B-Prof.-Vinicius-Klein.pdf\">Resultado &#8211; Vin\u00edcius Klein &#8211; DV463 &#8211; Direito Empresarial B<\/a><\/p>\n<p><a href=\"https:\/\/direito.ufpr.br\/wp-content\/uploads\/2026\/03\/Resultado-Vinicius-Klein-\u2013-DV204-Empresas-Estatais.pdf\">Resultado &#8211; Vinicius Klein &#8211; DV204-Empresas Estatais<\/a><\/p>\n<p><a href=\"https:\/\/direito.ufpr.br\/wp-content\/uploads\/2026\/03\/Resultado-Walter-Guandalini-Junior-\u2013-DV458-Historia-do-Direito-A.pdf\">Resultado &#8211; Walter Guandalini Junior \u2013 DV458-Hist\u00f3ria do Direito A<\/a><\/p>\n<p><a href=\"https:\/\/direito.ufpr.br\/wp-content\/uploads\/2026\/03\/Resultado-Walter-Guandalini-Junior-\u2013-DV459-Historia-do-Direito-B.pdf\">Resultado &#8211; Walter Guandalini Junior \u2013 DV459-Hist\u00f3ria do Direito B<\/a><\/p>\n<p><a href=\"https:\/\/direito.ufpr.br\/wp-content\/uploads\/2026\/03\/Resultado-\u2013-William-Soares-Pugliese-\u2013-DC445-Direito-Processual-Civil-C.pdf\">Resultado &#8211; William Soares Pugliese &#8211; DC445-Direito Processual Civil C<\/a><\/p>\n\n\n<p><\/p>\n","protected":false},"excerpt":{"rendered":"<p>Edital 10\/2025\/PROGRAP\/COAPPE &#8211; Abertura do Programa de Monitoria para o 1\u00ba semestre de 2026 RETIFICA\u00c7\u00c3O DO CRONOGRAMA Edital 01\/2026\/PROGRAP\/COAPPE &#8211; Resultado da submiss\u00e3o de Planos de Monitoria Res 91\/99-CEPE &#8211; Normas para o Programa de Monitoria Res 43\/03-CEPE Crit\u00e9rios para sele\u00e7\u00e3o de monitores REQUERIMENTO &#8211; INSCRI\u00c7\u00c3O EDITAIS DE SELE\u00c7\u00c3O as inscri\u00e7\u00f5es s\u00e3o realizadas na secretaria [&hellip;]<\/p>\n","protected":false},"author":54,"featured_media":0,"parent":0,"menu_order":0,"comment_status":"closed","ping_status":"closed","template":"departamento.php","meta":{"_acf_changed":false,"_eb_attr":"","footnotes":""},"class_list":["post-54405","page","type-page","status-publish","hentry"],"acf":[],"_links":{"self":[{"href":"https:\/\/direito.ufpr.br\/index.php?rest_route=\/wp\/v2\/pages\/54405","targetHints":{"allow":["GET"]}}],"collection":[{"href":"https:\/\/direito.ufpr.br\/index.php?rest_route=\/wp\/v2\/pages"}],"about":[{"href":"https:\/\/direito.ufpr.br\/index.php?rest_route=\/wp\/v2\/types\/page"}],"author":[{"embeddable":true,"href":"https:\/\/direito.ufpr.br\/index.php?rest_route=\/wp\/v2\/users\/54"}],"replies":[{"embeddable":true,"href":"https:\/\/direito.ufpr.br\/index.php?rest_route=%2Fwp%2Fv2%2Fcomments&post=54405"}],"version-history":[{"count":104,"href":"https:\/\/direito.ufpr.br\/index.php?rest_route=\/wp\/v2\/pages\/54405\/revisions"}],"predecessor-version":[{"id":54966,"href":"https:\/\/direito.ufpr.br\/index.php?rest_route=\/wp\/v2\/pages\/54405\/revisions\/54966"}],"wp:attachment":[{"href":"https:\/\/direito.ufpr.br\/index.php?rest_route=%2Fwp%2Fv2%2Fmedia&parent=54405"}],"curies":[{"name":"wp","href":"https:\/\/api.w.org\/{rel}","templated":true}]}}