{"id":54444,"date":"2026-01-27T11:21:36","date_gmt":"2026-01-27T14:21:36","guid":{"rendered":"https:\/\/direito.ufpr.br\/?page_id=54444"},"modified":"2026-01-27T11:40:37","modified_gmt":"2026-01-27T14:40:37","slug":"avaliacao","status":"publish","type":"page","link":"https:\/\/direito.ufpr.br\/?page_id=54444","title":{"rendered":"Avalia\u00e7\u00e3o"},"content":{"rendered":"\n\n\n<div class=\"wp-block-essential-blocks-advanced-image  root-eb-advanced-image-yeh54\"><div class=\"eb-parent-wrapper eb-parent-eb-advanced-image-yeh54 \"><figure class=\"eb-advanced-image-wrapper eb-advanced-image-yeh54 no-effect\" data-id=\"eb-advanced-image-yeh54\"><div class=\"eb-image-wrapper\"><div class=\"eb-image-wrapper-inner eb-img-style-rounded\"><img decoding=\"async\" src=\"https:\/\/direito.ufpr.br\/wp-content\/uploads\/2026\/01\/Barra-superior-Avaliacao.jpg\" alt=\"\"\/><\/div><\/div><\/figure><\/div><\/div>\n\n\n\n<p>A Avalia\u00e7\u00e3o Institucional visa \u00e0 melhoria da qualidade da educa\u00e7\u00e3o superior, assegurada pelo<br>Sistema Nacional de Avalia\u00e7\u00e3o da Educa\u00e7\u00e3o Superior (SINAES), que inclui em seu processo a avalia\u00e7\u00e3o:<\/p>\n\n\n\n<ol class=\"wp-block-list\">\n<li>das institui\u00e7\u00f5es de educa\u00e7\u00e3o superior,<\/li>\n\n\n\n<li>dos cursos de gradua\u00e7\u00e3o, e<\/li>\n\n\n\n<li>do desempenho acad\u00eamico de seus estudantes.<br>Os resultados da Avalia\u00e7\u00e3o Institucional constituem referencial b\u00e1sico dos processos de<br>regula\u00e7\u00e3o e supervis\u00e3o da educa\u00e7\u00e3o superior para os atos de:<\/li>\n\n\n\n<li>credenciamento e renova\u00e7\u00e3o de credenciamento de institui\u00e7\u00f5es de educa\u00e7\u00e3o superior, e<\/li>\n\n\n\n<li>autoriza\u00e7\u00e3o, reconhecimento e renova\u00e7\u00e3o de reconhecimento de cursos de gradua\u00e7\u00e3o.<br>A Lei do SINAES (Lei n.\u00ba 10.861\/2004) prev\u00ea a Avalia\u00e7\u00e3o Externa e a Avalia\u00e7\u00e3o Interna, sendo<br>esta \u00faltima de compet\u00eancia da Comiss\u00e3o Pr\u00f3pria de Avalia\u00e7\u00e3o (CPA). Assim, a CPA \u00e9 respons\u00e1vel pela<br>condu\u00e7\u00e3o das pol\u00edticas internas de avalia\u00e7\u00e3o e por coordenar a aplica\u00e7\u00e3o de pesquisas aos servidores<br>e alunos da institui\u00e7\u00e3o.<br>As pesquisas visam estimular o autoconhecimento e aprimorar a institui\u00e7\u00e3o, por meio de uma<br>an\u00e1lise reflexiva dos resultados, que levam os gestores a nortear o planejamento interno das unidades<br>e a priorizar as a\u00e7\u00f5es de melhorias com base na percep\u00e7\u00e3o da comunidade interna.<br>Na UFPR, a CPA \u00e9 formada por representantes dos segmentos dos t\u00e9cnicos, dos docentes, da<br>administra\u00e7\u00e3o, dos discentes e da sociedade civil. Conta com o apoio da Secretaria Executiva de<br>Avalia\u00e7\u00e3o Institucional e de Representantes ou Comiss\u00f5es Locais de Assessoramento.<br>Para saber mais sobre a Avalia\u00e7\u00e3o Institucional, acesse o portal da Comiss\u00e3o Pr\u00f3pria de<br>Avalia\u00e7\u00e3o: <a href=\"http:\/\/www.cpa.ufpr.br\" target=\"_blank\" rel=\"noreferrer noopener\">www.cpa.ufpr.br<\/a>.<\/li>\n<\/ol>\n","protected":false},"excerpt":{"rendered":"<p>A Avalia\u00e7\u00e3o Institucional visa \u00e0 melhoria da qualidade da educa\u00e7\u00e3o superior, assegurada peloSistema Nacional de Avalia\u00e7\u00e3o da Educa\u00e7\u00e3o Superior (SINAES), que inclui em seu processo a avalia\u00e7\u00e3o:<\/p>\n","protected":false},"author":46,"featured_media":0,"parent":0,"menu_order":0,"comment_status":"closed","ping_status":"closed","template":"","meta":{"_acf_changed":false,"_eb_attr":"","footnotes":""},"class_list":["post-54444","page","type-page","status-publish","hentry"],"acf":[],"_links":{"self":[{"href":"https:\/\/direito.ufpr.br\/index.php?rest_route=\/wp\/v2\/pages\/54444","targetHints":{"allow":["GET"]}}],"collection":[{"href":"https:\/\/direito.ufpr.br\/index.php?rest_route=\/wp\/v2\/pages"}],"about":[{"href":"https:\/\/direito.ufpr.br\/index.php?rest_route=\/wp\/v2\/types\/page"}],"author":[{"embeddable":true,"href":"https:\/\/direito.ufpr.br\/index.php?rest_route=\/wp\/v2\/users\/46"}],"replies":[{"embeddable":true,"href":"https:\/\/direito.ufpr.br\/index.php?rest_route=%2Fwp%2Fv2%2Fcomments&post=54444"}],"version-history":[{"count":11,"href":"https:\/\/direito.ufpr.br\/index.php?rest_route=\/wp\/v2\/pages\/54444\/revisions"}],"predecessor-version":[{"id":54461,"href":"https:\/\/direito.ufpr.br\/index.php?rest_route=\/wp\/v2\/pages\/54444\/revisions\/54461"}],"wp:attachment":[{"href":"https:\/\/direito.ufpr.br\/index.php?rest_route=%2Fwp%2Fv2%2Fmedia&parent=54444"}],"curies":[{"name":"wp","href":"https:\/\/api.w.org\/{rel}","templated":true}]}}