{"id":88,"date":"2013-05-28T00:21:33","date_gmt":"2013-05-28T03:21:33","guid":{"rendered":"https:\/\/direito.ufpr.br\/?page_id=88"},"modified":"2025-10-30T15:06:37","modified_gmt":"2025-10-30T18:06:37","slug":"conselho-setorial","status":"publish","type":"page","link":"https:\/\/direito.ufpr.br\/?page_id=88","title":{"rendered":""},"content":{"rendered":"<p><img loading=\"lazy\" decoding=\"async\" class=\"alignnone wp-image-33186 size-full\" src=\"https:\/\/direito.ufpr.br\/wp-content\/uploads\/2021\/12\/Barra_sup_Conselho.jpg\" alt=\"\" width=\"1024\" height=\"200\" srcset=\"https:\/\/direito.ufpr.br\/wp-content\/uploads\/2021\/12\/Barra_sup_Conselho.jpg 1024w, https:\/\/direito.ufpr.br\/wp-content\/uploads\/2021\/12\/Barra_sup_Conselho-300x59.jpg 300w, https:\/\/direito.ufpr.br\/wp-content\/uploads\/2021\/12\/Barra_sup_Conselho-768x150.jpg 768w\" sizes=\"auto, (max-width: 1024px) 100vw, 1024px\" \/><\/p>\n<hr>\n\n\n<p class=\"has-text-align-left\"><a style=\"text-align: center\" title=\"Atas das Reuni\u00f5es do Conselho Setorial\" href=\"https:\/\/direito.ufpr.br\/?page_id=1077\"><strong>Atas das Reuni\u00f5es do Conselho Setorial<\/strong><\/a><\/p>\n\n\n\n<figure class=\"wp-block-table aligncenter\"><table><tbody><tr><td class=\"has-text-align-right\" data-align=\"right\"><strong>REPRESENTANTE<\/strong><\/td><td><strong>CONSELHEIRO(A)<\/strong><\/td><td><strong>T\u00e9rmino do mandato<\/strong><\/td><\/tr><tr><td class=\"has-text-align-right\" data-align=\"right\"><strong>PRESIDENTE<\/strong> &#8211; Diretora do Setor de Ci\u00eancias Jur\u00eddicas<\/td><td><em><em>Prof.\u00aa Dr\u00aa. Melina Girardi Fachin<\/em><\/em><\/td><td><em>04.04.2028<\/em><\/td><\/tr><tr><td class=\"has-text-align-right\" data-align=\"right\">Vice-Diretor do Setor de Ci\u00eancias Jur\u00eddicas<\/td><td><em>Prof. Dr. Rui Carlo Dissenha<\/em><\/td><td><em>04.04.2028<\/em><\/td><\/tr><tr><td class=\"has-text-align-right\" data-align=\"right\">Chefe do Departamento de Direito Civil e Processual Civil<\/td><td><em>Prof\u00aa. Dr\u00aa. Adriana Esp\u00edndola Corr\u00eaa<\/em><\/td><td><em>12.12.2026<\/em><\/td><\/tr><tr><td class=\"has-text-align-right\" data-align=\"right\">Suplente do Chefe do Departamento de Direito Civil e Processual Civil<\/td><td><em>Prof. Dr. Eduardo Talamini<\/em><\/td><td><em>12.12.2026<\/em><\/td><\/tr><tr><td class=\"has-text-align-right\" data-align=\"right\">Chefe do Departamento de Direito Penal e Processual Penal<\/td><td><em>Prof\u00aa. Dr\u00aa. Clara Maria Roman Borges<\/em><\/td><td><em>12.12.2026<\/em><\/td><\/tr><tr><td class=\"has-text-align-right\" data-align=\"right\">Suplente do Chefe do Departamento de Direito Penal e Processual Penal<\/td><td><em>Prof. Dr. Francisco de Assis do Rego Monteiro do Rego Junior<\/em><\/td><td><em>12.12.2026<\/em><\/td><\/tr><tr><td class=\"has-text-align-right\" data-align=\"right\">Chefe do Departamento de Direito Privado<\/td><td><em>Prof. Dr. Marco Aur\u00e9lio Serau Junior<\/em><\/td><td><em>12.12.2026<\/em><\/td><\/tr><tr><td class=\"has-text-align-right\" data-align=\"right\">Suplente do Chefe do Departamento de Direito Privado<\/td><td><em>Prof\u00aa. Dr\u00aa. Tatyana Scheila Friedrich<\/em><\/td><td><em>12.12.2026<\/em><\/td><\/tr><tr><td class=\"has-text-align-right\" data-align=\"right\">Chefe do Departamento de Direito P\u00fablico<\/td><td><em>Prof. Dr. Fabricio Ricardo de Limas Tomio<\/em><\/td><td><em>12.12.2026<\/em><\/td><\/tr><tr><td class=\"has-text-align-right\" data-align=\"right\">Suplente do Chefe do Departamento de Direito P\u00fablico<\/td><td><em>Prof\u00aa. Dr\u00aa. Estef\u00e2nia Maria de Queiroz Barboza<\/em><\/td><td><em>12.12.2026<\/em><\/td><\/tr><tr><td class=\"has-text-align-right\" data-align=\"right\">Chefe do Departamento de Pr\u00e1ticas Jur\u00eddicas<\/td><td><em>Prof\u00aa. Dr\u00aa. Mar\u00edlia Pedroso Xavier<\/em><\/td><td><em>12.12.2026<\/em><\/td><\/tr><tr><td class=\"has-text-align-right\" data-align=\"right\">Suplente do Chefe do Departamento de Pr\u00e1ticas Jur\u00eddicas<\/td><td><em>Prof. Dr.  Leandro Franklin Gorsdorf<\/em><\/td><td><em>12.12.2026<\/em><\/td><\/tr><tr><td class=\"has-text-align-right\" data-align=\"right\">Coordenador do Curso de Gradua\u00e7\u00e3o<\/td><td><em>Prof. Dr. Thiago de Azevedo Pinheiro Hoshino<\/em><\/td><td><em>12.12.2026<\/em><\/td><\/tr><tr><td class=\"has-text-align-right\" data-align=\"right\">Vice-Coordenador do Curso de Gradua\u00e7\u00e3o<\/td><td><em>Prof\u00aa. Dr\u00aa. Katya Regina Isaguirre Torres<\/em><\/td><td><em>12.12.2026<\/em><\/td><\/tr><tr><td class=\"has-text-align-right\" data-align=\"right\">Coordenadora do Curso de P\u00f3s-Gradua\u00e7\u00e3o<\/td><td><em><em>Prof\u00aa. Dr\u00aa. Angela Couto Machado Fonseca<\/em><\/em><\/td><td><em>29.09.2026<\/em><\/td><\/tr><tr><td class=\"has-text-align-right\" data-align=\"right\">Vice-Coordenadora do Curso de P\u00f3s-Gradua\u00e7\u00e3o<\/td><td><em><em>Prof. Dr. Guilherme Brenner Lucchesi<\/em><\/em><\/td><td><em>29.09.2026<\/em><\/td><\/tr><tr><td class=\"has-text-align-right\" data-align=\"right\">Representante Titular T\u00e9cnico-Administrativo<\/td><td><em>Claudia Bittencourt Valle<\/em><\/td><td><em>31.12.2026<\/em><\/td><\/tr><tr><td class=\"has-text-align-right\" data-align=\"right\">Representante Suplente T\u00e9cnico-Administrativo<\/td><td><em>vaga<\/em><\/td><td><em>31.12.2026<\/em><\/td><\/tr><tr><td class=\"has-text-align-right\" data-align=\"right\">Representante Titular T\u00e9cnico-Administrativo<\/td><td><em>Jair Bezerra dos Anjos Silva<\/em><\/td><td><em>31.12.2026<\/em><\/td><\/tr><tr><td class=\"has-text-align-right\" data-align=\"right\">Representante Suplente T\u00e9cnico-Administrativo<\/td><td><em>Guilherme Pereira Venturini<\/em><\/td><td><em>31.12.2026<\/em><\/td><\/tr><tr><td class=\"has-text-align-right\" data-align=\"right\">Representante Discente&nbsp;do CAHS<\/td><td><em><em><em>Joana Ferruzzi de Alencar<\/em><\/em><br>Vict\u00f3ria Vila Nova Selleti<\/em><\/td><td><em>Out.2026<\/em><\/td><\/tr><tr><td class=\"has-text-align-right\" data-align=\"right\">Representante Titular Discente do CRD<\/td><td><em>Enrico Mesti Soares<\/em><\/td><td><em>Ago.2026<\/em><\/td><\/tr><tr><td class=\"has-text-align-right\" data-align=\"right\">Representante Suplente Discente do CRD<\/td><td><em>Julia de Mello Lima<\/em><\/td><td><em>Ago.2026<\/em><\/td><\/tr><tr><td class=\"has-text-align-right\" data-align=\"right\">Representante Titular CEPE<\/td><td><em>Prof\u00aa. Dr\u00aa. Maria Candida Pires Vieira do Amaral Kroetz<\/em><\/td><td><em>28.04.2027<\/em><\/td><\/tr><tr><td class=\"has-text-align-right\" data-align=\"right\">Representante Suplente CEPE<\/td><td><em>Prof\u00aa. Dr\u00aa. Rosalice Fidalgo Pinheiro<\/em><\/td><td><em>28.04.2027<\/em><\/td><\/tr><\/tbody><\/table><\/figure>\n\n\n\n<p>O Conselho Setorial \u00e9 \u00f3rg\u00e3o deliberativo e consultivo que, juntamente \u00e0 Dire\u00e7\u00e3o, administra a Faculdade de Direito. \u00c9 integrado pelo Diretor, seu Presidente, pelo Vice-Diretor, pelos Chefes dos Departamentos e um representante discente, indicado pelo Centro Acad\u00eamico.<\/p>\n\n\n\n<p>Suas atribui\u00e7\u00f5es, nos termos do Regimento Setorial, compreendem:<\/p>\n\n\n\n<p>I. elaborar, por vota\u00e7\u00e3o secreta e uninominal, as listas&nbsp;s\u00eaxtuplas para as nomea\u00e7\u00f5es do Diretor e do Vice-Diretor;<\/p>\n\n\n\n<p>II. eleger, em vota\u00e7\u00e3o secreta, o representante e o suplente da&nbsp;Faculdade no Conselho de Ensino e Pesquisa;<\/p>\n\n\n\n<p>III. elaborar o regimento da Faculdade;<\/p>\n\n\n\n<p>IV. aprovar a proposta or\u00e7ament\u00e1ria da Faculdade, com base na&nbsp;planifica\u00e7\u00e3o dos Departamentos, a ser encaminhada aos \u00f3rg\u00e3os&nbsp;superiores da Universidade;<\/p>\n\n\n\n<p>V. designar as comiss\u00f5es julgadoras de concurso de pessoal&nbsp;docente, dentre os nomes inclu\u00eddos nas listas elaboradas pelos&nbsp;Departamentos;<\/p>\n\n\n\n<p>VI. indicar os representantes da Faculdade em \u00f3rg\u00e3os estranhos&nbsp;\u00e0 Universidade;<\/p>\n\n\n\n<p>VII. opinar sobre conv\u00eanios e aceita\u00e7\u00e3o de legados de doa\u00e7\u00f5es&nbsp;em benef\u00edcio da Faculdade;<\/p>\n\n\n\n<p>VIII. opinar sobre a cria\u00e7\u00e3o, a fus\u00e3o, o desdobramento ou a&nbsp;extin\u00e7\u00e3o de Departamentos;<\/p>\n\n\n\n<p>IX. propor, ao Conselho Universit\u00e1rio, a outorga de t\u00edtulos de&nbsp;professor em\u00e9rito, professor&nbsp;<em>honoris causa<\/em>&nbsp;e doutor&nbsp;<em>honoris causa<\/em>;<\/p>\n\n\n\n<p>X. propor, ao Conselho Universit\u00e1rio, a destitui\u00e7\u00e3o do Diretor ou&nbsp;do Vice-Diretor, nas infra\u00e7\u00f5es apuradas em processo &nbsp;administrativo,&nbsp;pelo voto de 2\/3 (dois ter\u00e7os) dos seus membros, em vota\u00e7\u00e3o secreta;<\/p>\n\n\n\n<p>XI. homologar pareceres das comiss\u00f5es julgadoras dos&nbsp;concursos do pessoal docente e dos monitores, pelo voto da maioria&nbsp;simples, ou rejeit\u00e1-los pelo voto de 2\/3 (dois ter\u00e7os) dos seus membros;<\/p>\n\n\n\n<p>XII. deliberar sobre proposta dos Departamentos quanto a planos&nbsp;de aperfei\u00e7oamento e admiss\u00e3o, autoriza\u00e7\u00e3o de afastamento e rescis\u00e3o&nbsp;de contrato de docentes e discentes;<\/p>\n\n\n\n<p>XIII. decidir os recursos interpostos das decis\u00f5es proferidas pelo&nbsp;Diretor, pelos Departamentos, pelos chefes dos Departamentos, pelos&nbsp;colegiados e pelos coordenadores dos cursos de p\u00f3s-gradua\u00e7\u00e3o;<\/p>\n\n\n\n<p>XIV. decidir os pedidos de reconsidera\u00e7\u00e3o interpostos das suas&nbsp;pr\u00f3prias decis\u00f5es;<\/p>\n\n\n\n<p>XV. opinar em processos de amplia\u00e7\u00e3o e de redu\u00e7\u00e3o do corpo&nbsp;docente;<\/p>\n\n\n\n<p>XVI. deliberar sobre a transfer\u00eancia, tempor\u00e1ria ou permanente, de&nbsp;docentes entre Departamentos;<\/p>\n\n\n\n<p>XVII. pronunciar-se, de of\u00edcio ou a requerimento, sobre qualquer&nbsp;assunto do interesse da organiza\u00e7\u00e3o universit\u00e1ria ou setorial;<\/p>\n\n\n\n<p>XVIII. aprovar os regimentos dos \u00f3rg\u00e3os auxiliares e vinculados;<\/p>\n\n\n\n<p>XIX. deliberar sobre as propostas dos Departamentos a respeito da&nbsp;cria\u00e7\u00e3o, da supress\u00e3o, da fus\u00e3o e do desdobramento de disciplinas,&nbsp;encaminhando-as ao Conselho de Ensino e Pesquisa em caso de&nbsp;aprova\u00e7\u00e3o;<\/p>\n\n\n\n<p>XX. fixar, sob proposta dos Departamentos, o calend\u00e1rio de&nbsp;provas, atendido o espa\u00e7o m\u00ednimo de 48 (quarenta e oito) horas entre&nbsp;elas;<\/p>\n\n\n\n<p>XXI. exercer outras atribui\u00e7\u00f5es previstas em lei, regulamento ou&nbsp;regimento;<\/p>\n\n\n\n<p>XXII. deliberar sobre qualquer assunto trazido \u00e0 sua considera\u00e7\u00e3o&nbsp;pelo Presidente.<\/p>\n","protected":false},"excerpt":{"rendered":"<p>Atas das Reuni\u00f5es do Conselho Setorial REPRESENTANTE CONSELHEIRO(A) T\u00e9rmino do mandato PRESIDENTE &#8211; Diretora do Setor de Ci\u00eancias Jur\u00eddicas Prof.\u00aa Dr\u00aa. Melina Girardi Fachin 04.04.2028 Vice-Diretor do Setor de Ci\u00eancias Jur\u00eddicas Prof. Dr. Rui Carlo Dissenha 04.04.2028 Chefe do Departamento de Direito Civil e Processual Civil Prof\u00aa. Dr\u00aa. Adriana Esp\u00edndola Corr\u00eaa 12.12.2026 Suplente do Chefe [&hellip;]<\/p>\n","protected":false},"author":54,"featured_media":596,"parent":218,"menu_order":4,"comment_status":"closed","ping_status":"closed","template":"","meta":{"_acf_changed":false,"_eb_attr":"","footnotes":""},"class_list":["post-88","page","type-page","status-publish","has-post-thumbnail","hentry"],"acf":[],"_links":{"self":[{"href":"https:\/\/direito.ufpr.br\/index.php?rest_route=\/wp\/v2\/pages\/88","targetHints":{"allow":["GET"]}}],"collection":[{"href":"https:\/\/direito.ufpr.br\/index.php?rest_route=\/wp\/v2\/pages"}],"about":[{"href":"https:\/\/direito.ufpr.br\/index.php?rest_route=\/wp\/v2\/types\/page"}],"author":[{"embeddable":true,"href":"https:\/\/direito.ufpr.br\/index.php?rest_route=\/wp\/v2\/users\/54"}],"replies":[{"embeddable":true,"href":"https:\/\/direito.ufpr.br\/index.php?rest_route=%2Fwp%2Fv2%2Fcomments&post=88"}],"version-history":[{"count":66,"href":"https:\/\/direito.ufpr.br\/index.php?rest_route=\/wp\/v2\/pages\/88\/revisions"}],"predecessor-version":[{"id":53645,"href":"https:\/\/direito.ufpr.br\/index.php?rest_route=\/wp\/v2\/pages\/88\/revisions\/53645"}],"up":[{"embeddable":true,"href":"https:\/\/direito.ufpr.br\/index.php?rest_route=\/wp\/v2\/pages\/218"}],"wp:featuredmedia":[{"embeddable":true,"href":"https:\/\/direito.ufpr.br\/index.php?rest_route=\/wp\/v2\/media\/596"}],"wp:attachment":[{"href":"https:\/\/direito.ufpr.br\/index.php?rest_route=%2Fwp%2Fv2%2Fmedia&parent=88"}],"curies":[{"name":"wp","href":"https:\/\/api.w.org\/{rel}","templated":true}]}}

<p><img loading="lazy" decoding="async" class="alignnone wp-image-33186 size-full" src="https://direito.ufpr.br/wp-content/uploads/2021/12/Barra_sup_Conselho.jpg" alt="" width="1024" height="200" srcset="https://direito.ufpr.br/wp-content/uploads/2021/12/Barra_sup_Conselho.jpg 1024w, https://direito.ufpr.br/wp-content/uploads/2021/12/Barra_sup_Conselho-300x59.jpg 300w, https://direito.ufpr.br/wp-content/uploads/2021/12/Barra_sup_Conselho-768x150.jpg 768w" sizes="auto, (max-width: 1024px) 100vw, 1024px" /></p>
<hr>


<p class="has-text-align-left"><a style="text-align: center" title="Atas das Reuniões do Conselho Setorial" href="https://direito.ufpr.br/?page_id=1077"><strong>Atas das Reuniões do Conselho Setorial</strong></a></p>



<figure class="wp-block-table aligncenter"><table><tbody><tr><td class="has-text-align-right" data-align="right"><strong>REPRESENTANTE</strong></td><td><strong>CONSELHEIRO(A)</strong></td><td><strong>Término do mandato</strong></td></tr><tr><td class="has-text-align-right" data-align="right"><strong>PRESIDENTE</strong> &#8211; Diretora do Setor de Ciências Jurídicas</td><td><em><em>Prof.ª Drª. Melina Girardi Fachin</em></em></td><td><em>04.04.2028</em></td></tr><tr><td class="has-text-align-right" data-align="right">Vice-Diretor do Setor de Ciências Jurídicas</td><td><em>Prof. Dr. Rui Carlo Dissenha</em></td><td><em>04.04.2028</em></td></tr><tr><td class="has-text-align-right" data-align="right">Chefe do Departamento de Direito Civil e Processual Civil</td><td><em>Profª. Drª. Adriana Espíndola Corrêa</em></td><td><em>12.12.2026</em></td></tr><tr><td class="has-text-align-right" data-align="right">Suplente do Chefe do Departamento de Direito Civil e Processual Civil</td><td><em>Prof. Dr. Eduardo Talamini</em></td><td><em>12.12.2026</em></td></tr><tr><td class="has-text-align-right" data-align="right">Chefe do Departamento de Direito Penal e Processual Penal</td><td><em>Profª. Drª. Clara Maria Roman Borges</em></td><td><em>12.12.2026</em></td></tr><tr><td class="has-text-align-right" data-align="right">Suplente do Chefe do Departamento de Direito Penal e Processual Penal</td><td><em>Prof. Dr. Francisco de Assis do Rego Monteiro do Rego Junior</em></td><td><em>12.12.2026</em></td></tr><tr><td class="has-text-align-right" data-align="right">Chefe do Departamento de Direito Privado</td><td><em>Prof. Dr. Marco Aurélio Serau Junior</em></td><td><em>12.12.2026</em></td></tr><tr><td class="has-text-align-right" data-align="right">Suplente do Chefe do Departamento de Direito Privado</td><td><em>Profª. Drª. Tatyana Scheila Friedrich</em></td><td><em>12.12.2026</em></td></tr><tr><td class="has-text-align-right" data-align="right">Chefe do Departamento de Direito Público</td><td><em>Prof. Dr. Fabricio Ricardo de Limas Tomio</em></td><td><em>12.12.2026</em></td></tr><tr><td class="has-text-align-right" data-align="right">Suplente do Chefe do Departamento de Direito Público</td><td><em>Profª. Drª. Estefânia Maria de Queiroz Barboza</em></td><td><em>12.12.2026</em></td></tr><tr><td class="has-text-align-right" data-align="right">Chefe do Departamento de Práticas Jurídicas</td><td><em>Profª. Drª. Marília Pedroso Xavier</em></td><td><em>12.12.2026</em></td></tr><tr><td class="has-text-align-right" data-align="right">Suplente do Chefe do Departamento de Práticas Jurídicas</td><td><em>Prof. Dr.  Leandro Franklin Gorsdorf</em></td><td><em>12.12.2026</em></td></tr><tr><td class="has-text-align-right" data-align="right">Coordenador do Curso de Graduação</td><td><em>Prof. Dr. Thiago de Azevedo Pinheiro Hoshino</em></td><td><em>12.12.2026</em></td></tr><tr><td class="has-text-align-right" data-align="right">Vice-Coordenador do Curso de Graduação</td><td><em>Profª. Drª. Katya Regina Isaguirre Torres</em></td><td><em>12.12.2026</em></td></tr><tr><td class="has-text-align-right" data-align="right">Coordenadora do Curso de Pós-Graduação</td><td><em><em>Profª. Drª. Angela Couto Machado Fonseca</em></em></td><td><em>29.09.2026</em></td></tr><tr><td class="has-text-align-right" data-align="right">Vice-Coordenadora do Curso de Pós-Graduação</td><td><em><em>Prof. Dr. Guilherme Brenner Lucchesi</em></em></td><td><em>29.09.2026</em></td></tr><tr><td class="has-text-align-right" data-align="right">Representante Titular Técnico-Administrativo</td><td><em>Claudia Bittencourt Valle</em></td><td><em>31.12.2026</em></td></tr><tr><td class="has-text-align-right" data-align="right">Representante Suplente Técnico-Administrativo</td><td><em>vaga</em></td><td><em>31.12.2026</em></td></tr><tr><td class="has-text-align-right" data-align="right">Representante Titular Técnico-Administrativo</td><td><em>Jair Bezerra dos Anjos Silva</em></td><td><em>31.12.2026</em></td></tr><tr><td class="has-text-align-right" data-align="right">Representante Suplente Técnico-Administrativo</td><td><em>Guilherme Pereira Venturini</em></td><td><em>31.12.2026</em></td></tr><tr><td class="has-text-align-right" data-align="right">Representante Discente&nbsp;do CAHS</td><td><em><em><em>Joana Ferruzzi de Alencar</em></em><br>Victória Vila Nova Selleti</em></td><td><em>Out.2026</em></td></tr><tr><td class="has-text-align-right" data-align="right">Representante Titular Discente do CRD</td><td><em>Enrico Mesti Soares</em></td><td><em>Ago.2026</em></td></tr><tr><td class="has-text-align-right" data-align="right">Representante Suplente Discente do CRD</td><td><em>Julia de Mello Lima</em></td><td><em>Ago.2026</em></td></tr><tr><td class="has-text-align-right" data-align="right">Representante Titular CEPE</td><td><em>Profª. Drª. Maria Candida Pires Vieira do Amaral Kroetz</em></td><td><em>28.04.2027</em></td></tr><tr><td class="has-text-align-right" data-align="right">Representante Suplente CEPE</td><td><em>Profª. Drª. Rosalice Fidalgo Pinheiro</em></td><td><em>28.04.2027</em></td></tr></tbody></table></figure>



<p>O Conselho Setorial é órgão deliberativo e consultivo que, juntamente à Direção, administra a Faculdade de Direito. É integrado pelo Diretor, seu Presidente, pelo Vice-Diretor, pelos Chefes dos Departamentos e um representante discente, indicado pelo Centro Acadêmico.</p>



<p>Suas atribuições, nos termos do Regimento Setorial, compreendem:</p>



<p>I. elaborar, por votação secreta e uninominal, as listas&nbsp;sêxtuplas para as nomeações do Diretor e do Vice-Diretor;</p>



<p>II. eleger, em votação secreta, o representante e o suplente da&nbsp;Faculdade no Conselho de Ensino e Pesquisa;</p>



<p>III. elaborar o regimento da Faculdade;</p>



<p>IV. aprovar a proposta orçamentária da Faculdade, com base na&nbsp;planificação dos Departamentos, a ser encaminhada aos órgãos&nbsp;superiores da Universidade;</p>



<p>V. designar as comissões julgadoras de concurso de pessoal&nbsp;docente, dentre os nomes incluídos nas listas elaboradas pelos&nbsp;Departamentos;</p>



<p>VI. indicar os representantes da Faculdade em órgãos estranhos&nbsp;à Universidade;</p>



<p>VII. opinar sobre convênios e aceitação de legados de doações&nbsp;em benefício da Faculdade;</p>



<p>VIII. opinar sobre a criação, a fusão, o desdobramento ou a&nbsp;extinção de Departamentos;</p>



<p>IX. propor, ao Conselho Universitário, a outorga de títulos de&nbsp;professor emérito, professor&nbsp;<em>honoris causa</em>&nbsp;e doutor&nbsp;<em>honoris causa</em>;</p>



<p>X. propor, ao Conselho Universitário, a destituição do Diretor ou&nbsp;do Vice-Diretor, nas infrações apuradas em processo &nbsp;administrativo,&nbsp;pelo voto de 2/3 (dois terços) dos seus membros, em votação secreta;</p>



<p>XI. homologar pareceres das comissões julgadoras dos&nbsp;concursos do pessoal docente e dos monitores, pelo voto da maioria&nbsp;simples, ou rejeitá-los pelo voto de 2/3 (dois terços) dos seus membros;</p>



<p>XII. deliberar sobre proposta dos Departamentos quanto a planos&nbsp;de aperfeiçoamento e admissão, autorização de afastamento e rescisão&nbsp;de contrato de docentes e discentes;</p>



<p>XIII. decidir os recursos interpostos das decisões proferidas pelo&nbsp;Diretor, pelos Departamentos, pelos chefes dos Departamentos, pelos&nbsp;colegiados e pelos coordenadores dos cursos de pós-graduação;</p>



<p>XIV. decidir os pedidos de reconsideração interpostos das suas&nbsp;próprias decisões;</p>



<p>XV. opinar em processos de ampliação e de redução do corpo&nbsp;docente;</p>



<p>XVI. deliberar sobre a transferência, temporária ou permanente, de&nbsp;docentes entre Departamentos;</p>



<p>XVII. pronunciar-se, de ofício ou a requerimento, sobre qualquer&nbsp;assunto do interesse da organização universitária ou setorial;</p>



<p>XVIII. aprovar os regimentos dos órgãos auxiliares e vinculados;</p>



<p>XIX. deliberar sobre as propostas dos Departamentos a respeito da&nbsp;criação, da supressão, da fusão e do desdobramento de disciplinas,&nbsp;encaminhando-as ao Conselho de Ensino e Pesquisa em caso de&nbsp;aprovação;</p>



<p>XX. fixar, sob proposta dos Departamentos, o calendário de&nbsp;provas, atendido o espaço mínimo de 48 (quarenta e oito) horas entre&nbsp;elas;</p>



<p>XXI. exercer outras atribuições previstas em lei, regulamento ou&nbsp;regimento;</p>



<p>XXII. deliberar sobre qualquer assunto trazido à sua consideração&nbsp;pelo Presidente.</p>

<p>Atas das Reuniões do Conselho Setorial REPRESENTANTE CONSELHEIRO(A) Término do mandato PRESIDENTE &#8211; Diretora do Setor de Ciências Jurídicas Prof.ª Drª. Melina Girardi Fachin 04.04.2028 Vice-Diretor do Setor de Ciências Jurídicas Prof. Dr. Rui Carlo Dissenha 04.04.2028 Chefe do Departamento de Direito Civil e Processual Civil Profª. Drª. Adriana Espíndola Corrêa 12.12.2026 Suplente do Chefe [&hellip;]</p>
