{"id":9456,"date":"2013-08-19T20:04:09","date_gmt":"2013-08-19T20:04:09","guid":{"rendered":"https:\/\/direito.ufpr.br\/graduacao\/?page_id=577"},"modified":"2021-12-29T10:29:07","modified_gmt":"2021-12-29T13:29:07","slug":"normas-npj","status":"publish","type":"page","link":"https:\/\/direito.ufpr.br\/?page_id=9456","title":{"rendered":""},"content":{"rendered":"<p><img loading=\"lazy\" decoding=\"async\" class=\"alignnone wp-image-33798 size-full\" src=\"https:\/\/direito.ufpr.br\/wp-content\/uploads\/2021\/12\/Barra-superior_normas_NPJ.jpg\" alt=\"\" width=\"1024\" height=\"200\" srcset=\"https:\/\/direito.ufpr.br\/wp-content\/uploads\/2021\/12\/Barra-superior_normas_NPJ.jpg 1024w, https:\/\/direito.ufpr.br\/wp-content\/uploads\/2021\/12\/Barra-superior_normas_NPJ-300x59.jpg 300w, https:\/\/direito.ufpr.br\/wp-content\/uploads\/2021\/12\/Barra-superior_normas_NPJ-768x150.jpg 768w\" sizes=\"auto, (max-width: 1024px) 100vw, 1024px\" \/><\/p>\n<hr \/>\n<ul>\n<li><strong>Regimento do N\u00facleo de Pr\u00e1tica Jur\u00eddica<\/strong><\/li>\n<\/ul>\n<p><a title=\"RESOLU\u00c7\u00c3O 01-12-JD-DIR\" href=\"https:\/\/direito.ufpr.br\/wp-content\/uploads\/2014\/01\/RES.-01-12-JD-DIR-1.pdf\" target=\"_blank\" rel=\"noopener noreferrer\">Resolu\u00e7\u00e3o 01\/12-JD-DIR<\/a> &#8211; Regulamenta o funcionamento do N\u00facleo de Pr\u00e1tica Jur\u00eddica como \u00f3rg\u00e3o suplementar do Setor de Ci\u00eancias Jur\u00eddicas.<\/p>\n<ul>\n<li><strong>Resolu\u00e7\u00f5es<\/strong><\/li>\n<\/ul>\n<p><a title=\"RESOLU\u00c7\u00c3O-01-14-horas-de-extensao\" href=\"https:\/\/direito.ufpr.br\/wp-content\/uploads\/2014\/02\/RESOLU\u00c7\u00c3O-01-14-horas-de-extensao-1.pdf\" target=\"_blank\" rel=\"noopener noreferrer\">Resolu\u00e7\u00e3o 01\/14-NPJ<\/a> &#8211; Regulamenta a comprova\u00e7\u00e3o do cumprimento das horas em atividades de extens\u00e3o<\/p>\n<p><a title=\"RESOLU\u00c7\u00c3O-002-14-HORAS-EM-AUDI\u00caNCIA-E-SESS\u00d5ES-DE-JULGAMENTO\" href=\"https:\/\/direito.ufpr.br\/wp-content\/uploads\/2014\/02\/RESOLU\u00c7\u00c3O-002-14-HORAS-EM-AUDI\u00caNCIA-E-SESS\u00d5ES-DE-JULGAMENTO-1.pdf\" target=\"_blank\" rel=\"noopener noreferrer\">Resolu\u00e7\u00e3o 02\/14-NPJ<\/a> &#8211; Regulamenta a comprova\u00e7\u00e3o do cumprimento das horas em audi\u00eancia e sess\u00f5es de julgamento<\/p>\n<ul>\n<li><strong>Portarias<\/strong><\/li>\n<\/ul>\n<p><a href=\"https:\/\/direito.ufpr.br\/wp-content\/uploads\/2013\/08\/Portaria-01-17-NPJ-2.pdf\">Portaria 01\/17 &#8211; NPJ<\/a> &#8211; Regulamenta a entrega do relat\u00f3rio da disciplina de Pr\u00e1tica Jur\u00eddica<\/p>\n","protected":false},"excerpt":{"rendered":"<p>Regimento do N\u00facleo de Pr\u00e1tica Jur\u00eddica Resolu\u00e7\u00e3o 01\/12-JD-DIR &#8211; Regulamenta o funcionamento do N\u00facleo de Pr\u00e1tica Jur\u00eddica como \u00f3rg\u00e3o suplementar do Setor de Ci\u00eancias Jur\u00eddicas. Resolu\u00e7\u00f5es Resolu\u00e7\u00e3o 01\/14-NPJ &#8211; Regulamenta a comprova\u00e7\u00e3o do cumprimento das horas em atividades de extens\u00e3o Resolu\u00e7\u00e3o 02\/14-NPJ &#8211; Regulamenta a comprova\u00e7\u00e3o do cumprimento das horas em audi\u00eancia e sess\u00f5es de [&hellip;]<\/p>\n","protected":false},"author":3,"featured_media":0,"parent":9431,"menu_order":0,"comment_status":"open","ping_status":"open","template":"npj.php","meta":{"_acf_changed":false,"_eb_attr":"","footnotes":""},"class_list":["post-9456","page","type-page","status-publish","hentry"],"acf":[],"_links":{"self":[{"href":"https:\/\/direito.ufpr.br\/index.php?rest_route=\/wp\/v2\/pages\/9456","targetHints":{"allow":["GET"]}}],"collection":[{"href":"https:\/\/direito.ufpr.br\/index.php?rest_route=\/wp\/v2\/pages"}],"about":[{"href":"https:\/\/direito.ufpr.br\/index.php?rest_route=\/wp\/v2\/types\/page"}],"author":[{"embeddable":true,"href":"https:\/\/direito.ufpr.br\/index.php?rest_route=\/wp\/v2\/users\/3"}],"replies":[{"embeddable":true,"href":"https:\/\/direito.ufpr.br\/index.php?rest_route=%2Fwp%2Fv2%2Fcomments&post=9456"}],"version-history":[{"count":5,"href":"https:\/\/direito.ufpr.br\/index.php?rest_route=\/wp\/v2\/pages\/9456\/revisions"}],"predecessor-version":[{"id":33804,"href":"https:\/\/direito.ufpr.br\/index.php?rest_route=\/wp\/v2\/pages\/9456\/revisions\/33804"}],"up":[{"embeddable":true,"href":"https:\/\/direito.ufpr.br\/index.php?rest_route=\/wp\/v2\/pages\/9431"}],"wp:attachment":[{"href":"https:\/\/direito.ufpr.br\/index.php?rest_route=%2Fwp%2Fv2%2Fmedia&parent=9456"}],"curies":[{"name":"wp","href":"https:\/\/api.w.org\/{rel}","templated":true}]}}

<p><img loading="lazy" decoding="async" class="alignnone wp-image-33798 size-full" src="https://direito.ufpr.br/wp-content/uploads/2021/12/Barra-superior_normas_NPJ.jpg" alt="" width="1024" height="200" srcset="https://direito.ufpr.br/wp-content/uploads/2021/12/Barra-superior_normas_NPJ.jpg 1024w, https://direito.ufpr.br/wp-content/uploads/2021/12/Barra-superior_normas_NPJ-300x59.jpg 300w, https://direito.ufpr.br/wp-content/uploads/2021/12/Barra-superior_normas_NPJ-768x150.jpg 768w" sizes="auto, (max-width: 1024px) 100vw, 1024px" /></p>
<hr />
<ul>
<li><strong>Regimento do Núcleo de Prática Jurídica</strong></li>
</ul>
<p><a title="RESOLUÇÃO 01-12-JD-DIR" href="https://direito.ufpr.br/wp-content/uploads/2014/01/RES.-01-12-JD-DIR-1.pdf" target="_blank" rel="noopener noreferrer">Resolução 01/12-JD-DIR</a> &#8211; Regulamenta o funcionamento do Núcleo de Prática Jurídica como órgão suplementar do Setor de Ciências Jurídicas.</p>
<ul>
<li><strong>Resoluções</strong></li>
</ul>
<p><a title="RESOLUÇÃO-01-14-horas-de-extensao" href="https://direito.ufpr.br/wp-content/uploads/2014/02/RESOLUÇÃO-01-14-horas-de-extensao-1.pdf" target="_blank" rel="noopener noreferrer">Resolução 01/14-NPJ</a> &#8211; Regulamenta a comprovação do cumprimento das horas em atividades de extensão</p>
<p><a title="RESOLUÇÃO-002-14-HORAS-EM-AUDIÊNCIA-E-SESSÕES-DE-JULGAMENTO" href="https://direito.ufpr.br/wp-content/uploads/2014/02/RESOLUÇÃO-002-14-HORAS-EM-AUDIÊNCIA-E-SESSÕES-DE-JULGAMENTO-1.pdf" target="_blank" rel="noopener noreferrer">Resolução 02/14-NPJ</a> &#8211; Regulamenta a comprovação do cumprimento das horas em audiência e sessões de julgamento</p>
<ul>
<li><strong>Portarias</strong></li>
</ul>
<p><a href="https://direito.ufpr.br/wp-content/uploads/2013/08/Portaria-01-17-NPJ-2.pdf">Portaria 01/17 &#8211; NPJ</a> &#8211; Regulamenta a entrega do relatório da disciplina de Prática Jurídica</p>

<p>Regimento do Núcleo de Prática Jurídica Resolução 01/12-JD-DIR &#8211; Regulamenta o funcionamento do Núcleo de Prática Jurídica como órgão suplementar do Setor de Ciências Jurídicas. Resoluções Resolução 01/14-NPJ &#8211; Regulamenta a comprovação do cumprimento das horas em atividades de extensão Resolução 02/14-NPJ &#8211; Regulamenta a comprovação do cumprimento das horas em audiência e sessões de [&hellip;]</p>
